000
CXUS52 KTAE 270229
CF6ECP
PRELIMINARY LOCAL CLIMATOLOGICAL DATA (WS FORM: F-6)

                                          STATION:   PANAMA CITY NW
                                          MONTH:     FEBRUARY
                                          YEAR:      2015
                                          LATITUDE:   30 21 N
                                          LONGITUDE:  85 48 W

  TEMPERATURE IN F:       :PCPN:    SNOW:  WIND      :SUNSHINE: SKY     :PK WND
================================================================================
1   2   3   4   5  6A  6B    7    8   9   10  11  12  13   14  15   16   17  18
                                     12Z  AVG MX 2MIN
DY MAX MIN AVG DEP HDD CDD  WTR  SNW DPTH SPD SPD DIR MIN PSBL S-S WX    SPD DR
================================================================================

 1  67  46  57   M   8   0 1.02  0.0    0  9.2 21 140   M    M   7 1      29 130
 2  67  36  52   M  13   0 0.01  0.0    0 12.1 25 320   M    M   4 1      31 300
 3  50  31  41   M  24   0 0.00  0.0    0  5.5 13  10   M    M   0        16  30
 4  49  43  46   M  19   0 1.13  0.0    0  6.4 14 330   M    M   9 1      18  30
 5  62  43  53   M  12   0 0.03  0.0    0 11.3 21 350   M    M   3 1      25 350
 6  63  33  48   M  17   0 0.00  0.0    0  3.5 14 340   M    M   0        21 290
 7  64  33  49   M  16   0 0.00  0.0    0  2.4  M   M   M    M   0         M  M
 8  68  38  53   M  12   0 0.00  0.0    0  3.5 14 160   M    M   4 12     20 160
 9  72  49  61   M   4   0 0.00  0.0    0  5.8 20 200   M    M   5 128    28 200
10  59  39  49   M  16   0 0.00  0.0    0 10.6 20 350   M    M   0 8      28  10
11  61  34  48   M  17   0 0.00  0.0    0  3.1 13 170   M    M   0        16 150
12  67  40  54   M  11   0 0.00  0.0    0  9.2 20 320   M    M   0        24 330
13  52  29  41   M  24   0 0.00  0.0    0  6.4 16 340   M    M   0 8      24 360
14  63  30  47   M  18   0 0.00  0.0    0  6.7 18 220   M    M   1 8      23 200
15  68  48  58   M   7   0 0.00  0.0    0   M   M   M   M    M   0 1       M  M
16  68  51  60   M   5   0 0.10  0.0    0 12.0 24 190   M    M   7 1      32 170
17  67  33  50   M  15   0 0.09  0.0    0 10.9 28 200   M    M   7 1      36 200
18  55  28  42   M  23   0 0.00  0.0    0  9.8 25 300   M    M   0        32 280
19  46  25  36   M  29   0 0.00  0.0    0  6.4 20 330   M    M   0        28 300
20  51  24  38   M  27   0 0.00  0.0    0  5.7 20  50   M    M   0        25 100
21  66  37  52   M  13   0 0.00  0.0    0 11.5 25 150   M    M   2        33 150
22  72  61  67   M   0   2 0.05  0.0    0  8.1 16  80   M    M  10 12     22 130
23  67  46  57   M   8   0 0.07  0.0    0  7.6 20 330   M    M   8 12     24 330
24  52  45  49   M  16   0 0.00  0.0    0  6.9 13 310   M    M   9 1      24 340
25  50  44  47   M  18   0 1.31  0.0    0  7.1 24 320   M    M  10 18     30 320
================================================================================
SM 1526  966       372   2  3.81     0.0 181.7          M       86
================================================================================
AV 61.0 38.6                               7.6 FASTST   M    M   3    MAX(MPH)
                                 MISC ---->  # 28 200               # 36  200
================================================================================
NOTES:
# LAST OF SEVERAL OCCURRENCES

COLUMN 17 PEAK WIND IN M.P.H.

PRELIMINARY LOCAL CLIMATOLOGICAL DATA (WS FORM: F-6) , PAGE 2

                                          STATION:  PANAMA CITY NW
                                          MONTH:    FEBRUARY
                                          YEAR:     2015
                                          LATITUDE:   30 21 N
                                          LONGITUDE:  85 48 W

[TEMPERATURE DATA]      [PRECIPITATION DATA]       SYMBOLS USED IN COLUMN 16

AVERAGE MONTHLY: 49.8   TOTAL FOR MONTH:   3.81    1 = FOG OR MIST
DPTR FM NORMAL:     M   DPTR FM NORMAL:       M    2 = FOG REDUCING VISIBILITY
HIGHEST:    72 ON 22, 9 GRTST 24HR  1.31 ON 25-25      TO 1/4 MILE OR LESS
LOWEST:     24 ON 20                               3 = THUNDER
                        SNOW, ICE PELLETS, HAIL    4 = ICE PELLETS
                        TOTAL MONTH:   0.0 INCH    5 = HAIL
                        GRTST 24HR     0.0         6 = FREEZING RAIN OR DRIZZLE
                        GRTST DEPTH:   0           7 = DUSTSTORM OR SANDSTORM:
                                                       VSBY 1/2 MILE OR LESS
                                                   8 = SMOKE OR HAZE
[NO. OF DAYS WITH]      [WEATHER - DAYS WITH]      9 = BLOWING SNOW
                                                   X = TORNADO
MAX 32 OR BELOW:   0    0.01 INCH OR MORE:   9
MAX 90 OR ABOVE:   0    0.10 INCH OR MORE:   4
MIN 32 OR BELOW:   6    0.50 INCH OR MORE:   3
MIN  0 OR BELOW:   0    1.00 INCH OR MORE:   3

[HDD (BASE 65) ]
TOTAL THIS MO.   372    CLEAR  (SCALE 0-3)  14
DPTR FM NORMAL     M    PTCLDY (SCALE 4-7)   7
TOTAL FM JUL 1  1334    CLOUDY (SCALE 8-10)  4
DPTR FM NORMAL     M

[CDD (BASE 65) ]
TOTAL THIS MO.     2
DPTR FM NORMAL     M    [PRESSURE DATA]
TOTAL FM JAN 1     5    HIGHEST SLP M ON M
DPTR FM NORMAL     M    LOWEST  SLP 29.60 ON 25

[REMARKS]
