000
CXUS54 KBMX 191111
CF6EET
PRELIMINARY LOCAL CLIMATOLOGICAL DATA (WS FORM: F-6)

                                          STATION:   SHELBY COUNTY AIRPORT
                                          MONTH:     OCTOBER
                                          YEAR:      2017
                                          LATITUDE:   33 10 N
                                          LONGITUDE:  86 47 W

  TEMPERATURE IN F:       :PCPN:    SNOW:  WIND      :SUNSHINE: SKY     :PK WND
================================================================================
1   2   3   4   5  6A  6B    7    8   9   10  11  12  13   14  15   16   17  18
                                     12Z  AVG MX 2MIN
DY MAX MIN AVG DEP HDD CDD  WTR  SNW DPTH SPD SPD DIR MIN PSBL S-S WX    SPD DR
================================================================================

 1  77  63  70   1   0   5 0.00  0.0    0  6.0 15 120   M    M   2        22 120
 2  75  66  71   2   0   6 0.00  0.0    0  5.5 13  70   M    M   9        21 100
 3  83  65  74   6   0   9 0.00  0.0    0  5.2 13 100   M    M   2        18 100
 4  83  61  72   4   0   7 0.00  0.0    0  2.8 10  90   M    M   1        14 100
 5  84  60  72   4   0   7 0.00  0.0    0  2.5  8  90   M    M   0        14  50
 6  86  62  74   7   0   9 0.00  0.0    0  3.4 10 140   M    M   0        18 140
 7  82  70  76   9   0  11 0.46  0.0    0  5.3 12 160   M    M   8 13     17 170
 8  78  75  77  11   0  12 2.88  0.0    0  9.2 25 160   M    M  10 1      40 160
 9  81  74  78  12   0  13 0.06  0.0    0  1.4 13 170   M    M   7 1      18 160
10   M   M   M   M   M   M 0.00  0.0    0   M   M   M   M    M   8 1       M  M
11  87  68  78  13   0  13 0.00  0.0    M  5.1 13 310   M    M   2        15 310
12  84  63  74   9   0   9 0.00  0.0    0  2.6  8 320   M    M   2 1      12 320
13  89  62  76  11   0  11 0.00  0.0    0  1.3  8 150   M    M   1        10 100
14  76  68  72   8   0   7 0.00  0.0    0  3.0  8 120   M    M   6        12  70
15  86  67  77  13   0  12 0.21  0.0    0  3.0 14 350   M    M   5 13     21 340
16  70  54  62  -2   3   0 0.18  0.0    0  7.3 15 360   M    M   4 1      23 350
17  71  50  61  -2   4   0 0.00  0.0    0  3.1 10  70   M    M   0        18 110
18  74  49  62  -1   3   0 0.00  0.0    0  2.4 13 120   M    M   0        18 130
================================================================================
SM 1366 1077        10 131  3.79     0.0  69.1          M       67
================================================================================
AV 80.4 63.4                               4.1 FASTST   M    M   4    MAX(MPH)
                                 MISC ---->  # 25 160               # 40  160
================================================================================
NOTES:
# LAST OF SEVERAL OCCURRENCES

COLUMN 17 PEAK WIND IN M.P.H.

PRELIMINARY LOCAL CLIMATOLOGICAL DATA (WS FORM: F-6) , PAGE 2

                                          STATION:  SHELBY COUNTY AIRPORT
                                          MONTH:    OCTOBER
                                          YEAR:     2017
                                          LATITUDE:   33 10 N
                                          LONGITUDE:  86 47 W

[TEMPERATURE DATA]      [PRECIPITATION DATA]       SYMBOLS USED IN COLUMN 16

AVERAGE MONTHLY: 71.9   TOTAL FOR MONTH:   3.79    1 = FOG OR MIST
DPTR FM NORMAL:   5.9   DPTR FM NORMAL:    2.06    2 = FOG REDUCING VISIBILITY
HIGHEST:    89 ON 13    GRTST 24HR  3.34 ON  7- 8      TO 1/4 MILE OR LESS
LOWEST:     49 ON 18                               3 = THUNDER
                        SNOW, ICE PELLETS, HAIL    4 = ICE PELLETS
                        TOTAL MONTH:   0.0 INCH    5 = HAIL
                        GRTST 24HR     0.0         6 = FREEZING RAIN OR DRIZZLE
                        GRTST DEPTH:   0           7 = DUSTSTORM OR SANDSTORM:
                                                       VSBY 1/2 MILE OR LESS
                                                   8 = SMOKE OR HAZE
[NO. OF DAYS WITH]      [WEATHER - DAYS WITH]      9 = BLOWING SNOW
                                                   X = TORNADO
MAX 32 OR BELOW:   0    0.01 INCH OR MORE:   5
MAX 90 OR ABOVE:   0    0.10 INCH OR MORE:   4
MIN 32 OR BELOW:   0    0.50 INCH OR MORE:   1
MIN  0 OR BELOW:   0    1.00 INCH OR MORE:   1

[HDD (BASE 65) ]
TOTAL THIS MO.    10    CLEAR  (SCALE 0-3)  10
DPTR FM NORMAL   -32    PTCLDY (SCALE 4-7)   6
TOTAL FM JUL 1    18    CLOUDY (SCALE 8-10)  2
DPTR FM NORMAL   -31

[CDD (BASE 65) ]
TOTAL THIS MO.   131
DPTR FM NORMAL    73    [PRESSURE DATA]
TOTAL FM JAN 1  2228    HIGHEST SLP M ON M
DPTR FM NORMAL   286    LOWEST  SLP 29.51 ON  8

[REMARKS]
