000
CXUS56 KEKA 251230
CF6EKA
PRELIMINARY LOCAL CLIMATOLOGICAL DATA (WS FORM: F-6)

                                          STATION:   EUREKA CA
                                          MONTH:     DECEMBER
                                          YEAR:      2014
                                          LATITUDE:   40 47 N
                                          LONGITUDE: 124 10 W

  TEMPERATURE IN F:       :PCPN:    SNOW:  WIND      :SUNSHINE: SKY     :PK WND
================================================================================
1   2   3   4   5  6A  6B    7    8   9   10  11  12  13   14  15   16   17  18
                                     12Z  AVG MX 2MIN
DY MAX MIN AVG DEP HDD CDD  WTR  SNW DPTH SPD SPD DIR MIN PSBL S-S WX    SPD DR
================================================================================

 1  69  49  59  10   6   0 0.00    M    0  2.2 13 180   M    M   8        21  M
 2  58  50  54   6  11   0 0.13  0.0    0  0.9  6 250   M    M  10        10  M
 3  64  51  58  10   7   0 0.29  0.0    0  4.6 12 260   M    M  10        21 170
 4  66  52  59  11   6   0 0.00  0.0    0  7.4 13 180   M    M   5        23 200
 5  67  53  60  12   5   0 1.25  0.0    0  9.6 16 180   M    M  10        31 180
 6  60  46  53   5  12   0 0.01  0.0    0  2.9 12 180   M    M  10        16  M
 7  67  46  57   9   8   0 0.32    M    0  8.1 14 170   M    M  10        35 180
 8  66  56  61  13   4   0 0.00  0.0    0  7.3 12 170   M    M   9        23  M
 9  67  62  65  17   0   0 0.00  0.0    0 10.5 14 170   M    M  10        32  M
10  64  56  60  12   5   0 1.17  0.0    0 13.6 20 180   M    M  10 1      36 180
11  63  50  57   9   8   0 1.27  0.0    0 10.6 29 170   M    M   8        47 170
12  57  42  50   2  15   0 0.42  0.0    0  1.6 13 340   M    M   9        20 340
13  55  38  47  -1  18   0 0.00  0.0    0  1.7  7 110   M    M   5 1      10 110
14  58  44  51   3  14   0    T  0.0    0  6.9 15 180   M    M  10        33 130
15  57  47  52   4  13   0 0.21    M    0  6.5 14 170   M    M  10        21 170
16  58  49  54   6  11   0 0.34  0.0    0 13.0 20 150   M    M  10 1      35 170
17  55  49  52   4  13   0 0.42  0.0    0  7.5 14 260   M    M  10 1      25 260
18  60  52  56   8   9   0 0.40  0.0    0 10.9 14 180   M    M   9        31 180
19  60  50  55   7  10   0 0.31  0.0    0  5.8  9 180   M    M  10        14  M
20  57  51  54   6  11   0 1.38  0.0    0  7.5 12 180   M    M  10 1      22 180
21  59  57  58  10   7   0 0.92  0.0    0  4.5  9 260   M    M  10 1      12  M
22  58  55  57   9   8   0 0.11  0.0    0  1.8  7 360   M    M  10 1      10  M
23  55  52  54   6  11   0    T  0.0    0  1.8  6 350   M    M  10 1       8  M
24  53  44  49   1  16   0 0.69    M    0  9.9 35 340   M    M   9        52 340
================================================================================
SM 1453 1201       228   0  9.64     0.0 157.1          M      222
================================================================================
AV 60.5 50.0                               6.5 FASTST   M    M   9    MAX(MPH)
                                 MISC ---->  # 35 340               # 52  340
================================================================================
NOTES:
# LAST OF SEVERAL OCCURRENCES

COLUMN 17 PEAK WIND IN M.P.H.

PRELIMINARY LOCAL CLIMATOLOGICAL DATA (WS FORM: F-6) , PAGE 2

                                          STATION:  EUREKA CA
                                          MONTH:    DECEMBER
                                          YEAR:     2014
                                          LATITUDE:   40 47 N
                                          LONGITUDE: 124 10 W

[TEMPERATURE DATA]      [PRECIPITATION DATA]       SYMBOLS USED IN COLUMN 16

AVERAGE MONTHLY: 55.3   TOTAL FOR MONTH:   9.64    1 = FOG OR MIST
DPTR FM NORMAL:   7.2   DPTR FM NORMAL:    3.27    2 = FOG REDUCING VISIBILITY
HIGHEST:    69 ON  1    GRTST 24HR  1.38 ON 20-20      TO 1/4 MILE OR LESS
LOWEST:     38 ON 13                               3 = THUNDER
                        SNOW, ICE PELLETS, HAIL    4 = ICE PELLETS
                        TOTAL MONTH:   0.0 INCH    5 = HAIL
                        GRTST 24HR     0.0         6 = FREEZING RAIN OR DRIZZLE
                        GRTST DEPTH:   0           7 = DUSTSTORM OR SANDSTORM:
                                                       VSBY 1/2 MILE OR LESS
                                                   8 = SMOKE OR HAZE
[NO. OF DAYS WITH]      [WEATHER - DAYS WITH]      9 = BLOWING SNOW
                                                   X = TORNADO
MAX 32 OR BELOW:   0    0.01 INCH OR MORE:  17
MAX 90 OR ABOVE:   0    0.10 INCH OR MORE:  16
MIN 32 OR BELOW:   0    0.50 INCH OR MORE:   6
MIN  0 OR BELOW:   0    1.00 INCH OR MORE:   4

[HDD (BASE 65) ]
TOTAL THIS MO.   228    CLEAR  (SCALE 0-3)   0
DPTR FM NORMAL  -179    PTCLDY (SCALE 4-7)   4
TOTAL FM JUL 1  1248    CLOUDY (SCALE 8-10) 20
DPTR FM NORMAL  -581

[CDD (BASE 65) ]
TOTAL THIS MO.     0
DPTR FM NORMAL     0    [PRESSURE DATA]
TOTAL FM JAN 1     4    HIGHEST SLP M ON M
DPTR FM NORMAL     4    LOWEST  SLP M ON M

[REMARKS]
