000
CXUS51 KRLX 281126
CF6EKN
PRELIMINARY LOCAL CLIMATOLOGICAL DATA (WS FORM: F-6)

                                          STATION:   ELKINS WV
                                          MONTH:     MAY
                                          YEAR:      2016
                                          LATITUDE:   38 52 N
                                          LONGITUDE:  79 51 W

  TEMPERATURE IN F:       :PCPN:    SNOW:  WIND      :SUNSHINE: SKY     :PK WND
================================================================================
1   2   3   4   5  6A  6B    7    8   9   10  11  12  13   14  15   16   17  18
                                     12Z  AVG MX 2MIN
DY MAX MIN AVG DEP HDD CDD  WTR  SNW DPTH SPD SPD DIR MIN PSBL S-S WX    SPD DR
================================================================================

 1  77  54  66  12   0   1 0.70  0.0    0  5.4 15 310   M    M   6 1      20 160
 2  78  52  65  11   0   0 0.17  0.0    0  5.2 22 250   M    M   6 1      29 250
 3  65  45  55   0  10   0 0.16  0.0    0  2.8 14 310   M    M  10 12     18 330
 4  57  44  51  -4  14   0 0.19  0.0    0  2.5 15 300   M    M   9 12     20 290
 5  54  46  50  -5  15   0 1.55  0.0    0  2.2 13 310   M    M  10 1      16 310
 6  60  47  54  -1  11   0 0.25  0.0    0  4.0 18 310   M    M   9 1      27 300
 7  69  43  56   0   9   0 0.02  0.0    0  5.5 20 250   M    M   7 1      29 250
 8  64  42  53  -3  12   0    T  0.0    0  9.5 21 320   M    M   2        27 300
 9  59  43  51  -5  14   0 0.32  0.0    0  1.9  9 350   M    M   9 1      12 330
10  77  52  65   9   0   0 0.11  0.0    0  2.0 12 140   M    M   7 1      16 140
11  78  54  66   9   0   1 0.04  0.0    0  1.6 15 300   M    M   8 18     17 310
12  80  52  66   9   0   1 0.01  0.0    0  3.5 14 190   M    M   5 12     20 250
13  68  46  57   0   8   0 0.17  0.0    0  6.6 20 280   M    M   4 18     26 290
14  61  39  50  -8  15   0 0.47  0.0    0  7.8 24 280   M    M   8 1      32 300
15  49  34  42 -16  23   0 0.10    T    0  9.0 28 280   M    M   9        36 290
16  61  32  47 -11  18   0 0.00  0.0    0  3.6 13 290   M    M   2        19 290
17  51  44  48 -10  17   0 0.13  0.0    0  3.0  8 330   M    M  10 18     11 340
18  55  47  51  -8  14   0 0.39  0.0    0  2.1  9 350   M    M  10 18     12 350
19  68  42  55  -4  10   0    T  0.0    0  3.6 13 330   M    M   4 1      18 310
20  72  38  55  -4  10   0 0.22  0.0    0  5.2 17 150   M    M   4 12     24 130
21  69  53  61   2   4   0 0.90  0.0    0  2.9 15 300   M    M  10 1      21 290
22  59  49  54  -6  11   0 0.23  0.0    0  5.2 13 340   M    M  10 1      19 320
23  67  46  57  -3   8   0 0.08  0.0    0  2.1 15 330   M    M   7 12     20 320
24  75  45  60   0   5   0 0.00  0.0    0  3.5 16 310   M    M   4 12     20 250
25  81  44  63   3   2   0 0.00  0.0    0  2.5 14 320   M    M   0 1      20 300
26  80  54  67   6   0   2    T  0.0    0  2.6 15 280   M    M   5 1      19 280
27  85  57  71  10   0   6 0.00  0.0    0  2.4 15 340   M    M   2 1      19 340
================================================================================
SM 1819 1244       230  11  6.21    T    108.2          M      177
================================================================================
AV 67.4 46.1                               4.0 FASTST   M    M   7    MAX(MPH)
                                 MISC ---->  # 28 280               # 36  290
================================================================================
NOTES:
# LAST OF SEVERAL OCCURRENCES

COLUMN 17 PEAK WIND IN M.P.H.

PRELIMINARY LOCAL CLIMATOLOGICAL DATA (WS FORM: F-6) , PAGE 2

                                          STATION:  ELKINS WV
                                          MONTH:    MAY
                                          YEAR:     2016
                                          LATITUDE:   38 52 N
                                          LONGITUDE:  79 51 W

[TEMPERATURE DATA]      [PRECIPITATION DATA]       SYMBOLS USED IN COLUMN 16

AVERAGE MONTHLY: 56.7   TOTAL FOR MONTH:   6.21    1 = FOG OR MIST
DPTR FM NORMAL:  -0.8   DPTR FM NORMAL:    1.75    2 = FOG REDUCING VISIBILITY
HIGHEST:    85 ON 27    GRTST 24HR  1.55 ON  5- 5      TO 1/4 MILE OR LESS
LOWEST:     32 ON 16                               3 = THUNDER
                        SNOW, ICE PELLETS, HAIL    4 = ICE PELLETS
                        TOTAL MONTH:    T          5 = HAIL
                        GRTST 24HR    T  ON 15-15  6 = FREEZING RAIN OR DRIZZLE
                        GRTST DEPTH:   0           7 = DUSTSTORM OR SANDSTORM:
                                                       VSBY 1/2 MILE OR LESS
                                                   8 = SMOKE OR HAZE
[NO. OF DAYS WITH]      [WEATHER - DAYS WITH]      9 = BLOWING SNOW
                                                   X = TORNADO
MAX 32 OR BELOW:   0    0.01 INCH OR MORE:  20
MAX 90 OR ABOVE:   0    0.10 INCH OR MORE:  16
MIN 32 OR BELOW:   1    0.50 INCH OR MORE:   3
MIN  0 OR BELOW:   0    1.00 INCH OR MORE:   1

[HDD (BASE 65) ]
TOTAL THIS MO.   230    CLEAR  (SCALE 0-3)   4
DPTR FM NORMAL    13    PTCLDY (SCALE 4-7)  13
TOTAL FM JUL 1  4960    CLOUDY (SCALE 8-10) 10
DPTR FM NORMAL  -820

[CDD (BASE 65) ]
TOTAL THIS MO.    11
DPTR FM NORMAL    -3    [PRESSURE DATA]
TOTAL FM JAN 1    14    HIGHEST SLP M ON M
DPTR FM NORMAL    -3    LOWEST  SLP 29.61 ON  4

[REMARKS]
