000
CXUS56 KLKN 221009
CF6ELY
PRELIMINARY LOCAL CLIMATOLOGICAL DATA (WS FORM: F-6)

                                          STATION:   ELY AIRPORT NV
                                          MONTH:     JANUARY
                                          YEAR:      2018
                                          LATITUDE:   39 16 N
                                          LONGITUDE: 114 51 W

  TEMPERATURE IN F:       :PCPN:    SNOW:  WIND      :SUNSHINE: SKY     :PK WND
================================================================================
1   2   3   4   5  6A  6B    7    8   9   10  11  12  13   14  15   16   17  18
                                     12Z  AVG MX 2MIN
DY MAX MIN AVG DEP HDD CDD  WTR  SNW DPTH SPD SPD DIR MIN PSBL S-S WX    SPD DR
================================================================================

 1  54  15  35  10  30   0 0.00  0.0    0 10.0 18 170   M    M   0        22 170
 2  45  15  30   5  35   0 0.00  0.0    0  7.3 15 170   M    M   0        17 170
 3  56  11  34   9  31   0 0.00  0.0    0  7.4 16 170   M    M   0        19 170
 4  58  19  39  14  26   0 0.00  0.0    0  7.7 18 170   M    M   2        21 170
 5  53  21  37  12  28   0 0.00  0.0    0  7.1 15 210   M    M   0        19 210
 6  45  18  32   7  33   0 0.04  0.0    0  6.0 20 290   M    M   6 1      24 220
 7  52  14  33   8  32   0 0.00  0.0    0  8.8 18 170   M    M   0        20 180
 8  43  22  33   8  32   0 0.01  0.0    0 13.6 21 190   M    M   4        26 210
 9  43  35  39  14  26   0 0.01  0.0    0 11.5 24 160   M    M   9        30 150
10  44  31  38  13  27   0    T    T    0  8.1 29 290   M    M   9        36 280
11  49  19  34   9  31   0 0.00  0.0    0  5.5 13 200   M    M   3        15 180
12  50  18  34   9  31   0 0.00  0.0    0  7.7 16 170   M    M   0        19 160
13  50  16  33   8  32   0 0.00  0.0    0  8.9 15  20   M    M   0        18  20
14  53  16  35  10  30   0 0.00  0.0    0  7.2 15 170   M    M   0        17 170
15  50  19  35  10  30   0 0.00  0.0    0  8.1 15  10   M    M   0        21  70
16  52  19  36  11  29   0 0.00  0.0    0  7.0 14 170   M    M   3        16 180
17  54  18  36  11  29   0 0.00  0.0    0  6.4 13 170   M    M   0        16 170
18  57  23  40  15  25   0 0.00  0.0    0 11.9 28 150   M    M   0        35 140
19  48  24  36  11  29   0 0.93 14.4    0 15.6 31 140   M    M   5 12     40 140
20  24   9  17  -8  48   0 0.15  3.1   15 13.1 22 360   M    M  10 1      26  60
21  27  -7  10 -16  55   0 0.00  0.0   12  7.5 18 170   M    M   2        21 160
================================================================================
SM 1007  375       669   0  1.14    17.5 186.4          M       53
================================================================================
AV 48.0 17.9                               8.9 FASTST   M    M   3    MAX(MPH)
                                 MISC ---->  # 31 140               # 40  140
================================================================================
NOTES:
# LAST OF SEVERAL OCCURRENCES

COLUMN 17 PEAK WIND IN M.P.H.

PRELIMINARY LOCAL CLIMATOLOGICAL DATA (WS FORM: F-6) , PAGE 2

                                          STATION:  ELY AIRPORT NV
                                          MONTH:    JANUARY
                                          YEAR:     2018
                                          LATITUDE:   39 16 N
                                          LONGITUDE: 114 51 W

[TEMPERATURE DATA]      [PRECIPITATION DATA]       SYMBOLS USED IN COLUMN 16

AVERAGE MONTHLY: 32.9   TOTAL FOR MONTH:   1.14    1 = FOG OR MIST
DPTR FM NORMAL:   7.9   DPTR FM NORMAL:    0.66    2 = FOG REDUCING VISIBILITY
HIGHEST:    58 ON  4    GRTST 24HR  0.93 ON 19-19      TO 1/4 MILE OR LESS
LOWEST:     -7 ON 21                               3 = THUNDER
                        SNOW, ICE PELLETS, HAIL    4 = ICE PELLETS
                        TOTAL MONTH:  17.5 INCHES  5 = HAIL
                        GRTST 24HR  14.4 ON 19-19  6 = FREEZING RAIN OR DRIZZLE
                        GRTST DEPTH:  15 ON 20     7 = DUSTSTORM OR SANDSTORM:
                                                       VSBY 1/2 MILE OR LESS
                                                   8 = SMOKE OR HAZE
[NO. OF DAYS WITH]      [WEATHER - DAYS WITH]      9 = BLOWING SNOW
                                                   X = TORNADO
MAX 32 OR BELOW:   2    0.01 INCH OR MORE:   5
MAX 90 OR ABOVE:   0    0.10 INCH OR MORE:   2
MIN 32 OR BELOW:  20    0.50 INCH OR MORE:   1
MIN  0 OR BELOW:   1    1.00 INCH OR MORE:   0

[HDD (BASE 65) ]
TOTAL THIS MO.   669    CLEAR  (SCALE 0-3)  15
DPTR FM NORMAL  -171    PTCLDY (SCALE 4-7)   3
TOTAL FM JUL 1  3398    CLOUDY (SCALE 8-10)  3
DPTR FM NORMAL  -542

[CDD (BASE 65) ]
TOTAL THIS MO.     0
DPTR FM NORMAL     0    [PRESSURE DATA]
TOTAL FM JAN 1     0    HIGHEST SLP M ON M
DPTR FM NORMAL     0    LOWEST  SLP 29.63 ON  9

[REMARKS]
