000
CXUS56 KOTX 200900
CF6EPH
PRELIMINARY LOCAL CLIMATOLOGICAL DATA (WS FORM: F-6)

                                          STATION:   EPHRATA WA AIRPORT
                                          MONTH:     AUGUST
                                          YEAR:      2017
                                          LATITUDE:   47 18 N
                                          LONGITUDE: 119 31 W

  TEMPERATURE IN F:       :PCPN:    SNOW:  WIND      :SUNSHINE: SKY     :PK WND
================================================================================
1   2   3   4   5  6A  6B    7    8   9   10  11  12  13   14  15   16   17  18
                                     12Z  AVG MX 2MIN
DY MAX MIN AVG DEP HDD CDD  WTR  SNW DPTH SPD SPD DIR MIN PSBL S-S WX    SPD DR
================================================================================

 1 100  73  87  11   0  22 0.00    M    M  8.6 16 330   M    M   0 8      21 340
 2 100  75  88  12   0  23 0.00    M    M  9.8 21  10   M    M   2 8      24  10
 3 100  70  85   9   0  20 0.00    M    M  7.5 16 310   M    M   0 8      19 300
 4  94  62  78   2   0  13 0.00    M    M 10.8 25 350   M    M   7 8      30 350
 5  96  69  83   8   0  18 0.00    M    M  6.9 16 330   M    M   2 8      19 340
 6  97  63  80   5   0  15 0.00    M    M  6.0 13 210   M    M   0 8      18 220
 7  99  68  84   9   0  19 0.00    M    M  6.2 13 300   M    M   0 8      17 220
 8 100  66  83   8   0  18 0.00    M    M  5.6 13 220   M    M   0 8      17 170
 9 101  69  85  10   0  20 0.00    M    M  5.9 14 310   M    M   0 8      17 320
10 100  68  84  10   0  19 0.00    M    M  5.5 10 200   M    M   0 8      14 210
11 102  66  84  10   0  19 0.00    M    M  5.1 10 220   M    M   0 8      17 160
12  92  65  79   5   0  14    T    M    M  8.0 22 310   M    M   0 8      28 300
13  85  61  73  -1   0   8 0.06    M    M 14.1 30 320   M    M   2        36 320
14  79  58  69  -5   0   4 0.00    M    M  7.9 25 310   M    M   0        33 320
15  84  52  68  -5   0   3 0.00    M    M  6.1 12 190   M    M   0        15 200
16  92  54  73   0   0   8 0.00    M    M 10.0 24 310   M    M   0        33 310
17  87  61  74   1   0   9 0.00    M    M  9.1 24 290   M    M   0        30 310
18  91  52  72  -1   0   7 0.00    M    M 10.4 29 310   M    M   0        36 310
19  85  64  75   3   0  10 0.00    M    M  9.2 20 310   M    M   0        27 310
================================================================================
SM 1784 1216         0 269  0.06    M    152.7          M       13
================================================================================
AV 93.9 64.0                               8.0 FASTST   M    M   1    MAX(MPH)
                                 MISC ---->  # 30 320               # 36  320
================================================================================
NOTES:
# LAST OF SEVERAL OCCURRENCES

COLUMN 17 PEAK WIND IN M.P.H.

PRELIMINARY LOCAL CLIMATOLOGICAL DATA (WS FORM: F-6) , PAGE 2

                                          STATION:  EPHRATA WA AIRPORT
                                          MONTH:    AUGUST
                                          YEAR:     2017
                                          LATITUDE:   47 18 N
                                          LONGITUDE: 119 31 W

[TEMPERATURE DATA]      [PRECIPITATION DATA]       SYMBOLS USED IN COLUMN 16

AVERAGE MONTHLY: 79.0   TOTAL FOR MONTH:   0.06    1 = FOG OR MIST
DPTR FM NORMAL:   4.6   DPTR FM NORMAL:   -0.07    2 = FOG REDUCING VISIBILITY
HIGHEST:   102 ON 11    GRTST 24HR  0.06 ON 13-13      TO 1/4 MILE OR LESS
LOWEST:     52 ON 18,15                            3 = THUNDER
                        SNOW, ICE PELLETS, HAIL    4 = ICE PELLETS
                        TOTAL MONTH:    M          5 = HAIL
                        GRTST 24HR    M  ON   M    6 = FREEZING RAIN OR DRIZZLE
                        GRTST DEPTH:  M  ON   M    7 = DUSTSTORM OR SANDSTORM:
                                                       VSBY 1/2 MILE OR LESS
                                                   8 = SMOKE OR HAZE
[NO. OF DAYS WITH]      [WEATHER - DAYS WITH]      9 = BLOWING SNOW
                                                   X = TORNADO
MAX 32 OR BELOW:   0    0.01 INCH OR MORE:   1
MAX 90 OR ABOVE:  14    0.10 INCH OR MORE:   0
MIN 32 OR BELOW:   0    0.50 INCH OR MORE:   0
MIN  0 OR BELOW:   0    1.00 INCH OR MORE:   0

[HDD (BASE 65) ]
TOTAL THIS MO.     0    CLEAR  (SCALE 0-3)  18
DPTR FM NORMAL     0    PTCLDY (SCALE 4-7)   1
TOTAL FM JUL 1     0    CLOUDY (SCALE 8-10)  0
DPTR FM NORMAL    -8

[CDD (BASE 65) ]
TOTAL THIS MO.   269
DPTR FM NORMAL    88    [PRESSURE DATA]
TOTAL FM JAN 1   853    HIGHEST SLP M ON M
DPTR FM NORMAL   232    LOWEST  SLP 29.68 ON  4

[REMARKS]
