000
CXUS56 KOTX 290911
CF6EPH
PRELIMINARY LOCAL CLIMATOLOGICAL DATA (WS FORM: F-6)
STATION: EPHRATA WA AIRPORT
MONTH: MARCH
YEAR: 2024
LATITUDE: 47 18 N
LONGITUDE: 119 31 W
TEMPERATURE IN F: :PCPN: SNOW: WIND :SUNSHINE: SKY :PK WND
================================================================================
1 2 3 4 5 6A 6B 7 8 9 10 11 12 13 14 15 16 17 18
12Z AVG MX 2MIN
DY MAX MIN AVG DEP HDD CDD WTR SNW DPTH SPD SPD DIR MIN PSBL S-S WX SPD DR
================================================================================
1 47 28 38 -1 27 0 T M M 10.2 24 170 M M 3 30 180
2 48 24 36 -3 29 0 0.00 M M 9.6 23 220 M M 4 29 210
3 47 21 34 -5 31 0 0.00 M M 6.2 15 180 M M 3 20 200
4 48 23 36 -4 29 0 0.00 M M 7.4 17 280 M M 4 23 300
5 47 28 38 -2 27 0 0.00 M M 8.4 16 340 M M 3 21 340
6 45 24 35 -5 30 0 0.00 M M 6.7 16 300 M M 1 21 300
7 47 26 37 -4 28 0 0.00 M M 6.2 13 190 M M 3 15 190
8 50 25 38 -3 27 0 0.00 M M 6.6 12 10 M M 3 14 350
9 54 30 42 1 23 0 0.00 M M 9.3 28 220 M M 1 39 200
10 56 35 46 4 19 0 T M M 13.4 38 210 M M 5 49 210
11 53 28 41 -1 24 0 0.03 M M 9.4 21 200 M M 5 26 180
12 56 29 43 1 22 0 T M M 11.4 28 270 M M 2 37 250
13 57 34 46 4 19 0 0.00 M M 9.3 18 300 M M 1 27 310
14 58 27 43 0 22 0 0.00 M M 4.5 13 30 M M 0 15 40
15 64 29 47 4 18 0 0.00 M M 4.6 10 20 M M 0 13 100
16 70 37 54 11 11 0 0.00 M M 5.6 12 60 M M 0 17 70
17 72 40 56 13 9 0 0.00 M M 5.6 12 50 M M 0 15 50
18 71 37 54 10 11 0 0.00 M M 4.7 10 150 M M 0 14 170
19 72 39 56 12 9 0 0.00 M M 6.9 18 310 M M 0 26 320
20 69 35 52 8 13 0 0.00 M M 7.6 22 300 M M 0 30 300
21 65 41 53 9 12 0 0.00 M M 9.1 17 300 M M 4 24 320
22 61 38 50 5 15 0 T M M 8.3 17 330 M M 5 22 340
23 53 41 47 2 18 0 0.16 M M 9.6 23 330 M M 9 1 28 340
24 62 35 49 4 16 0 0.01 M M 9.6 23 350 M M 5 28 330
25 56 29 43 -2 22 0 0.00 M M 6.4 16 190 M M 3 21 210
26 61 26 44 -2 21 0 T M M 7.1 20 270 M M 3 28 280
27 46 29 38 -8 27 0 0.33 M M 4.8 13 140 M M 7 12 15 140
28 55 35 45 -1 20 0 0.06 M M 5.5 20 170 M M 5 12 29 220
================================================================================
SM 1590 873 579 0 0.59 M 214.0 M 79
================================================================================
AV 56.8 31.2 7.6 FASTST M M 3 MAX(MPH)
MISC ----> 38 210 49 210
================================================================================
NOTES:
# LAST OF SEVERAL OCCURRENCES
COLUMN 17 PEAK WIND IN M.P.H.
PRELIMINARY LOCAL CLIMATOLOGICAL DATA (WS FORM: F-6) , PAGE 2
STATION: EPHRATA WA AIRPORT
MONTH: MARCH
YEAR: 2024
LATITUDE: 47 18 N
LONGITUDE: 119 31 W
[TEMPERATURE DATA] [PRECIPITATION DATA] SYMBOLS USED IN COLUMN 16
AVERAGE MONTHLY: 44.0 TOTAL FOR MONTH: 0.59 1 = FOG OR MIST
DPTR FM NORMAL: 1.3 DPTR FM NORMAL: -0.04 2 = FOG REDUCING VISIBILITY
HIGHEST: 72 ON 19,17 GRTST 24HR 0.33 ON 26-27 TO 1/4 MILE OR LESS
LOWEST: 21 ON 3 3 = THUNDER
SNOW, ICE PELLETS, HAIL 4 = ICE PELLETS
TOTAL MONTH: M 5 = HAIL
GRTST 24HR M ON M 6 = FREEZING RAIN OR DRIZZLE
GRTST DEPTH: M ON M 7 = DUSTSTORM OR SANDSTORM:
VSBY 1/2 MILE OR LESS
8 = SMOKE OR HAZE
[NO. OF DAYS WITH] [WEATHER - DAYS WITH] 9 = BLOWING SNOW
X = TORNADO
MAX 32 OR BELOW: 0 0.01 INCH OR MORE: 5
MAX 90 OR ABOVE: 0 0.10 INCH OR MORE: 2
MIN 32 OR BELOW: 16 0.50 INCH OR MORE: 0
MIN 0 OR BELOW: 0 1.00 INCH OR MORE: 0
[HDD (BASE 65) ]
TOTAL THIS MO. 579 CLEAR (SCALE 0-3) 15
DPTR FM NORMAL -49 PTCLDY (SCALE 4-7) 12
TOTAL FM JUL 1 4598 CLOUDY (SCALE 8-10) 1
DPTR FM NORMAL -439
[CDD (BASE 65) ]
TOTAL THIS MO. 0
DPTR FM NORMAL 0 [PRESSURE DATA]
TOTAL FM JAN 1 0 HIGHEST SLP M ON M
DPTR FM NORMAL 0 LOWEST SLP 29.26 ON 2
[REMARKS]