000
CXUS51 KCLE 240800
CF6ERI
PRELIMINARY LOCAL CLIMATOLOGICAL DATA (WS FORM: F-6)

                                          STATION:   ERIE PA
                                          MONTH:     FEBRUARY
                                          YEAR:      2018
                                          LATITUDE:   42  4 N
                                          LONGITUDE:  80 11 W

  TEMPERATURE IN F:       :PCPN:    SNOW:  WIND      :SUNSHINE: SKY     :PK WND
================================================================================
1   2   3   4   5  6A  6B    7    8   9   10  11  12  13   14  15   16   17  18
                                     12Z  AVG MX 2MIN
DY MAX MIN AVG DEP HDD CDD  WTR  SNW DPTH SPD SPD DIR MIN PSBL S-S WX    SPD DR
================================================================================

 1  44  18  31   4  34   0    T    T    1 12.5 22 250   M    M   9 8      34 270
 2  18  13  16 -11  49   0 0.02  0.4    0 12.6 20 280   M    M   9 8      28 290
 3  35  15  25  -2  40   0    T    T    T 15.7 29 180   M    M  10 8      38 180
 4  40  19  30   3  35   0 0.18  1.4    0 14.8 31 200   M    M  10 18     40 190
 5  21  12  17 -10  48   0 0.05  0.7    1 11.1 18 300   M    M   7 18     26 300
 6  22  15  19  -8  46   0 0.17  2.6    3  6.8 14 260   M    M   7 128    21 270
 7  23  14  19  -8  46   0 0.41  3.2    3  7.3 13 270   M    M   9 128    18 290
 8  20   7  14 -13  51   0 0.03  0.6    5  7.5 15 260   M    M   8 18     20 260
 9  36  10  23  -4  42   0 0.06  0.6    5  5.9 17 160   M    M   9 18     22 160
10  32  27  30   2  35   0 0.20  1.5    6  7.0 16  50   M    M  10 1268   20  50
11  50  26  38  10  27   0 0.15  0.0    5 10.0 22 250   M    M  10 168    33 240
12  28  10  19  -9  46   0 0.00  0.0    3  7.4 14 280   M    M   2 1      19 260
13  40   7  24  -4  41   0 0.00  0.0    3  4.6 13 180   M    M   2 18     17 170
14  49  38  44  16  21   0 0.00  0.0    2 11.7 22 200   M    M   8 18     28 210
15  59  44  52  24  13   0 0.65  0.0    0  9.7 20 210   M    M   9 1      29 200
16  48  21  35   7  30   0    T  0.0    0  8.5 17 300   M    M   8 12     25 290
17  32  21  27  -1  38   0 0.01  0.1    0  8.0 14 150   M    M   5 8      18 190
18  37  30  34   5  31   0 0.01  0.3    T  8.0 16 170   M    M   6 18     22 180
19  65  37  51  22  14   0 0.71  0.0    0 17.6 26 160   M    M   7 1      37 170
20  72  62  67  38   0   2 0.13  0.0    0 15.6 29 200   M    M   6 18     36 200
21  70  34  52  23  13   0 0.24  0.0    0 10.1 24 190   M    M   8 1      35 220
22  36  31  34   5  31   0 0.29  1.3    0 10.5 18  50   M    M  10 16     23  50
23  58  35  47  17  18   0 0.05  0.0    0 12.6 28 170   M    M  10 1      36 150
================================================================================
SM  935  546       749   2  3.36    12.7 235.5          M      179
================================================================================
AV 40.7 23.7                              10.2 FASTST   M    M   8    MAX(MPH)
                                 MISC ---->  # 31 200               # 40  190
================================================================================
NOTES:
# LAST OF SEVERAL OCCURRENCES

COLUMN 17 PEAK WIND IN M.P.H.

PRELIMINARY LOCAL CLIMATOLOGICAL DATA (WS FORM: F-6) , PAGE 2

                                          STATION:  ERIE PA
                                          MONTH:    FEBRUARY
                                          YEAR:     2018
                                          LATITUDE:   42  4 N
                                          LONGITUDE:  80 11 W

[TEMPERATURE DATA]      [PRECIPITATION DATA]       SYMBOLS USED IN COLUMN 16

AVERAGE MONTHLY: 32.2   TOTAL FOR MONTH:   3.36    1 = FOG OR MIST
DPTR FM NORMAL:   4.3   DPTR FM NORMAL:    1.44    2 = FOG REDUCING VISIBILITY
HIGHEST:    72 ON 20    GRTST 24HR  0.71 ON 19-19      TO 1/4 MILE OR LESS
LOWEST:      7 ON 13, 8                            3 = THUNDER
                        SNOW, ICE PELLETS, HAIL    4 = ICE PELLETS
                        TOTAL MONTH:  12.7 INCHES  5 = HAIL
                        GRTST 24HR   3.2 ON  7- 7  6 = FREEZING RAIN OR DRIZZLE
                        GRTST DEPTH:   6 ON 10     7 = DUSTSTORM OR SANDSTORM:
                                                       VSBY 1/2 MILE OR LESS
                                                   8 = SMOKE OR HAZE
[NO. OF DAYS WITH]      [WEATHER - DAYS WITH]      9 = BLOWING SNOW
                                                   X = TORNADO
MAX 32 OR BELOW:   8    0.01 INCH OR MORE:  17
MAX 90 OR ABOVE:   0    0.10 INCH OR MORE:  10
MIN 32 OR BELOW:  17    0.50 INCH OR MORE:   2
MIN  0 OR BELOW:   0    1.00 INCH OR MORE:   0

[HDD (BASE 65) ]
TOTAL THIS MO.   749    CLEAR  (SCALE 0-3)   2
DPTR FM NORMAL  -105    PTCLDY (SCALE 4-7)  10
TOTAL FM JUL 1  4080    CLOUDY (SCALE 8-10) 11
DPTR FM NORMAL  -112

[CDD (BASE 65) ]
TOTAL THIS MO.     2
DPTR FM NORMAL     2    [PRESSURE DATA]
TOTAL FM JAN 1     2    HIGHEST SLP M ON M
DPTR FM NORMAL     2    LOWEST  SLP 29.63 ON 15

[REMARKS]
