000
CXUS56 KPQR 251200
CF6EUG
PRELIMINARY LOCAL CLIMATOLOGICAL DATA (WS FORM: F-6)

                                          STATION:   EUGENE OR
                                          MONTH:     NOVEMBER
                                          YEAR:      2017
                                          LATITUDE:   44  7 N
                                          LONGITUDE: 123 13 W

  TEMPERATURE IN F:       :PCPN:    SNOW:  WIND      :SUNSHINE: SKY     :PK WND
================================================================================
1   2   3   4   5  6A  6B    7    8   9   10  11  12  13   14  15   16   17  18
                                     12Z  AVG MX 2MIN
DY MAX MIN AVG DEP HDD CDD  WTR  SNW DPTH SPD SPD DIR MIN PSBL S-S WX    SPD DR
================================================================================

 1  62  35  49   1  16   0 0.00  0.0    0  6.2 14 260   M    M   5        19 170
 2  52  44  48   0  17   0 0.25  0.0    0  9.3 17 210   M    M   9 1      21 220
 3  50  34  42  -6  23   0 0.02  0.0    0  7.9 18 220   M    M   7 1      22 250
 4  48  33  41  -7  24   0 0.09  0.0    0  9.6 21 200   M    M   9        24 200
 5  50  35  43  -4  22   0 0.52  0.0    0  9.1 21 190   M    M   8 18     24 180
 6  52  32  42  -5  23   0 0.00  0.0    0  3.8 12 230   M    M   6        15 170
 7  44  32  38  -9  27   0 0.00  0.0    0  1.8  9 250   M    M   8 12     10 250
 8  43  37  40  -7  25   0 0.41  0.0    0  4.9 21 270   M    M   9 1      24 270
 9  57  42  50   4  15   0 0.51  0.0    0 11.7 22 170   M    M   7 1      32 180
10  51  46  49   3  16   0 0.78  0.0    0  8.7 22 180   M    M   9 1      28 180
11  57  46  52   6  13   0    T  0.0    0  6.3 14 200   M    M  10        16 210
12  62  46  54   8  11   0 0.14  0.0    0  9.0 23 200   M    M   9        26 180
13  54  41  48   2  17   0 0.37  0.0    0 15.1 33 240   M    M   8 1      44 230
14  56  38  47   2  18   0    T  0.0    0 11.5 26 200   M    M   6        32 180
15  52  43  48   3  17   0 1.38  0.0    0  8.4 23 180   M    M  10 1      29 180
16  47  37  42  -3  23   0 0.65  0.0    0  7.9 17 200   M    M   7 1      22 190
17  51  32  42  -3  23   0 0.10  0.0    0  6.9 15 220   M    M   6 1      19 240
18  44  28  36  -8  29   0 0.00  0.0    0  1.9  7 210   M    M   7 12      9 200
19  50  26  38  -6  27   0    T  0.0    0  9.1 24 190   M    M   7 12     30 190
20  54  49  52   8  13   0 0.34  0.0    0 10.1 24 190   M    M  10 1      30 190
21  67  48  58  14   7   0 0.12  0.0    0  5.1 15 200   M    M  10 1      19 190
22  62  54  58  15   7   0 0.12  0.0    0  5.5 21 130   M    M   8 1      23 130
23  61  41  51   8  14   0 0.86  0.0    0  7.3 17 240   M    M   8 1      22 240
24  55  35  45   2  20   0 0.00  0.0    0  4.2  8 200   M    M   3 1      11 240
================================================================================
SM 1281  934       447   0  6.66     0.0 181.3          M      186
================================================================================
AV 53.4 38.9                               7.6 FASTST   M    M   8    MAX(MPH)
                                 MISC ---->  # 33 240               # 44  230
================================================================================
NOTES:
# LAST OF SEVERAL OCCURRENCES

COLUMN 17 PEAK WIND IN M.P.H.

PRELIMINARY LOCAL CLIMATOLOGICAL DATA (WS FORM: F-6) , PAGE 2

                                          STATION:  EUGENE OR
                                          MONTH:    NOVEMBER
                                          YEAR:     2017
                                          LATITUDE:   44  7 N
                                          LONGITUDE: 123 13 W

[TEMPERATURE DATA]      [PRECIPITATION DATA]       SYMBOLS USED IN COLUMN 16

AVERAGE MONTHLY: 46.2   TOTAL FOR MONTH:   6.66    1 = FOG OR MIST
DPTR FM NORMAL:   0.5   DPTR FM NORMAL:    0.75    2 = FOG REDUCING VISIBILITY
HIGHEST:    67 ON 21    GRTST 24HR  1.38 ON 15-15      TO 1/4 MILE OR LESS
LOWEST:     26 ON 19                               3 = THUNDER
                        SNOW, ICE PELLETS, HAIL    4 = ICE PELLETS
                        TOTAL MONTH:   0.0 INCH    5 = HAIL
                        GRTST 24HR     0.0         6 = FREEZING RAIN OR DRIZZLE
                        GRTST DEPTH:   0           7 = DUSTSTORM OR SANDSTORM:
                                                       VSBY 1/2 MILE OR LESS
                                                   8 = SMOKE OR HAZE
[NO. OF DAYS WITH]      [WEATHER - DAYS WITH]      9 = BLOWING SNOW
                                                   X = TORNADO
MAX 32 OR BELOW:   0    0.01 INCH OR MORE:  16
MAX 90 OR ABOVE:   0    0.10 INCH OR MORE:  14
MIN 32 OR BELOW:   5    0.50 INCH OR MORE:   6
MIN  0 OR BELOW:   0    1.00 INCH OR MORE:   1

[HDD (BASE 65) ]
TOTAL THIS MO.   447    CLEAR  (SCALE 0-3)   1
DPTR FM NORMAL   -19    PTCLDY (SCALE 4-7)  13
TOTAL FM JUL 1   992    CLOUDY (SCALE 8-10) 10
DPTR FM NORMAL   -44

[CDD (BASE 65) ]
TOTAL THIS MO.     0
DPTR FM NORMAL     0    [PRESSURE DATA]
TOTAL FM JAN 1   376    HIGHEST SLP M ON M
DPTR FM NORMAL   137    LOWEST  SLP 29.55 ON 20

[REMARKS]
