000
CXUS51 KOKX 220701
CF6EWR
PRELIMINARY LOCAL CLIMATOLOGICAL DATA (WS FORM: F-6)

                                          STATION:   NEWARK NJ
                                          MONTH:     OCTOBER
                                          YEAR:      2014
                                          LATITUDE:   40 42 N
                                          LONGITUDE:  74 10 W

  TEMPERATURE IN F:       :PCPN:    SNOW:  WIND      :SUNSHINE: SKY     :PK WND
================================================================================
1   2   3   4   5  6A  6B    7    8   9   10  11  12  13   14  15   16   17  18
                                     12Z  AVG MX 2MIN
DY MAX MIN AVG DEP HDD CDD  WTR  SNW DPTH SPD SPD DIR MIN PSBL S-S WX    SPD DR
================================================================================

 1  66  61  64   2   1   0    T  0.0    0 10.4 15  30   M    M  10 1      18  30
 2  69  60  65   3   0   0    T  0.0    0  6.4 14  20   M    M  10 1      18  20
 3  70  56  63   2   2   0 0.00  0.0    0  6.7 12 120   M    M   7        16 160
 4  71  50  61   0   4   0 0.83  0.0    0 11.8 28 270   M    M   8 1      33 280
 5  62  44  53  -7  12   0 0.00  0.0    0 10.2 22 270   M    M   2        29 270
 6  71  44  58  -2   7   0 0.00  0.0    0  7.9 18 190   M    M   3        24 160
 7  72  62  67   7   0   2 0.04  0.0    0 10.9 21 200   M    M   9        29 190
 8  75  60  68   9   0   3 0.04  0.0    0 14.4 24 260   M    M   5 1      32 190
 9  70  52  61   2   4   0 0.00  0.0    0 10.8 28 270   M    M   5        35 270
10  63  49  56  -3   9   0    T  0.0    0  3.8 12 260   M    M   8        22 280
11  59  49  54  -4  11   0 0.36  0.0    0  8.4 16 360   M    M   9 1      20 360
12  64  44  54  -4  11   0 0.00  0.0    0  5.0 13 360   M    M   4        16 360
13  65  48  57  -1   8   0 0.04  0.0    0  3.3 12 190   M    M   9 18     16 190
14  79  63  71  14   0   6 0.00  0.0    0  5.8 17 180   M    M   8        23 180
15  76  69  73  16   0   8 0.23  0.0    0  8.2 16 150   M    M   9 1      24 140
16  72  60  66  10   0   1 0.81  0.0    0  8.3 17 190   M    M   7 1      24 210
17  74  58  66  10   0   1 0.00  0.0    0 10.5 21 230   M    M   5        29 220
18  70  55  63   7   2   0 0.00  0.0    0 10.9 21 270   M    M   7        25 300
19  56  43  50  -6  15   0 0.00  0.0    0 14.4 26 300   M    M   6        37 300
20  62  39  51  -4  14   0 0.00  0.0    0  7.0 16 230   M    M   7        20 170
21  67  53  60   5   5   0    T  0.0    0  5.8 16 320   M    M   8 35     23 310
================================================================================
SM 1433 1119       105  21  2.35     0.0 180.9          M      146
================================================================================
AV 68.2 53.3                               8.6 FASTST   M    M   7    MAX(MPH)
                                 MISC ---->  # 28 270               # 37  300
================================================================================
NOTES:
# LAST OF SEVERAL OCCURRENCES

COLUMN 17 PEAK WIND IN M.P.H.

PRELIMINARY LOCAL CLIMATOLOGICAL DATA (WS FORM: F-6) , PAGE 2

                                          STATION:  NEWARK NJ
                                          MONTH:    OCTOBER
                                          YEAR:     2014
                                          LATITUDE:   40 42 N
                                          LONGITUDE:  74 10 W

[TEMPERATURE DATA]      [PRECIPITATION DATA]       SYMBOLS USED IN COLUMN 16

AVERAGE MONTHLY: 60.8   TOTAL FOR MONTH:   2.35    1 = FOG OR MIST
DPTR FM NORMAL:   2.4   DPTR FM NORMAL:   -0.10    2 = FOG REDUCING VISIBILITY
HIGHEST:    79 ON 14    GRTST 24HR  1.04 ON 15-16      TO 1/4 MILE OR LESS
LOWEST:     39 ON 20                               3 = THUNDER
                        SNOW, ICE PELLETS, HAIL    4 = ICE PELLETS
                        TOTAL MONTH:   0.0 INCH    5 = HAIL
                        GRTST 24HR     0.0         6 = FREEZING RAIN OR DRIZZLE
                        GRTST DEPTH:   0           7 = DUSTSTORM OR SANDSTORM:
                                                       VSBY 1/2 MILE OR LESS
                                                   8 = SMOKE OR HAZE
[NO. OF DAYS WITH]      [WEATHER - DAYS WITH]      9 = BLOWING SNOW
                                                   X = TORNADO
MAX 32 OR BELOW:   0    0.01 INCH OR MORE:   7
MAX 90 OR ABOVE:   0    0.10 INCH OR MORE:   4
MIN 32 OR BELOW:   0    0.50 INCH OR MORE:   2
MIN  0 OR BELOW:   0    1.00 INCH OR MORE:   0

[HDD (BASE 65) ]
TOTAL THIS MO.   105    CLEAR  (SCALE 0-3)   2
DPTR FM NORMAL   -51    PTCLDY (SCALE 4-7)  11
TOTAL FM JUL 1   124    CLOUDY (SCALE 8-10)  8
DPTR FM NORMAL   -77

[CDD (BASE 65) ]
TOTAL THIS MO.    21
DPTR FM NORMAL     7    [PRESSURE DATA]
TOTAL FM JAN 1  1175    HIGHEST SLP M ON M
DPTR FM NORMAL   -13    LOWEST  SLP 29.50 ON  4

[REMARKS]
