975
CXUS52 KKEY 270554
CF6EYW
PRELIMINARY LOCAL CLIMATOLOGICAL DATA (WS FORM: F-6)

                                          STATION:   KEY WEST
                                          MONTH:     SEPTEMBER
                                          YEAR:      2016
                                          LATITUDE:   24 32 N
                                          LONGITUDE:  81 45 W

  TEMPERATURE IN F:       :PCPN:    SNOW:  WIND      :SUNSHINE: SKY     :PK WND
================================================================================
1   2   3   4   5  6A  6B    7    8   9   10  11  12  13   14  15   16   17  18
                                     12Z  AVG MX 2MIN
DY MAX MIN AVG DEP HDD CDD  WTR  SNW DPTH SPD SPD DIR MIN PSBL S-S WX    SPD DR
================================================================================

 1  88  83  86   2   0  21 0.00  0.0    0 16.6 25 180   M    M   0        30 170
 2  88  81  85   1   0  20 0.00  0.0    0 12.3 18 180   M    M   1        31 180
 3  88  81  85   1   0  20 0.00  0.0    0  5.8 12 160   M    M   0        18 150
 4  90  82  86   2   0  21 0.00  0.0    0  9.4 15 110   M    M   0        20 110
 5  90  79  85   1   0  20 0.03  0.0    0  7.4 20 100   M    M   2 13     25 100
 6  91  76  84   0   0  19 1.53  0.0    0  4.7 20  90   M    M   3 13     25  80
 7  90  78  84   0   0  19 0.09  0.0    0  8.1 21 100   M    M   3 13     27  10
 8  90  77  84   0   0  19 0.38  0.0    0  8.2 18  90   M    M   1 13     27  40
 9  91  82  87   3   0  22    T  0.0    0 11.7 25 110   M    M   3        33 100
10  86  78  82  -2   0  17 0.13  0.0    0 15.6 22 140   M    M   5 13     29 110
11  85  77  81  -3   0  16 0.94  0.0    0  9.3 21 160   M    M   2 13     28 150
12  87  75  81  -2   0  16 0.79  0.0    0  7.7 20 120   M    M   3        24 120
13  87  81  84   1   0  19    T  0.0    0  9.5 17 240   M    M   1        21 240
14  88  81  85   2   0  20 0.00  0.0    0  5.3 10  90   M    M   0        16 150
15  89  81  85   2   0  20 0.00  0.0    0  7.6 13 110   M    M   1        16 130
16  89  83  86   3   0  21 0.00  0.0    0  6.9 10 110   M    M   1        16 140
17  89  81  85   2   0  20    T  0.0    0  4.9  9 140   M    M   1        19 150
18  89  82  86   3   0  21 0.00  0.0    0  5.2 12 110   M    M   1        15 130
19  89  82  86   3   0  21 0.00  0.0    0  5.1 10 120   M    M   1        12 110
20  92  83  88   5   0  23    T  0.0    0  4.3 14 330   M    M   4 3      18 320
21  90  78  84   1   0  19 0.33  0.0    0  4.5 17  70   M    M   2 13     24  80
22  89  79  84   1   0  19    T  0.0    0  4.7 14 300   M    M   1 3      18 360
23  89  76  83   0   0  18 1.93  0.0    0  3.3 18 150   M    M   3 13     23 150
24  90  75  83   0   0  18 0.83  0.0    0  3.5 26 110   M    M   2 138    32 110
25  90  80  85   2   0  20 0.09  0.0    0  6.1 12 140   M    M   3 3X     17  70
26  87  77  82  -1   0  17 0.62  0.0    0  5.0 17 100   M    M   2 13     23 100
================================================================================
SM 2311 2068         0 506  7.69     0.0 192.7          M       46
================================================================================
AV 88.9 79.5                               7.4 FASTST   M    M   2    MAX(MPH)
                                 MISC ---->  # 26 110               # 33  100
================================================================================
NOTES:
# LAST OF SEVERAL OCCURRENCES

COLUMN 17 PEAK WIND IN M.P.H.

PRELIMINARY LOCAL CLIMATOLOGICAL DATA (WS FORM: F-6) , PAGE 2

                                          STATION:  KEY WEST
                                          MONTH:    SEPTEMBER
                                          YEAR:     2016
                                          LATITUDE:   24 32 N
                                          LONGITUDE:  81 45 W

[TEMPERATURE DATA]      [PRECIPITATION DATA]       SYMBOLS USED IN COLUMN 16

AVERAGE MONTHLY: 84.2   TOTAL FOR MONTH:   7.69    1 = FOG OR MIST
DPTR FM NORMAL:   0.8   DPTR FM NORMAL:    1.85    2 = FOG REDUCING VISIBILITY
HIGHEST:    92 ON 20    GRTST 24HR  1.93 ON 23-23      TO 1/4 MILE OR LESS
LOWEST:     75 ON 24,12                            3 = THUNDER
                        SNOW, ICE PELLETS, HAIL    4 = ICE PELLETS
                        TOTAL MONTH:   0.0 INCH    5 = HAIL
                        GRTST 24HR     0.0         6 = FREEZING RAIN OR DRIZZLE
                        GRTST DEPTH:   0           7 = DUSTSTORM OR SANDSTORM:
                                                       VSBY 1/2 MILE OR LESS
                                                   8 = SMOKE OR HAZE
[NO. OF DAYS WITH]      [WEATHER - DAYS WITH]      9 = BLOWING SNOW
                                                   X = TORNADO
MAX 32 OR BELOW:   0    0.01 INCH OR MORE:  12
MAX 90 OR ABOVE:  10    0.10 INCH OR MORE:   9
MIN 32 OR BELOW:   0    0.50 INCH OR MORE:   6
MIN  0 OR BELOW:   0    1.00 INCH OR MORE:   2

[HDD (BASE 65) ]
TOTAL THIS MO.     0    CLEAR  (SCALE 0-3)  21
DPTR FM NORMAL     0    PTCLDY (SCALE 4-7)   5
TOTAL FM JUL 1     0    CLOUDY (SCALE 8-10)  0
DPTR FM NORMAL     0

[CDD (BASE 65) ]
TOTAL THIS MO.   506
DPTR FM NORMAL    28    [PRESSURE DATA]
TOTAL FM JAN 1  3813    HIGHEST SLP M ON M
DPTR FM NORMAL   146    LOWEST  SLP 29.87 ON  1

[REMARKS]
