000
CXUS56 KHNX 261146
CF6FAT
PRELIMINARY LOCAL CLIMATOLOGICAL DATA (WS FORM: F-6)

                                          STATION:   FRESNO CA
                                          MONTH:     MARCH
                                          YEAR:      2015
                                          LATITUDE:   36 46 N
                                          LONGITUDE: 119 43 W

  TEMPERATURE IN F:       :PCPN:    SNOW:  WIND      :SUNSHINE: SKY     :PK WND
================================================================================
1   2   3   4   5  6A  6B    7    8   9   10  11  12  13   14  15   16   17  18
                                     12Z  AVG MX 2MIN
DY MAX MIN AVG DEP HDD CDD  WTR  SNW DPTH SPD SPD DIR MIN PSBL S-S WX    SPD DR
================================================================================

 1  64  41  53  -1  12   0 0.00  0.0    0  3.0 10 200   M    M   7 3      13 150
 2  59  46  53  -2  12   0 0.05  0.0    0  6.6 14 130   M    M   7        18 120
 3  64  41  53  -2  12   0 0.00  0.0    0  4.8 14 310   M    M   3        19 290
 4  69  43  56   1   9   0 0.00  0.0    0  3.0 10 140   M    M   4 18     13 150
 5  73  42  58   3   7   0 0.00  0.0    0  3.2  9 330   M    M   0        12 320
 6  74  43  59   4   6   0 0.00  0.0    0  1.1  8 330   M    M   0        13 320
 7  76  44  60   4   5   0 0.00  0.0    0  3.2  8 120   M    M   1        10 120
 8  78  46  62   6   3   0 0.00  0.0    0  3.1 13 320   M    M   2 8      17 310
 9  79  47  63   7   2   0 0.00  0.0    0  2.5  8 300   M    M   1        12 290
10  82  50  66  10   0   1 0.00  0.0    0  3.7  9  80   M    M   6        14  90
11  75  57  66  10   0   1 0.01  0.0    0  6.5 18  50   M    M   8 8      26 360
12  73  50  62   6   3   0 0.00  0.0    0  4.4 13 310   M    M   4 18     14 310
13  81  49  65   9   0   0 0.00  0.0    0  2.4  9 130   M    M   5 18     12 130
14  88  57  73  17   0   8 0.00  0.0    0  3.3 10 140   M    M   8        13 140
15  91  60  76  20   0  11 0.00  0.0    0  5.7 17 320   M    M   7        22 310
16  80  52  66   9   0   1 0.00  0.0    0  7.5 16 310   M    M   6        20 300
17  74  56  65   8   0   0 0.00  0.0    0  6.1 14 310   M    M   8        17 310
18  76  52  64   7   1   0 0.00  0.0    0  7.3 14 300   M    M   6        16 340
19  80  52  66   9   0   1 0.00  0.0    0  3.1 10 300   M    M   1        14 290
20  81  53  67  10   0   2 0.00  0.0    0  5.1 17 300   M    M   5        21 300
21  79  49  64   7   1   0 0.00  0.0    0  4.4 10 300   M    M   6        11 300
22  78  54  66   9   0   1 0.00  0.0    0  8.1 22 310   M    M   7        26 310
23  72  50  61   3   4   0 0.00  0.0    0 12.1 20 310   M    M   6        26 310
24  72  50  61   3   4   0 0.00  0.0    0 10.9 20 310   M    M   5        27 320
25  77  49  63   5   2   0 0.00  0.0    0  5.1 12 300   M    M   1        15 310
================================================================================
SM 1895 1233        83  26  0.06     0.0 126.2          M      114
================================================================================
AV 75.8 49.3                               5.0 FASTST   M    M   5    MAX(MPH)
                                 MISC ---->  # 22 310               # 27  320
================================================================================
NOTES:
# LAST OF SEVERAL OCCURRENCES

COLUMN 17 PEAK WIND IN M.P.H.

PRELIMINARY LOCAL CLIMATOLOGICAL DATA (WS FORM: F-6) , PAGE 2

                                          STATION:  FRESNO CA
                                          MONTH:    MARCH
                                          YEAR:     2015
                                          LATITUDE:   36 46 N
                                          LONGITUDE: 119 43 W

[TEMPERATURE DATA]      [PRECIPITATION DATA]       SYMBOLS USED IN COLUMN 16

AVERAGE MONTHLY: 62.6   TOTAL FOR MONTH:   0.06    1 = FOG OR MIST
DPTR FM NORMAL:   6.3   DPTR FM NORMAL:   -1.65    2 = FOG REDUCING VISIBILITY
HIGHEST:    91 ON 15    GRTST 24HR  0.05 ON  2- 2      TO 1/4 MILE OR LESS
LOWEST:     41 ON  3, 1                            3 = THUNDER
                        SNOW, ICE PELLETS, HAIL    4 = ICE PELLETS
                        TOTAL MONTH:   0.0 INCH    5 = HAIL
                        GRTST 24HR     0.0         6 = FREEZING RAIN OR DRIZZLE
                        GRTST DEPTH:   0           7 = DUSTSTORM OR SANDSTORM:
                                                       VSBY 1/2 MILE OR LESS
                                                   8 = SMOKE OR HAZE
[NO. OF DAYS WITH]      [WEATHER - DAYS WITH]      9 = BLOWING SNOW
                                                   X = TORNADO
MAX 32 OR BELOW:   0    0.01 INCH OR MORE:   2
MAX 90 OR ABOVE:   1    0.10 INCH OR MORE:   0
MIN 32 OR BELOW:   0    0.50 INCH OR MORE:   0
MIN  0 OR BELOW:   0    1.00 INCH OR MORE:   0

[HDD (BASE 65) ]
TOTAL THIS MO.    83    CLEAR  (SCALE 0-3)   8
DPTR FM NORMAL  -140    PTCLDY (SCALE 4-7)  16
TOTAL FM JUL 1  1409    CLOUDY (SCALE 8-10)  1
DPTR FM NORMAL  -726

[CDD (BASE 65) ]
TOTAL THIS MO.    26
DPTR FM NORMAL    26    [PRESSURE DATA]
TOTAL FM JAN 1    26    HIGHEST SLP M ON M
DPTR FM NORMAL    26    LOWEST  SLP 29.84 ON  2

[REMARKS]
