000
CXUS56 KHNX 181146
CF6FAT
PRELIMINARY LOCAL CLIMATOLOGICAL DATA (WS FORM: F-6)

                                          STATION:   FRESNO CA
                                          MONTH:     APRIL
                                          YEAR:      2014
                                          LATITUDE:   36 46 N
                                          LONGITUDE: 119 43 W

  TEMPERATURE IN F:       :PCPN:    SNOW:  WIND      :SUNSHINE: SKY     :PK WND
================================================================================
1   2   3   4   5  6A  6B    7    8   9   10  11  12  13   14  15   16   17  18
                                     12Z  AVG MX 2MIN
DY MAX MIN AVG DEP HDD CDD  WTR  SNW DPTH SPD SPD DIR MIN PSBL S-S WX    SPD DR
================================================================================

 1  62  43  53  -6  12   0 0.12  0.0    0  6.7 16 230   M    M   7 1      22 140
 2  64  46  55  -4  10   0    T  0.0    0  6.2 16 310   M    M   6 1      24 300
 3  69  46  58  -1   7   0 0.00  0.0    0  2.8 13 320   M    M   6        16 320
 4  67  48  58  -1   7   0 0.00  0.0    0  8.2 22 300   M    M   6        25 300
 5  70  47  59   0   6   0 0.00  0.0    0  9.1 16 300   M    M   5 18     21 310
 6  76  49  63   3   2   0 0.00  0.0    0  3.9  9 160   M    M   1 8      12 180
 7  89  54  72  12   0   7 0.00  0.0    0  2.5  8 260   M    M   0        12 240
 8  91  58  75  15   0  10 0.00  0.0    0  3.3 10 230   M    M   5        14 250
 9  90  59  75  15   0  10 0.00  0.0    0  4.1 13 320   M    M   5        16 150
10  90  58  74  14   0   9 0.00  0.0    0  4.3  9 320   M    M   4        13 350
11  90  63  77  16   0  12 0.00  0.0    0  7.5 17 300   M    M   8 8      23 290
12  82  58  70   9   0   5 0.00  0.0    0  8.6 15 310   M    M   4        17 300
13  80  53  67   6   0   2 0.00  0.0    0  7.6 15 310   M    M   1        27  20
14  87  57  72  11   0   7 0.00  0.0    0  3.9 12 310   M    M   2 8      17 210
15  91  60  76  14   0  11 0.00  0.0    0  6.8 17 320   M    M   4        21 280
16  88  57  73  11   0   8 0.00  0.0    0  6.7 18 310   M    M   2        25 300
17  88  59  74  12   0   9 0.00  0.0    0  6.0 16 310   M    M   7        21 320
================================================================================
SM 1374  915        44  90  0.12     0.0  98.2          M       73
================================================================================
AV 80.8 53.8                               5.8 FASTST   M    M   4    MAX(MPH)
                                 MISC ---->  # 22 300               # 27   20
================================================================================
NOTES:
# LAST OF SEVERAL OCCURRENCES

COLUMN 17 PEAK WIND IN M.P.H.

PRELIMINARY LOCAL CLIMATOLOGICAL DATA (WS FORM: F-6) , PAGE 2

                                          STATION:  FRESNO CA
                                          MONTH:    APRIL
                                          YEAR:     2014
                                          LATITUDE:   36 46 N
                                          LONGITUDE: 119 43 W

[TEMPERATURE DATA]      [PRECIPITATION DATA]       SYMBOLS USED IN COLUMN 16

AVERAGE MONTHLY: 67.3   TOTAL FOR MONTH:   0.12    1 = FOG OR MIST
DPTR FM NORMAL:   7.0   DPTR FM NORMAL:   -0.48    2 = FOG REDUCING VISIBILITY
HIGHEST:    91 ON 15, 8 GRTST 24HR  0.18 ON 31- 1      TO 1/4 MILE OR LESS
LOWEST:     43 ON  1                               3 = THUNDER
                        SNOW, ICE PELLETS, HAIL    4 = ICE PELLETS
                        TOTAL MONTH:   0.0 INCH    5 = HAIL
                        GRTST 24HR     0.0         6 = FREEZING RAIN OR DRIZZLE
                        GRTST DEPTH:   0           7 = DUSTSTORM OR SANDSTORM:
                                                       VSBY 1/2 MILE OR LESS
                                                   8 = SMOKE OR HAZE
[NO. OF DAYS WITH]      [WEATHER - DAYS WITH]      9 = BLOWING SNOW
                                                   X = TORNADO
MAX 32 OR BELOW:   0    0.01 INCH OR MORE:   1
MAX 90 OR ABOVE:   5    0.10 INCH OR MORE:   1
MIN 32 OR BELOW:   0    0.50 INCH OR MORE:   0
MIN  0 OR BELOW:   0    1.00 INCH OR MORE:   0

[HDD (BASE 65) ]
TOTAL THIS MO.    44    CLEAR  (SCALE 0-3)   5
DPTR FM NORMAL   -53    PTCLDY (SCALE 4-7)  12
TOTAL FM JUL 1  1477    CLOUDY (SCALE 8-10)  0
DPTR FM NORMAL  -797

[CDD (BASE 65) ]
TOTAL THIS MO.    90
DPTR FM NORMAL    73    [PRESSURE DATA]
TOTAL FM JAN 1   102    HIGHEST SLP M ON M
DPTR FM NORMAL    80    LOWEST  SLP 29.73 ON M

[REMARKS]
