000
CXUS52 KRAH 241345
CF6FAY
PRELIMINARY LOCAL CLIMATOLOGICAL DATA (WS FORM: F-6)

                                          STATION:   FAYETTEVILLE REGL AIRPORT NC
                                          MONTH:     NOVEMBER
                                          YEAR:      2017
                                          LATITUDE:   35  0 N
                                          LONGITUDE:  78 53 W

  TEMPERATURE IN F:       :PCPN:    SNOW:  WIND      :SUNSHINE: SKY     :PK WND
================================================================================
1   2   3   4   5  6A  6B    7    8   9   10  11  12  13   14  15   16   17  18
                                     12Z  AVG MX 2MIN
DY MAX MIN AVG DEP HDD CDD  WTR  SNW DPTH SPD SPD DIR MIN PSBL S-S WX    SPD DR
================================================================================

 1  77  46  62   3   3   0 0.00    M    M  4.5 13 160   M    M   0        16 170
 2  80  58  69  10   0   4 0.00    M    M  1.7  9 200   M    M   1 1      11 210
 3  83  53  68  10   0   3 0.00    M    M  3.4 13 270   M    M   0        15 290
 4  78  57  68  10   0   3 0.00    M    M  7.2 15  30   M    M   4        19  60
 5  66  57  62   4   3   0 0.00    M    M  3.3  9  10   M    M   8 1      11  20
 6  80  53  67   9   0   2 0.00    M    M  4.6 14 240   M    M   4 12     17 240
 7  75  54  65   8   0   0 0.05    M    M  5.4 18  30   M    M   7 1      23  30
 8  54  47  51  -6  14   0 0.06    M    M 11.5 21  10   M    M  10 1      24  20
 9  52  47  50  -7  15   0 0.19    M    M  5.8 12 340   M    M  10 1      15 340
10  62  42  52  -5  13   0 0.00    M    M  9.2 18  10   M    M   2        24  10
11  51  31  41 -15  24   0 0.00  0.0    0  8.3 18  30   M    M   0        24  30
12  58  31  45 -11  20   0 0.00  0.0    0  6.7 12 330   M    M   6        16  10
13  66  44  55  -1  10   0 0.19    M    M  6.2 17  20   M    M   5 1      20  20
14  57  39  48  -7  17   0 0.00    M    M  9.3 18  20   M    M   1 1      22  30
15  57  37  47  -8  18   0 0.00    M    M  6.1 15  30   M    M   0 8      18  30
16  69  38  54  -1  11   0 0.00    M    M  6.1 13 260   M    M   0        17 310
17  60  37  49  -6  16   0 0.00    M    M  4.1 13  30   M    M   0        16  40
18  70  33  52  -2  13   0 0.00    M    M  8.1 21 210   M    M   1        28 180
19  67  43  55   1  10   0 0.05    M    M 13.3 28 220   M    M   2        35 230
20  59  34  47  -7  18   0 0.00    M    M  3.3 13 350   M    M   0        16 350
21  65  31  48  -5  17   0 0.00    M    M  3.3  8 100   M    M   4        10 110
22  68  47  58   5   7   0    T    M    M  8.6 17 320   M    M   3 1      22 350
23  49  35  42 -11  23   0 0.00    M    M  6.7 14  30   M    M   0        16  20
================================================================================
SM 1503  994       252  12  0.54     0.0 146.7          M       68
================================================================================
AV 65.4 43.2                               6.4 FASTST   M    M   3    MAX(MPH)
                                 MISC ---->  # 28 220               # 35  230
================================================================================
NOTES:
# LAST OF SEVERAL OCCURRENCES

COLUMN 17 PEAK WIND IN M.P.H.

PRELIMINARY LOCAL CLIMATOLOGICAL DATA (WS FORM: F-6) , PAGE 2

                                          STATION:  FAYETTEVILLE REGL AIRPORT NC
                                          MONTH:    NOVEMBER
                                          YEAR:     2017
                                          LATITUDE:   35  0 N
                                          LONGITUDE:  78 53 W

[TEMPERATURE DATA]      [PRECIPITATION DATA]       SYMBOLS USED IN COLUMN 16

AVERAGE MONTHLY: 54.3   TOTAL FOR MONTH:   0.54    1 = FOG OR MIST
DPTR FM NORMAL:  -1.7   DPTR FM NORMAL:   -1.55    2 = FOG REDUCING VISIBILITY
HIGHEST:    83 ON  3    GRTST 24HR  0.19 ON 13-13      TO 1/4 MILE OR LESS
LOWEST:     31 ON 21,12                            3 = THUNDER
                        SNOW, ICE PELLETS, HAIL    4 = ICE PELLETS
                        TOTAL MONTH:   0.0 INCH    5 = HAIL
                        GRTST 24HR     0.0         6 = FREEZING RAIN OR DRIZZLE
                        GRTST DEPTH:   0           7 = DUSTSTORM OR SANDSTORM:
                                                       VSBY 1/2 MILE OR LESS
                                                   8 = SMOKE OR HAZE
[NO. OF DAYS WITH]      [WEATHER - DAYS WITH]      9 = BLOWING SNOW
                                                   X = TORNADO
MAX 32 OR BELOW:   0    0.01 INCH OR MORE:   5
MAX 90 OR ABOVE:   0    0.10 INCH OR MORE:   2
MIN 32 OR BELOW:   3    0.50 INCH OR MORE:   0
MIN  0 OR BELOW:   0    1.00 INCH OR MORE:   0

[HDD (BASE 65) ]
TOTAL THIS MO.   252    CLEAR  (SCALE 0-3)  13
DPTR FM NORMAL    29    PTCLDY (SCALE 4-7)   8
TOTAL FM JUL 1   333    CLOUDY (SCALE 8-10)  2
DPTR FM NORMAL   -17

[CDD (BASE 65) ]
TOTAL THIS MO.    12
DPTR FM NORMAL     1    [PRESSURE DATA]
TOTAL FM JAN 1  2455    HIGHEST SLP M ON M
DPTR FM NORMAL   466    LOWEST  SLP 29.48 ON 19

[REMARKS]
