927
CXUS52 KFFC 261110
CF6FFC
PRELIMINARY LOCAL CLIMATOLOGICAL DATA (WS FORM: F-6)

                                          STATION:   PEACHTREE CITY
                                          MONTH:     AUGUST
                                          YEAR:      2016
                                          LATITUDE:   33 20 N
                                          LONGITUDE:  84 34 W

  TEMPERATURE IN F:       :PCPN:    SNOW:  WIND      :SUNSHINE: SKY     :PK WND
================================================================================
1   2   3   4   5  6A  6B    7    8   9   10  11  12  13   14  15   16   17  18
                                     12Z  AVG MX 2MIN
DY MAX MIN AVG DEP HDD CDD  WTR  SNW DPTH SPD SPD DIR MIN PSBL S-S WX    SPD DR
================================================================================

 1  91  71  81   1   0  16 0.16  0.0    M  1.7 24 320   M    M   2 13     34 320
 2  93  72  83   3   0  18 0.14  0.0    M  2.4 24 330   M    M   5 13     33 330
 3  93  72  83   3   0  18 0.00  0.0    M  3.5 12 330   M    M   4 1      16 320
 4  95  73  84   4   0  19 0.40    M    M  3.0 25 310   M    M   3 13     31 320
 5  95  72  84   5   0  19 0.00    M    M  2.3 18 320   M    M   5 13     26 320
 6  94  70  82   3   0  17 0.30    M    M  2.1 21 330   M    M   1 13     28 330
 7  94  72  83   4   0  18    T    M    M  3.3 13 130   M    M   0 138    16 130
 8  89  75  82   3   0  17 0.12  0.0    M  6.2 13  60   M    M   7        17  M
 9  87  75  81   2   0  16 0.12    M    M  9.8 20 120   M    M   6 1      25 120
10  86  74  80   1   0  15 0.09    M    M  7.6 20 110   M    M   6 138    26 120
11  90  73  82   3   0  17 0.00    M    M  6.9 16 130   M    M   7        21 130
12  91  70  81   2   0  16 0.00  0.0    0  4.2 15 140   M    M   2        20 140
13  92  71  82   3   0  17 0.03  0.0    0  2.9 24 130   M    M   5        27 140
14  93  68  81   2   0  16 0.02  0.0    0  3.0 13 260   M    M   2 13     20 190
15  92  70  81   2   0  16 0.00  0.0    0  3.0 14 130   M    M   1        20 150
16  92  70  81   2   0  16 0.09  0.0    M  1.5 24 140   M    M   2 38     35 150
17  94  70  82   3   0  17 0.00    M    M  2.9 12 330   M    M   1 3      13 330
18  96  70  83   4   0  18 0.69  0.0    M  2.6 20 270   M    M   1 13     26 260
19  89  71  80   1   0  15 0.24  0.0    M  2.2 23 320   M    M   3 13     27 320
20  88  72  80   2   0  15 0.07  0.0    0  2.7 14 270   M    M   3 1      20 290
21  89  71  80   2   0  15 0.05  0.0    0  3.9 16 310   M    M   2 13     23 250
22  88  69  79   1   0  14 0.00  0.0    0  3.1 12 330   M    M   1 1      14 320
23  92  68  80   2   0  15 0.00  0.0    0  1.8  9 310   M    M   1 1      12 300
24  87  71  79   1   0  14 0.14  0.0    0  2.5 15  90   M    M   4 13     24  80
25  91  68  80   2   0  15 0.00  0.0    M  1.4 10 140   M    M   2 1      14  10
================================================================================
SM 2281 1778         0 409  2.66     0.0  86.5          M       76
================================================================================
AV 91.2 71.1                               3.5 FASTST   M    M   3    MAX(MPH)
                                 MISC ---->  # 25 310               # 35  150
================================================================================
NOTES:
# LAST OF SEVERAL OCCURRENCES

COLUMN 17 PEAK WIND IN M.P.H.

PRELIMINARY LOCAL CLIMATOLOGICAL DATA (WS FORM: F-6) , PAGE 2

                                          STATION:  PEACHTREE CITY
                                          MONTH:    AUGUST
                                          YEAR:     2016
                                          LATITUDE:   33 20 N
                                          LONGITUDE:  84 34 W

[TEMPERATURE DATA]      [PRECIPITATION DATA]       SYMBOLS USED IN COLUMN 16

AVERAGE MONTHLY: 81.2   TOTAL FOR MONTH:   2.66    1 = FOG OR MIST
DPTR FM NORMAL:   2.3   DPTR FM NORMAL:   -0.79    2 = FOG REDUCING VISIBILITY
HIGHEST:    96 ON 18    GRTST 24HR  0.85 ON 18-19      TO 1/4 MILE OR LESS
LOWEST:     68 ON 25,23                            3 = THUNDER
                        SNOW, ICE PELLETS, HAIL    4 = ICE PELLETS
                        TOTAL MONTH:   0.0 INCH    5 = HAIL
                        GRTST 24HR     0.0         6 = FREEZING RAIN OR DRIZZLE
                        GRTST DEPTH:   0           7 = DUSTSTORM OR SANDSTORM:
                                                       VSBY 1/2 MILE OR LESS
                                                   8 = SMOKE OR HAZE
[NO. OF DAYS WITH]      [WEATHER - DAYS WITH]      9 = BLOWING SNOW
                                                   X = TORNADO
MAX 32 OR BELOW:   0    0.01 INCH OR MORE:  15
MAX 90 OR ABOVE:  17    0.10 INCH OR MORE:   9
MIN 32 OR BELOW:   0    0.50 INCH OR MORE:   1
MIN  0 OR BELOW:   0    1.00 INCH OR MORE:   0

[HDD (BASE 65) ]
TOTAL THIS MO.     0    CLEAR  (SCALE 0-3)  16
DPTR FM NORMAL     0    PTCLDY (SCALE 4-7)   9
TOTAL FM JUL 1     0    CLOUDY (SCALE 8-10)  0
DPTR FM NORMAL     0

[CDD (BASE 65) ]
TOTAL THIS MO.   409
DPTR FM NORMAL    64    [PRESSURE DATA]
TOTAL FM JAN 1  1551    HIGHEST SLP M ON M
DPTR FM NORMAL   246    LOWEST  SLP 29.83 ON  6

[REMARKS]
