000
CXUS52 KFFC 011110
CF6FFC
PRELIMINARY LOCAL CLIMATOLOGICAL DATA (WS FORM: F-6)

                                          STATION:   PEACHTREE CITY
                                          MONTH:     AUGUST
                                          YEAR:      2015
                                          LATITUDE:   33 20 N
                                          LONGITUDE:  84 34 W

  TEMPERATURE IN F:       :PCPN:    SNOW:  WIND      :SUNSHINE: SKY     :PK WND
================================================================================
1   2   3   4   5  6A  6B    7    8   9   10  11  12  13   14  15   16   17  18
                                     12Z  AVG MX 2MIN
DY MAX MIN AVG DEP HDD CDD  WTR  SNW DPTH SPD SPD DIR MIN PSBL S-S WX    SPD DR
================================================================================

 1  90  69  80   0   0  15 0.00  0.0    M  3.9 14  20   M    M   2        19  20
 2  96  67  82   2   0  17 0.00  0.0    M  2.7 12 130   M    M   2        15  40
 3  96  70  83   3   0  18 0.00  0.0    M  2.3 10 350   M    M   2 1      14 350
 4  98  69  84   4   0  19 0.00  0.0    M  1.7 12 320   M    M   0 1      14 320
 5  96  70  83   4   0  18 0.00  0.0    M  3.0 20 120   M    M   2 13     29 130
 6  90  73  82   3   0  17 0.55    M    M  3.9 22 280   M    M   5 13     33 270
 7  90  70  80   1   0  15 0.04    M    M  5.7 16 320   M    M   4 1      21 320
 8  93  68  81   2   0  16 0.00    M    M  1.9  8  90   M    M   1 1      12 100
 9  93  70  82   3   0  17 0.00    M    M  2.3 10 130   M    M   1        13 120
10  93  72  83   4   0  18    T    M    M  2.9 12 290   M    M   1 3      16 250
11  91  72  82   3   0  17 0.01    M    M  3.4 15 320   M    M   4 8      20 320
12  91  68  80   1   0  15 0.00    M    M  6.4 15 340   M    M   0        24 330
13  88  65  77  -2   0  12 0.01    M    M  3.5 15 120   M    M   2 13     20 120
14  91  68  80   1   0  15 0.00    M    M  4.0 15 120   M    M   4 1      20 130
15  92  64  78  -1   0  13 0.00    M    M  2.7 14 140   M    M   1 1      19 130
16  92  66  79   0   0  14 0.01    M    M  3.5 14  80   M    M   2 13     18  30
17  89  72  81   2   0  16    T    M    M  3.4 13 220   M    M   7 13     26 200
18  89  71  80   1   0  15 0.07    M    M  2.1 14 170   M    M   6 138    21 160
19  88  73  81   2   0  16 0.09  0.0    0  2.3 13 170   M    M   4 13     21 180
20  87  71  79   1   0  14 0.16    M    M  2.6 18 290   M    M   4 138    27 310
21  89  72  81   3   0  16 0.02  0.0    M  2.2 10 320   M    M   1 138    14 310
22  90  71  81   3   0  16 0.00  0.0    M  0.8  7 290   M    M   1 18      9 140
23  86  70  78   0   0  13 1.20    M    M  3.6 16 320   M    M   3 13     20 320
24  89  70  80   2   0  15 0.00  0.0    M  5.7 14 350   M    M   1 18     19 320
25  84  63  74  -4   0   9 0.00  0.0    M  7.1 15 340   M    M   0 18     19 310
26  86  57  72  -6   0   7 0.00  0.0    M  4.4 10 350   M    M   1 18     14 330
27  85  62  74  -4   0   9 0.00  0.0    0  3.7 13 120   M    M   2 18     17 120
28  83  65  74  -3   0   9 0.00  0.0    0  4.6 14  90   M    M   5 18     18  80
29  78  67  73  -4   0   8 0.21  0.0    0  1.9 12 130   M    M   7 18     14 140
30  77  67  72  -5   0   7 0.90  0.0    0  3.2 10  90   M    M   9 1238   14  50
31  82  67  75  -2   0  10    T  0.0    0  2.8  8 350   M    M   7 18     10 350
================================================================================
SM 2762 2119         0 436  3.27     0.0 104.2          M       91
================================================================================
AV 89.1 68.4                               3.4 FASTST   M    M   3    MAX(MPH)
                                 MISC ---->  # 22 280               # 33  270
================================================================================
NOTES:
# LAST OF SEVERAL OCCURRENCES

COLUMN 17 PEAK WIND IN M.P.H.

PRELIMINARY LOCAL CLIMATOLOGICAL DATA (WS FORM: F-6) , PAGE 2

                                          STATION:  PEACHTREE CITY
                                          MONTH:    AUGUST
                                          YEAR:     2015
                                          LATITUDE:   33 20 N
                                          LONGITUDE:  84 34 W

[TEMPERATURE DATA]      [PRECIPITATION DATA]       SYMBOLS USED IN COLUMN 16

AVERAGE MONTHLY: 78.7   TOTAL FOR MONTH:   3.27    1 = FOG OR MIST
DPTR FM NORMAL:   0.1   DPTR FM NORMAL:   -1.05    2 = FOG REDUCING VISIBILITY
HIGHEST:    98 ON  4    GRTST 24HR  1.20 ON 23-23      TO 1/4 MILE OR LESS
LOWEST:     57 ON 26                               3 = THUNDER
                        SNOW, ICE PELLETS, HAIL    4 = ICE PELLETS
                        TOTAL MONTH:   0.0 INCH    5 = HAIL
                        GRTST 24HR     0.0         6 = FREEZING RAIN OR DRIZZLE
                        GRTST DEPTH:   0           7 = DUSTSTORM OR SANDSTORM:
                                                       VSBY 1/2 MILE OR LESS
                                                   8 = SMOKE OR HAZE
[NO. OF DAYS WITH]      [WEATHER - DAYS WITH]      9 = BLOWING SNOW
                                                   X = TORNADO
MAX 32 OR BELOW:   0    0.01 INCH OR MORE:  12
MAX 90 OR ABOVE:  16    0.10 INCH OR MORE:   5
MIN 32 OR BELOW:   0    0.50 INCH OR MORE:   3
MIN  0 OR BELOW:   0    1.00 INCH OR MORE:   1

[HDD (BASE 65) ]
TOTAL THIS MO.     0    CLEAR  (SCALE 0-3)  19
DPTR FM NORMAL     0    PTCLDY (SCALE 4-7)  11
TOTAL FM JUL 1     0    CLOUDY (SCALE 8-10)  1
DPTR FM NORMAL     0

[CDD (BASE 65) ]
TOTAL THIS MO.   436
DPTR FM NORMAL    16    [PRESSURE DATA]
TOTAL FM JAN 1  1659    HIGHEST SLP 30.20 ON 29
DPTR FM NORMAL   279    LOWEST  SLP 29.81 ON  7

[REMARKS]
#FINAL-08-15#
