000
CXUS53 KLMK 290800
CF6FFT
PRELIMINARY LOCAL CLIMATOLOGICAL DATA (WS FORM: F-6)

                                          STATION:   FRANKFORT KY
                                          MONTH:     JUNE
                                          YEAR:      2015
                                          LATITUDE:   38 10 N
                                          LONGITUDE:  84 54 W

  TEMPERATURE IN F:       :PCPN:    SNOW:  WIND      :SUNSHINE: SKY     :PK WND
================================================================================
1   2   3   4   5  6A  6B    7    8   9   10  11  12  13   14  15   16   17  18
                                     12Z  AVG MX 2MIN
DY MAX MIN AVG DEP HDD CDD  WTR  SNW DPTH SPD SPD DIR MIN PSBL S-S WX    SPD DR
================================================================================

 1  62  53  58 -11   7   0 0.43    M    M  6.5 12  40   M    M  10 1      16  40
 2  62  54  58 -11   7   0 0.00    M    M  5.3 10  80   M    M  10 1      13  40
 3  69  56  63  -6   2   0 0.00    M    M  3.4  9  80   M    M   9 18     13  80
 4  82  52  67  -3   0   2 0.00    M    M  2.5 12 190   M    M   2 1      17 230
 5  86  54  70   0   0   5 0.00    M    M  2.2  9 320   M    M   1 1      14 280
 6  83  63  73   3   0   8 0.00    M    M  5.8 13  80   M    M   2 18     16  50
 7  90  57  74   4   0   9 0.00    M    M  7.5 18 230   M    M   1 18     24 230
 8  81  67  74   3   0   9 0.10    M    M  8.7 17 200   M    M   3 138    23 200
 9  86  59  73   2   0   8 0.15    M    M  4.3 14 350   M    M   3 18     19 340
10  89  58  74   3   0   9 0.00    M    M  4.3 14 200   M    M   0 18     19 170
11  92  62  77   5   0  12 0.00    M    M  7.6 14 230   0    0   0        19 210
12  91  71  81   9   0  16 0.00    M    M 10.5 20 210   M    M   1        29 180
13  90  72  81   9   0  16 0.00    M    M  9.3 16 200   M    M   2        20 240
14  91  73  82  10   0  17    T    M    M  8.7 20 220   M    M   2        27 210
15  92  71  82   9   0  17 0.01    M    M  8.2 21 230   M    M   2        27 230
16  90  72  81   8   0  16 0.47    M    M  7.1 14 330   M    M   5 13     22 310
17  88  71  80   7   0  15 0.39    M    M  5.2 17 220   M    M   2 13     22 210
18  90  68  79   6   0  14 1.34    M    M  4.9 15 340   M    M   3 13     21 340
19  83  69  76   2   0  11 0.33    M    M  6.2 17 180   M    M   6 13     24 200
20  83  69  76   2   0  11 1.20    M    M  8.9 20 160   M    M   6 1      26 170
21  88  68  78   4   0  13 0.04    M    M  6.5 15 210   M    M   2 1      22 280
22  88  68  78   4   0  13 0.01    M    M  5.9 14 170   M    M   1 1      19 170
23  90  73  82   8   0  17 0.00    M    M  8.9 16 230   M    M   4 3      24 250
24  85  65  75   0   0  10 0.00    M    M  2.7  9 340   M    M   0        13 350
25  88  63  76   1   0  11    T    M    M  4.7 33 340   M    M   2 3      47 340
26  87  68  78   3   0  13 0.91    M    M  5.4 22 300   M    M   6 13     35 280
27  74  61  68  -7   0   3 0.06    M    M  9.4 20 340   M    M   8 1      28 320
28  79  59  69  -6   0   4 0.00    M    M  6.0 14 330   M    M   1        21 330
================================================================================
SM 2359 1796        16 279  5.44    M    176.6            0     94
================================================================================
AV 84.2 64.1                               6.3 FASTST    0   0   3    MAX(MPH)
                                 MISC ---->  # 33 340               # 47  340
================================================================================
NOTES:
# LAST OF SEVERAL OCCURRENCES

COLUMN 17 PEAK WIND IN M.P.H.

PRELIMINARY LOCAL CLIMATOLOGICAL DATA (WS FORM: F-6) , PAGE 2

                                          STATION:  FRANKFORT KY
                                          MONTH:    JUNE
                                          YEAR:     2015
                                          LATITUDE:   38 10 N
                                          LONGITUDE:  84 54 W

[TEMPERATURE DATA]      [PRECIPITATION DATA]       SYMBOLS USED IN COLUMN 16

AVERAGE MONTHLY: 74.2   TOTAL FOR MONTH:   5.44    1 = FOG OR MIST
DPTR FM NORMAL:   1.9   DPTR FM NORMAL:    1.58    2 = FOG REDUCING VISIBILITY
HIGHEST:    92 ON 15,11 GRTST 24HR  1.53 ON 19-20      TO 1/4 MILE OR LESS
LOWEST:     52 ON  4                               3 = THUNDER
                        SNOW, ICE PELLETS, HAIL    4 = ICE PELLETS
                        TOTAL MONTH:    M          5 = HAIL
                        GRTST 24HR    M  ON   M    6 = FREEZING RAIN OR DRIZZLE
                        GRTST DEPTH:  M  ON   M    7 = DUSTSTORM OR SANDSTORM:
                                                       VSBY 1/2 MILE OR LESS
                                                   8 = SMOKE OR HAZE
[NO. OF DAYS WITH]      [WEATHER - DAYS WITH]      9 = BLOWING SNOW
                                                   X = TORNADO
MAX 32 OR BELOW:   0    0.01 INCH OR MORE:  13
MAX 90 OR ABOVE:   9    0.10 INCH OR MORE:   9
MIN 32 OR BELOW:   0    0.50 INCH OR MORE:   3
MIN  0 OR BELOW:   0    1.00 INCH OR MORE:   2

[HDD (BASE 65) ]
TOTAL THIS MO.    16    CLEAR  (SCALE 0-3)  17
DPTR FM NORMAL     7    PTCLDY (SCALE 4-7)   8
TOTAL FM JUL 1  5139    CLOUDY (SCALE 8-10)  3
DPTR FM NORMAL   440

[CDD (BASE 65) ]
TOTAL THIS MO.   279
DPTR FM NORMAL    64    [PRESSURE DATA]
TOTAL FM JAN 1   434    HIGHEST SLP  0.00 ON 11
DPTR FM NORMAL   120    LOWEST  SLP 29.68 ON 20

[REMARKS]
