000
CXUS53 KARX 290930
CF6FKA
PRELIMINARY LOCAL CLIMATOLOGICAL DATA (WS FORM: F-6)

                                          STATION:   PRESTON MN
                                          MONTH:     APRIL
                                          YEAR:      2016
                                          LATITUDE:   43 40 N
                                          LONGITUDE:  92 11 W

  TEMPERATURE IN F:       :PCPN:    SNOW:  WIND      :SUNSHINE: SKY     :PK WND
================================================================================
1   2   3   4   5  6A  6B    7    8   9   10  11  12  13   14  15   16   17  18
                                     12Z  AVG MX 2MIN
DY MAX MIN AVG DEP HDD CDD  WTR  SNW DPTH SPD SPD DIR MIN PSBL S-S WX    SPD DR
================================================================================

 1  40  27  34   M  31   0    T  0.0    0 12.5 24 310   M    M   6 1      38 330
 2  34  28  31   M  34   0    T    T    0 18.7 40 310   M    M   6        48 310
 3  73  25  49   M  16   0 0.00  0.0    0 17.4 29 270   M    M   1        33 220
 4  39  25  32   M  33   0 0.00  0.0    0  7.2 14 360   M    M   4        22 330
 5  35  24  30   M  35   0    M    M    0 12.0 20 140   M    M   7        29 170
 6  49  33  41   M  24   0    M  0.0    0 10.8 18 320   M    M  10 1      28 320
 7  42  28  35   M  30   0    T  0.0    0 10.2 18 320   M    M   7        25 320
 8  34  22  28   M  37   0    M    M    M 17.5 27 330   M    M   7        33 340
 9  40  18  29   M  36   0 0.00  0.0    0  9.5 20 150   M    M   0        25 160
10  58  33  46   M  19   0 0.00  0.0    0 14.5 23 340   M    M   3        28 150
11  43  26  35   M  30   0 0.00  0.0    0 16.0 27 300   M    M   2        37 320
12  52  23  38   M  27   0 0.00  0.0    0  6.8 14 150   M    M   3        22 170
13  65  41  53   M  12   0    T  0.0    0 15.4 24 170   M    M   4        31 180
14  68  43  56   M   9   0 0.00  0.0    0 14.7 22 180   M    M   0        29 150
15  72  45  59   M   6   0 0.00  0.0    0 12.7 18 140   M    M   1        28 150
16  77  51  64   M   1   0 0.00  0.0    0 10.7 22 160   M    M   4        29 160
17  76  54  65   M   0   0 0.00  0.0    0  8.3 18 190   M    M   5        23 190
18  76  55  66   M   0   1    M  0.0    0  5.8 14 190   M    M   4        20 190
19  58  49  54   M  11   0 0.23  0.0    0  8.3 12  90   M    M  10        16 110
20  62  45  54   M  11   0    M  0.0    0  7.4 13  90   M    M   7 18      M  M
21  66  43  55   M  10   0 0.00  0.0    0  4.8 15 360   M    M   5 12     25 350
22  58  42  50   M  15   0 0.00  0.0    0  8.6 16 360   M    M   5        27 360
23  65  39  52   M  13   0 0.00  0.0    0  9.4 18 170   M    M   4        25 180
24  73  51  62   M   3   0    T  0.0    0 10.2 17 160   M    M   7        25 160
25  72  55  64   M   1   0 0.00  0.0    0 11.5 21 190   M    M   7        29 270
26  55  42  49   M  16   0 0.00  0.0    0 10.3 16  90   M    M  10 1      21  80
27  48  38  43   M  22   0    M  0.0    0 16.4 23  90   M    M   7 38     29  80
28  42  36  39   M  26   0    T  0.0    0  9.2 15  70   M    M  10 13     27  70
================================================================================
SM 1572 1041       508   1  0.23    T    316.8          M      146
================================================================================
AV 56.1 37.2                              11.3 FASTST   M    M   5    MAX(MPH)
                                 MISC ---->    40   M                 48    M
================================================================================
NOTES:
# LAST OF SEVERAL OCCURRENCES

COLUMN 17 PEAK WIND IN M.P.H.

PRELIMINARY LOCAL CLIMATOLOGICAL DATA (WS FORM: F-6) , PAGE 2

                                          STATION:  PRESTON MN
                                          MONTH:    APRIL
                                          YEAR:     2016
                                          LATITUDE:   43 40 N
                                          LONGITUDE:  92 11 W

[TEMPERATURE DATA]      [PRECIPITATION DATA]       SYMBOLS USED IN COLUMN 16

AVERAGE MONTHLY: 46.7   TOTAL FOR MONTH:   0.23    1 = FOG OR MIST
DPTR FM NORMAL:     M   DPTR FM NORMAL:       M    2 = FOG REDUCING VISIBILITY
HIGHEST:    77 ON 16    GRTST 24HR  0.23 ON 19-19      TO 1/4 MILE OR LESS
LOWEST:     18 ON  9                               3 = THUNDER
                        SNOW, ICE PELLETS, HAIL    4 = ICE PELLETS
                        TOTAL MONTH:    T          5 = HAIL
                        GRTST 24HR    T  ON  2- 2  6 = FREEZING RAIN OR DRIZZLE
                        GRTST DEPTH:   0           7 = DUSTSTORM OR SANDSTORM:
                                                       VSBY 1/2 MILE OR LESS
                                                   8 = SMOKE OR HAZE
[NO. OF DAYS WITH]      [WEATHER - DAYS WITH]      9 = BLOWING SNOW
                                                   X = TORNADO
MAX 32 OR BELOW:   0    0.01 INCH OR MORE:   1
MAX 90 OR ABOVE:   0    0.10 INCH OR MORE:   1
MIN 32 OR BELOW:  10    0.50 INCH OR MORE:   0
MIN  0 OR BELOW:   0    1.00 INCH OR MORE:   0

[HDD (BASE 65) ]
TOTAL THIS MO.   508    CLEAR  (SCALE 0-3)   6
DPTR FM NORMAL     M    PTCLDY (SCALE 4-7)  18
TOTAL FM JUL 1  6525    CLOUDY (SCALE 8-10)  4
DPTR FM NORMAL     M

[CDD (BASE 65) ]
TOTAL THIS MO.     1
DPTR FM NORMAL     M    [PRESSURE DATA]
TOTAL FM JAN 1     1    HIGHEST SLP M ON M
DPTR FM NORMAL     M    LOWEST  SLP M ON M

[REMARKS]
