000
CXUS52 KILM 261000
CF6FLO
PRELIMINARY LOCAL CLIMATOLOGICAL DATA (WS FORM: F-6)

                                          STATION:   FLORENCE SC
                                          MONTH:     MARCH
                                          YEAR:      2015
                                          LATITUDE:   34 10 N
                                          LONGITUDE:  79 43 W

  TEMPERATURE IN F:       :PCPN:    SNOW:  WIND      :SUNSHINE: SKY     :PK WND
================================================================================
1   2   3   4   5  6A  6B    7    8   9   10  11  12  13   14  15   16   17  18
                                     12Z  AVG MX 2MIN
DY MAX MIN AVG DEP HDD CDD  WTR  SNW DPTH SPD SPD DIR MIN PSBL S-S WX    SPD DR
================================================================================

 1  42  34  38 -14  27   0 0.21    M    M  6.5 12  40   M    M  10 1      15  40
 2  65  41  53   1  12   0 0.00    M    M  5.6 12  50   M    M   6 12     15  50
 3  51  41  46  -6  19   0 0.01    M    M  6.8 16  90   M    M  10 18     20 100
 4  81  42  62  10   3   0 0.00    M    M 10.4 26 240   M    M   7 12     33 220
 5  82  39  61   8   4   0 0.40    M    M 15.3 46 350   M    M   6 1      55 350
 6  47  32  40 -13  25   0 0.00    M    M  9.7 20  40   M    M   5        26  30
 7  61  26  44  -9  21   0 0.00    M    M  4.1 14 220   M    M   0        18 230
 8  72  38  55   1  10   0 0.00    M    M  7.1 14 250   M    M   0        16 250
 9  70  54  62   8   3   0 0.00    M    M  5.1 10  10   M    M   2        14 250
10  83  51  67  13   0   2 0.00    M    M  7.3 18 180   M    M   3 1      25 180
11  86  63  75  21   0  10    T    M    M 10.7 21 250   M    M   4        27 240
12  70  57  64   9   1   0    T    M    M 10.6 21  70   M    M   9        26  60
13  63  50  57   2   8   0    T    M    M 10.5 22 100   M    M  10        27 100
14  74  54  64   9   1   0 1.06    M    M  8.4 22 260   M    M   7 1      28 280
15  77  56  67  12   0   2 0.00    M    M  7.2 16 320   M    M   0        24 290
16  82  43  63   7   2   0 0.00    M    M  5.8 15 250   M    M   0        20 220
17  85  54  70  14   0   5 0.00    M    M  9.5 20  10   M    M   0        31 300
18  67  51  59   3   6   0 0.00    M    M  8.5 17  50   M    M   0        23  50
19  57  48  53  -3  12   0 0.27    M    M  7.8 16  80   M    M   8 18     20  80
20  63  45  54  -3  11   0 0.12    M    M  5.9 14 300   M    M   8 1      17 300
21  71  55  63   6   2   0 0.00    M    M  5.2 12 190   M    M   6        14 180
22  62  55  59   2   6   0 0.48    M    M  2.6 12 120   M    M   7 1      16  70
23  65  48  57  -1   8   0 0.03    M    M  8.8 17  20   M    M   8 1      22  60
24  73  43  58   0   7   0 0.00    M    M  6.1 12 140   M    M   1        14 150
25  72  53  63   5   2   0 0.02    M    M  9.1 15 110   M    M   8 18     19 100
================================================================================
SM 1721 1173       190  19  2.60    M    194.6          M      125
================================================================================
AV 68.8 46.9                               7.8 FASTST   M    M   5    MAX(MPH)
                                 MISC ---->  # 46 350               # 55  350
================================================================================
NOTES:
# LAST OF SEVERAL OCCURRENCES

COLUMN 17 PEAK WIND IN M.P.H.

PRELIMINARY LOCAL CLIMATOLOGICAL DATA (WS FORM: F-6) , PAGE 2

                                          STATION:  FLORENCE SC
                                          MONTH:    MARCH
                                          YEAR:     2015
                                          LATITUDE:   34 10 N
                                          LONGITUDE:  79 43 W

[TEMPERATURE DATA]      [PRECIPITATION DATA]       SYMBOLS USED IN COLUMN 16

AVERAGE MONTHLY: 57.9   TOTAL FOR MONTH:   2.60    1 = FOG OR MIST
DPTR FM NORMAL:   3.0   DPTR FM NORMAL:   -0.09    2 = FOG REDUCING VISIBILITY
HIGHEST:    86 ON 11    GRTST 24HR  1.06 ON 14-14      TO 1/4 MILE OR LESS
LOWEST:     26 ON  7                               3 = THUNDER
                        SNOW, ICE PELLETS, HAIL    4 = ICE PELLETS
                        TOTAL MONTH:    M          5 = HAIL
                        GRTST 24HR    M  ON   M    6 = FREEZING RAIN OR DRIZZLE
                        GRTST DEPTH:  M  ON   M    7 = DUSTSTORM OR SANDSTORM:
                                                       VSBY 1/2 MILE OR LESS
                                                   8 = SMOKE OR HAZE
[NO. OF DAYS WITH]      [WEATHER - DAYS WITH]      9 = BLOWING SNOW
                                                   X = TORNADO
MAX 32 OR BELOW:   0    0.01 INCH OR MORE:   9
MAX 90 OR ABOVE:   0    0.10 INCH OR MORE:   6
MIN 32 OR BELOW:   2    0.50 INCH OR MORE:   1
MIN  0 OR BELOW:   0    1.00 INCH OR MORE:   1

[HDD (BASE 65) ]
TOTAL THIS MO.   190    CLEAR  (SCALE 0-3)   9
DPTR FM NORMAL   -76    PTCLDY (SCALE 4-7)  11
TOTAL FM JUL 1  2428    CLOUDY (SCALE 8-10)  5
DPTR FM NORMAL    96

[CDD (BASE 65) ]
TOTAL THIS MO.    19
DPTR FM NORMAL     7    [PRESSURE DATA]
TOTAL FM JAN 1    22    HIGHEST SLP M ON M
DPTR FM NORMAL     4    LOWEST  SLP 29.71 ON 17

[REMARKS]
