000
CXUS54 KLZK 281130
CF6FLP
PRELIMINARY LOCAL CLIMATOLOGICAL DATA (WS FORM: F-6)

                                          STATION:   Flippin
                                          MONTH:     JULY
                                          YEAR:      2015
                                          LATITUDE:   36 17 N
                                          LONGITUDE:  92 28 W

  TEMPERATURE IN F:       :PCPN:    SNOW:  WIND      :SUNSHINE: SKY     :PK WND
================================================================================
1   2   3   4   5  6A  6B    7    8   9   10  11  12  13   14  15   16   17  18
                                     12Z  AVG MX 2MIN
DY MAX MIN AVG DEP HDD CDD  WTR  SNW DPTH SPD SPD DIR MIN PSBL S-S WX    SPD DR
================================================================================

 1  90  70  80   M   0  15 0.05  0.0    0  4.5 12  10   M    M   1         M  M
 2  88  70  79   M   0  14 1.57  0.0    0  5.2 10 260   M    M   6 3      16 260
 3  84  70  77   M   0  12 0.24  0.0    0  2.2  9 250   M    M   5 3       M  M
 4  84  66  75   M   0  10 0.00  0.0    0  2.6  6 120   M    M   4         M  M
 5  88  70  79   M   0  14 0.01  0.0    0  1.9  7 120   M    M   4 3       M  M
 6  88  70  79   M   0  14 0.00  0.0    0  4.8 10 200   M    M   1        18 200
 7  81  72  77   M   0  12 0.56  0.0    0  3.3 10 350   M    M   2         M  M
 8  88  70  79   M   0  14 1.28  0.0    0  4.2 12 210   M    M   2 3      20 210
 9  88  70  79   M   0  14 0.39  0.0    0  3.4 14 340   M    M   5 3      25 340
10  91  70  81   M   0  16 0.00  0.0    0  1.6  8 250   M    M   1        18 180
11  91  72  82   M   0  17 0.00  0.0    0  2.8 10 230   M    M   1         M  M
12  93  72  83   M   0  18 0.00  0.0    0  3.6 13 250   M    M   0         M  M
13  95  73  84   M   0  19 0.00  0.0    0  3.7 10 210   M    M   0         M  M
14  93  75  84   M   0  19 0.00  0.0    0  3.4  9 260   M    M   2        18 340
15  97  72  85   M   0  20 0.00  0.0    0  2.1  6  40   M    M   1 3       M  M
16  93  70  82   M   0  17 0.00  0.0    0  3.3  9 260   M    M   1         M  M
17  93  70  82   M   0  17 0.00  0.0    0  3.5 13 240   M    M   1         M  M
18  93  72  83   M   0  18 0.00  0.0    0  3.0  8 240   M    M   1         M  M
19  97  72  85   M   0  20 0.00  0.0    0  3.5  9 260   M    M   1        16 260
20  95  73  84   M   0  19 0.04  0.0    0  5.8 16 310   M    M   2        27 310
21  86  72  79   M   0  14 0.76  0.0    0  3.3  9  20   M    M   6        28  20
22  82  72  77   M   0  12 0.17  0.0    0  2.4  6 120   M    M   9         M  M
23  90  73  82   M   0  17 0.09  0.0    0  2.1  9  60   M    M   4         M  M
24  93  73  83   M   0  18 0.18  0.0    0  1.2  8  30   M    M   6 3       M  M
25  93  70  82   M   0  17 0.00  0.0    0  1.5  8  30   M    M   0         M  M
26  93  73  83   M   0  18 0.00  0.0    0  2.1  9 110   M    M   1         M  M
27  93  75  84   M   0  19 0.18  0.0    0  2.0  8 190   M    M   2 3      22 190
================================================================================
SM 2440 1927         0 434  5.52     0.0  83.0          M       69
================================================================================
AV 90.4 71.4                               3.1 FASTST   M    M   3    MAX(MPH)
                                 MISC ---->    16   M                 28    M
================================================================================
NOTES:
# LAST OF SEVERAL OCCURRENCES

COLUMN 17 PEAK WIND IN M.P.H.

PRELIMINARY LOCAL CLIMATOLOGICAL DATA (WS FORM: F-6) , PAGE 2

                                          STATION:  Flippin
                                          MONTH:    JULY
                                          YEAR:     2015
                                          LATITUDE:   36 17 N
                                          LONGITUDE:  92 28 W

[TEMPERATURE DATA]      [PRECIPITATION DATA]       SYMBOLS USED IN COLUMN 16

AVERAGE MONTHLY: 80.9   TOTAL FOR MONTH:   5.52    1 = FOG OR MIST
DPTR FM NORMAL:     M   DPTR FM NORMAL:       M    2 = FOG REDUCING VISIBILITY
HIGHEST:    97 ON 19,15 GRTST 24HR  1.57 ON  2- 2      TO 1/4 MILE OR LESS
LOWEST:     66 ON  4                               3 = THUNDER
                        SNOW, ICE PELLETS, HAIL    4 = ICE PELLETS
                        TOTAL MONTH:   0.0 INCH    5 = HAIL
                        GRTST 24HR     0.0         6 = FREEZING RAIN OR DRIZZLE
                        GRTST DEPTH:   0           7 = DUSTSTORM OR SANDSTORM:
                                                       VSBY 1/2 MILE OR LESS
                                                   8 = SMOKE OR HAZE
[NO. OF DAYS WITH]      [WEATHER - DAYS WITH]      9 = BLOWING SNOW
                                                   X = TORNADO
MAX 32 OR BELOW:   0    0.01 INCH OR MORE:  13
MAX 90 OR ABOVE:  17    0.10 INCH OR MORE:   9
MIN 32 OR BELOW:   0    0.50 INCH OR MORE:   4
MIN  0 OR BELOW:   0    1.00 INCH OR MORE:   2

[HDD (BASE 65) ]
TOTAL THIS MO.     0    CLEAR  (SCALE 0-3)  18
DPTR FM NORMAL     M    PTCLDY (SCALE 4-7)   8
TOTAL FM JUL 1     0    CLOUDY (SCALE 8-10)  1
DPTR FM NORMAL     M

[CDD (BASE 65) ]
TOTAL THIS MO.   434
DPTR FM NORMAL     M    [PRESSURE DATA]
TOTAL FM JAN 1   972    HIGHEST SLP M ON M
DPTR FM NORMAL     M    LOWEST  SLP M ON M

[REMARKS]
