670
CXUS54 KLZK 251130
CF6FLP
PRELIMINARY LOCAL CLIMATOLOGICAL DATA (WS FORM: F-6)

                                          STATION:   Flippin
                                          MONTH:     FEBRUARY
                                          YEAR:      2018
                                          LATITUDE:   36 17 N
                                          LONGITUDE:  92 28 W

  TEMPERATURE IN F:       :PCPN:    SNOW:  WIND      :SUNSHINE: SKY     :PK WND
================================================================================
1   2   3   4   5  6A  6B    7    8   9   10  11  12  13   14  15   16   17  18
                                     12Z  AVG MX 2MIN
DY MAX MIN AVG DEP HDD CDD  WTR  SNW DPTH SPD SPD DIR MIN PSBL S-S WX    SPD DR
================================================================================

 1  47  26  37   M  28   0 0.00    M    M  7.1 12 360   M    M   4        21  10
 2  40  18  29   M  36   0 0.00  0.0    0  4.2  8  10   M    M   0         M  M
 3  49  29  39   M  26   0 0.00  0.0    0  5.3 10 190   M    M   5        18 190
 4  47  19  33   M  32   0    T    M    0  7.8 17 330   M    M   5 1      31 330
 5  44  10  27   M  38   0 0.00  0.0    0  5.1 10 170   M    M   3        16 140
 6  33  29  31   M  34   0 0.13    M    M  6.3 10  20   M    M  10 1       M  M
 7  41  24  33   M  32   0 0.00    M    M  5.4 13 330   M    M   5        18 350
 8  58  18  38   M  27   0 0.00    M    M  2.7  8 180   M    M   0 1       M  M
 9  65  39  52   M  13   0 0.00    M    M  6.0 13 230   M    M   3        21 230
10  52  30  41   M  24   0    T    M    0  6.6 13 340   M    M  10 18      M  M
11  30  25  28   M  37   0    T    M    0  7.8 13 310   M    M  10 1      17 330
12  45  17  31   M  34   0 0.00  0.0    0  6.3 12  30   M    M   1         M  M
13  53  28  41   M  24   0    T    M    0  3.8  6 160   M    M   7         M  M
14  69  49  59   M   6   0    T    M    0  6.5 15 230   M    M   8        22 220
15  80  65  73   M   0   8 0.00  0.0    0 12.9 20 240   M    M   0        32 220
16  68  39  54   M  11   0 0.10    M    0  8.0 16 340   M    M   4        23 340
17   M   M   M   M   M   M 0.51    M    M  4.2 12 300   M    M   8 1       M  M
18  57  29  43   M  22   0 0.00  0.0    M  7.7 12 160   M    M   7 12     16 170
19  71  51  61   M   4   0 0.00  0.0    0  9.2 16 180   M    M   7        25 180
20  73  39  56   M   9   0 1.71    M    0 10.8 17 220   M    M   9 13     33 220
21  39  31  35   M  30   0 0.77    M    0  7.4 13 100   M    M  10 1      16 340
22  43  34  39   M  26   0 0.32    M    0  4.7  8  90   M    M  10 1       M  M
23  48  43  46   M  19   0 0.35    M    0  2.7  6 120   M    M   9 1       M  M
24  60  42  51   M  14   0 1.39    M    0  8.2 24 280   M    M   9 123    31 270
================================================================================
SM 1212  734       526   8  5.28     0.0 156.7          M      144
================================================================================
AV 52.7 31.9                               6.5 FASTST   M    M   6    MAX(MPH)
                                 MISC ---->  # 24 280               # 33  220
================================================================================
NOTES:
# LAST OF SEVERAL OCCURRENCES

COLUMN 17 PEAK WIND IN M.P.H.

PRELIMINARY LOCAL CLIMATOLOGICAL DATA (WS FORM: F-6) , PAGE 2

                                          STATION:  Flippin
                                          MONTH:    FEBRUARY
                                          YEAR:     2018
                                          LATITUDE:   36 17 N
                                          LONGITUDE:  92 28 W

[TEMPERATURE DATA]      [PRECIPITATION DATA]       SYMBOLS USED IN COLUMN 16

AVERAGE MONTHLY: 42.3   TOTAL FOR MONTH:   5.28    1 = FOG OR MIST
DPTR FM NORMAL:     M   DPTR FM NORMAL:       M    2 = FOG REDUCING VISIBILITY
HIGHEST:    80 ON 15    GRTST 24HR  1.71 ON 20-20      TO 1/4 MILE OR LESS
LOWEST:     10 ON  5                               3 = THUNDER
                        SNOW, ICE PELLETS, HAIL    4 = ICE PELLETS
                        TOTAL MONTH:   0.0 INCH    5 = HAIL
                        GRTST 24HR     0.0         6 = FREEZING RAIN OR DRIZZLE
                        GRTST DEPTH:   0           7 = DUSTSTORM OR SANDSTORM:
                                                       VSBY 1/2 MILE OR LESS
                                                   8 = SMOKE OR HAZE
[NO. OF DAYS WITH]      [WEATHER - DAYS WITH]      9 = BLOWING SNOW
                                                   X = TORNADO
MAX 32 OR BELOW:   1    0.01 INCH OR MORE:   8
MAX 90 OR ABOVE:   0    0.10 INCH OR MORE:   8
MIN 32 OR BELOW:  14    0.50 INCH OR MORE:   4
MIN  0 OR BELOW:   0    1.00 INCH OR MORE:   2

[HDD (BASE 65) ]
TOTAL THIS MO.   526    CLEAR  (SCALE 0-3)   5
DPTR FM NORMAL     M    PTCLDY (SCALE 4-7)   9
TOTAL FM JUL 1  2827    CLOUDY (SCALE 8-10) 10
DPTR FM NORMAL     M

[CDD (BASE 65) ]
TOTAL THIS MO.     8
DPTR FM NORMAL     M    [PRESSURE DATA]
TOTAL FM JAN 1     8    HIGHEST SLP M ON M
DPTR FM NORMAL     M    LOWEST  SLP M ON M

[REMARKS]
