000
CXUS53 KOAX 211200
CF6FNB
PRELIMINARY LOCAL CLIMATOLOGICAL DATA (WS FORM: F-6)

                                          STATION:   FALLS CITY  NE
                                          MONTH:     FEBRUARY
                                          YEAR:      2018
                                          LATITUDE:   40  4 N
                                          LONGITUDE:  95 35 W

  TEMPERATURE IN F:       :PCPN:    SNOW:  WIND      :SUNSHINE: SKY     :PK WND
================================================================================
1   2   3   4   5  6A  6B    7    8   9   10  11  12  13   14  15   16   17  18
                                     12Z  AVG MX 2MIN
DY MAX MIN AVG DEP HDD CDD  WTR  SNW DPTH SPD SPD DIR MIN PSBL S-S WX    SPD DR
================================================================================

 1  38   9  24  -3  41   0 0.00    M    M 10.8 21 360   M    M   2        29 360
 2  35   3  19  -9  46   0 0.00    M    M  8.0 18 160   M    M   2        27 160
 3  54  23  39  11  26   0 0.00    M    M 14.1 26 210   M    M   6        36 190
 4  33  -3  15 -13  50   0    T    M    M 13.6 26 350   M    M   5 18     41 350
 5  19  -4   8 -20  57   0    T    M    M  7.8 17 160   M    M   5 8      24 150
 6  14   4   9 -19  56   0    M    M    M  6.6 16  10   M    M   6 1      22 360
 7  22   4  13 -16  52   0 0.00    M    M  5.4 12 330   M    M   3        16 330
 8  38   9  24  -5  41   0 0.00    M    M  3.9 10  80   M    M   3        12  80
 9  32  11  22  -7  43   0 0.00    M    M 15.1 22 360   M    M   8 18     32 360
10  15   7  11 -18  54   0    M    M    M 11.0 17 360   M    M   8 1      24 360
11  26   5  16 -14  49   0    T    M    M  5.6 14 270   M    M   2 1      17 270
12  28   3  16 -14  49   0 0.00    M    M  8.7 18  70   M    M   2        27  80
13  51  22  37   7  28   0 0.00    M    M 11.1 20 200   M    M   3        28 200
14  56  30  43  13  22   0 0.00    M    M  9.2 17 210   M    M   1        25 200
15  54  31  43  12  22   0 0.00    M    M 11.0 26 350   M    M   2 18     38 360
16  33  15  24  -7  41   0 0.00    M    M  8.2 24 340   M    M   3        35 320
17  53  22  38   7  27   0 0.00    M    M  9.7 22 320   M    M   4        32 300
18  57  26  42  10  23   0 0.00    M    M 17.4 33 170   M    M   2        49 170
19  53  24  39   7  26   0 0.02    M    M 11.9 23 310   M    M  10 136    32 330
20  27  15  21 -11  44   0    M    M    M 13.6 24 320   M    M   8 136    35 310
================================================================================
SM  738  256       797   0  0.02    M    202.7          M       85
================================================================================
AV 36.9 12.8                              10.1 FASTST   M    M   4    MAX(MPH)
                                 MISC ---->  # 33 170               # 49  170
================================================================================
NOTES:
# LAST OF SEVERAL OCCURRENCES

COLUMN 17 PEAK WIND IN M.P.H.

PRELIMINARY LOCAL CLIMATOLOGICAL DATA (WS FORM: F-6) , PAGE 2

                                          STATION:  FALLS CITY  NE
                                          MONTH:    FEBRUARY
                                          YEAR:     2018
                                          LATITUDE:   40  4 N
                                          LONGITUDE:  95 35 W

[TEMPERATURE DATA]      [PRECIPITATION DATA]       SYMBOLS USED IN COLUMN 16

AVERAGE MONTHLY: 24.9   TOTAL FOR MONTH:   0.02    1 = FOG OR MIST
DPTR FM NORMAL:  -4.8   DPTR FM NORMAL:   -0.58    2 = FOG REDUCING VISIBILITY
HIGHEST:    57 ON 18    GRTST 24HR  0.02 ON 19-19      TO 1/4 MILE OR LESS
LOWEST:     -4 ON  5                               3 = THUNDER
                        SNOW, ICE PELLETS, HAIL    4 = ICE PELLETS
                        TOTAL MONTH:    M          5 = HAIL
                        GRTST 24HR    M  ON   M    6 = FREEZING RAIN OR DRIZZLE
                        GRTST DEPTH:  M  ON   M    7 = DUSTSTORM OR SANDSTORM:
                                                       VSBY 1/2 MILE OR LESS
                                                   8 = SMOKE OR HAZE
[NO. OF DAYS WITH]      [WEATHER - DAYS WITH]      9 = BLOWING SNOW
                                                   X = TORNADO
MAX 32 OR BELOW:   8    0.01 INCH OR MORE:   1
MAX 90 OR ABOVE:   0    0.10 INCH OR MORE:   0
MIN 32 OR BELOW:  20    0.50 INCH OR MORE:   0
MIN  0 OR BELOW:   2    1.00 INCH OR MORE:   0

[HDD (BASE 65) ]
TOTAL THIS MO.   797    CLEAR  (SCALE 0-3)   9
DPTR FM NORMAL    89    PTCLDY (SCALE 4-7)   9
TOTAL FM JUL 1  4023    CLOUDY (SCALE 8-10)  2
DPTR FM NORMAL  -143

[CDD (BASE 65) ]
TOTAL THIS MO.     0
DPTR FM NORMAL     0    [PRESSURE DATA]
TOTAL FM JAN 1     0    HIGHEST SLP M ON M
DPTR FM NORMAL     0    LOWEST  SLP 29.54 ON 18

[REMARKS]
