000
CXUS53 KOAX 301000
CF6FNB
PRELIMINARY LOCAL CLIMATOLOGICAL DATA (WS FORM: F-6)

                                          STATION:   FALLS CITY, NEBRASKA
                                          MONTH:     APRIL
                                          YEAR:      2017
                                          LATITUDE:   40  4 N
                                          LONGITUDE:  95 35 W

  TEMPERATURE IN F:       :PCPN:    SNOW:  WIND      :SUNSHINE: SKY     :PK WND
================================================================================
1   2   3   4   5  6A  6B    7    8   9   10  11  12  13   14  15   16   17  18
                                     12Z  AVG MX 2MIN
DY MAX MIN AVG DEP HDD CDD  WTR  SNW DPTH SPD SPD DIR MIN PSBL S-S WX    SPD DR
================================================================================

 1  50  40  45  -3  20   0 0.01    M    M  7.5 15  70   M    M   8        20  80
 2  55  46  51   3  14   0 0.12    M    M  3.1 10 120   M    M  10 12     13 130
 3  61  48  55   6  10   0 0.62    M    M  7.4 18 320   M    M   9 12     25 320
 4  54  45  50   1  15   0 0.32    M    M 10.4 20  30   M    M  10 1      28  30
 5  59  43  51   2  14   0 0.68    M    M 13.0 31  30   M    M   7 1      43  30
 6  59  38  49  -1  16   0 0.00    M    M 10.1 22 310   M    M   2        29 300
 7  65  30  48  -2  17   0 0.00    M    M  8.8 21 150   M    M   0        27 150
 8  75  49  62  12   3   0 0.00    M    M 12.7 24 170   M    M   0        32 180
 9  80  53  67  16   0   2 1.04    M    M 13.7 26 190   M    M   1 13     32 200
10  61  38  50  -1  15   0 0.00    M    M 16.1 29 290   M    M   6 3      37 280
11  63  37  50  -2  15   0 0.00    M    M  5.3 12 310   M    M   4        16 340
12  72  43  58   6   7   0    T    M    M  8.3 25 160   M    M   3        31 170
13  77  51  64  12   1   0 0.00    M    M  6.8 16 190   M    M   2 18     22 210
14  76  60  68  15   0   3 0.07    M    M 12.4 25 180   M    M   6 1      35 170
15  78  60  69  16   0   4 0.95    M    M 10.5 24 200   M    M   4 13     33 190
16  64  47  56   3   9   0 0.02    M    M  6.4 15  80   M    M   4        20  60
17  71  43  57   3   8   0 0.00    M    M  6.4 14 160   M    M   0        17 160
18  78  53  66  12   0   1    T    M    M 10.5 18 180   M    M   5        24 170
19  80  55  68  14   0   3 0.80    M    M 14.9 29 170   M    M   5 13     40 160
20  64  48  56   1   9   0 0.00    M    M 11.2 21 320   M    M   2        26 350
21  55  42  49  -6  16   0 0.00    M    M  8.9 20  70   M    M   4        24  70
22  66  44  55  -1  10   0 0.00    M    M  9.2 22  10   M    M   0        31 360
23  70  36  53  -3  12   0 0.00    M    M  6.1 17 180   M    M   0        22 170
24  73  43  58   2   7   0 0.00    M    M 16.1 32 170   M    M   0        42 170
25  68  45  57   0   8   0    T    M    M  9.3 21 320   M    M   6        27 320
26  50  39  45 -12  20   0 0.00    M    M 15.2 23 330   M    M  10        31 320
27  60  39  50  -7  15   0 0.04    M    M  7.8 20 210   M    M   6        23 200
28  50  43  47 -11  18   0 0.80    M    M 11.1 22  70   M    M  10 1      27  70
29  46  41  44 -14  21   0 0.26    M    M 14.7 32  50   M    M  10 1      47  50
================================================================================
SM 1880 1299       300  13  5.73    M    293.9          M      134
================================================================================
AV 64.8 44.8                              10.1 FASTST   M    M   5    MAX(MPH)
                                 MISC ---->  # 32 170               # 47   50
================================================================================
NOTES:
# LAST OF SEVERAL OCCURRENCES

COLUMN 17 PEAK WIND IN M.P.H.

PRELIMINARY LOCAL CLIMATOLOGICAL DATA (WS FORM: F-6) , PAGE 2

                                          STATION:  FALLS CITY, NEBRASKA
                                          MONTH:    APRIL
                                          YEAR:     2017
                                          LATITUDE:   40  4 N
                                          LONGITUDE:  95 35 W

[TEMPERATURE DATA]      [PRECIPITATION DATA]       SYMBOLS USED IN COLUMN 16

AVERAGE MONTHLY: 54.8   TOTAL FOR MONTH:   5.73    1 = FOG OR MIST
DPTR FM NORMAL:   1.8   DPTR FM NORMAL:    2.67    2 = FOG REDUCING VISIBILITY
HIGHEST:    80 ON 19, 9 GRTST 24HR  1.04 ON  9- 9      TO 1/4 MILE OR LESS
LOWEST:     30 ON  7                               3 = THUNDER
                        SNOW, ICE PELLETS, HAIL    4 = ICE PELLETS
                        TOTAL MONTH:    M          5 = HAIL
                        GRTST 24HR    M  ON   M    6 = FREEZING RAIN OR DRIZZLE
                        GRTST DEPTH:  M  ON   M    7 = DUSTSTORM OR SANDSTORM:
                                                       VSBY 1/2 MILE OR LESS
                                                   8 = SMOKE OR HAZE
[NO. OF DAYS WITH]      [WEATHER - DAYS WITH]      9 = BLOWING SNOW
                                                   X = TORNADO
MAX 32 OR BELOW:   0    0.01 INCH OR MORE:  13
MAX 90 OR ABOVE:   0    0.10 INCH OR MORE:   9
MIN 32 OR BELOW:   1    0.50 INCH OR MORE:   6
MIN  0 OR BELOW:   0    1.00 INCH OR MORE:   1

[HDD (BASE 65) ]
TOTAL THIS MO.   300    CLEAR  (SCALE 0-3)  11
DPTR FM NORMAL   -67    PTCLDY (SCALE 4-7)  12
TOTAL FM JUL 1  4496    CLOUDY (SCALE 8-10)  6
DPTR FM NORMAL -1004

[CDD (BASE 65) ]
TOTAL THIS MO.    13
DPTR FM NORMAL    -6    [PRESSURE DATA]
TOTAL FM JAN 1    15    HIGHEST SLP M ON M
DPTR FM NORMAL    -6    LOWEST  SLP 29.44 ON  9

[REMARKS]
