000
CXUS55 KBOU 260757
CF6FNL
PRELIMINARY LOCAL CLIMATOLOGICAL DATA (WS FORM: F-6)

                                          STATION:   FT COLLINS/LOVELAND CO
                                          MONTH:     JUNE
                                          YEAR:      2017
                                          LATITUDE:   40 27 N
                                          LONGITUDE: 105  1 W

  TEMPERATURE IN F:       :PCPN:    SNOW:  WIND      :SUNSHINE: SKY     :PK WND
================================================================================
1   2   3   4   5  6A  6B    7    8   9   10  11  12  13   14  15   16   17  18
                                     12Z  AVG MX 2MIN
DY MAX MIN AVG DEP HDD CDD  WTR  SNW DPTH SPD SPD DIR MIN PSBL S-S WX    SPD DR
================================================================================

 1  82  48  65   M   0   0    M    M    M  6.2 15 160   M    M   0         M  M
 2  78  48  63   M   2   0    M    M    M  6.2 17  30   M    M   3 3      21  30
 3  81  49  65   M   0   0    M    M    M  6.4 10  80   M    M   0        17  20
 4  84  52  68   M   0   3    M    M    M  5.8 12 130   M    M   0         M  M
 5  83  51  67   M   0   2    M    M    M  7.0 23 340   M    M   0        43 310
 6  78  54  66   M   0   1    M    M    M  6.5 15 350   M    M   3         M  M
 7  83  53  68   M   0   3    M    M    M  4.4  9 240   M    M   1 3       M  M
 8  86  50  68   M   0   3    M    M    M  5.8 14 130   M    M   1 12     16 180
 9  94  51  73   M   0   8    M    M    M  5.8  9 150   M    M   0         M  M
10  91  60  76   M   0  11    M    M    M  9.4 21 120   M    M   0        25 120
11  83  52  68   M   0   3    M    M    M  7.4 20  30   M    M   1        18  40
12  84  57  71   M   0   6    M    M    M  9.3 20 350   M    M   5 38     30 110
13  78  44  61   M   4   0    M    M    M  9.3 17 140   M    M   0        33 200
14  87  47  67   M   0   2    M    M    M  6.9 16  90   M    M   0        24 200
15  91  51  71   M   0   6    M    M    M  5.7 13 140   M    M   0         M  M
16  92  51  72   M   0   7    M    M    M  6.0 15 280   M    M   0        22 360
17  78  60  69   M   0   4    M    M    M  6.6 18  60   M    M   5        27  60
18  86  57  72   M   0   7    M    M    M  6.1 16  30   M    M   3        31  30
19  84  49  67   M   0   2    M    M    M  5.9 12 120   M    M   0        16  99
20  97  55  76   M   0  11    M    M    M  5.8 10 120   M    M   0 3       M  M
21  99  57  78   M   0  13    M    M    M  7.2 20 310   M    M   0        35 300
22  88  60  74   M   0   9    M    M    M  7.1 18  60   M    M   1        24  60
23  67  51  59   M   6   0    M    M    M  8.8 27  40   M    M   7        32  40
24  78  51  65   M   0   0    M    M    M  5.5 13 100   M    M   8 18      M  M
25  75  51  63   M   2   0    M    M    M  5.8 12  50   M    M   4         M  M
================================================================================
SM 2107 1309        14 101    M     M    166.9          M       42
================================================================================
AV 84.3 52.4                               6.7 FASTST   M    M   2    MAX(MPH)
                                 MISC ---->  # 27  40               # 43  310
================================================================================
NOTES:
# LAST OF SEVERAL OCCURRENCES

COLUMN 17 PEAK WIND IN M.P.H.

PRELIMINARY LOCAL CLIMATOLOGICAL DATA (WS FORM: F-6) , PAGE 2

                                          STATION:  FT COLLINS/LOVELAND CO
                                          MONTH:    JUNE
                                          YEAR:     2017
                                          LATITUDE:   40 27 N
                                          LONGITUDE: 105  1 W

[TEMPERATURE DATA]      [PRECIPITATION DATA]       SYMBOLS USED IN COLUMN 16

AVERAGE MONTHLY: 68.3   TOTAL FOR MONTH:      M    1 = FOG OR MIST
DPTR FM NORMAL:     M   DPTR FM NORMAL:       M    2 = FOG REDUCING VISIBILITY
HIGHEST:    99 ON 21    GRTST 24HR    T  ON 31- 1      TO 1/4 MILE OR LESS
LOWEST:     44 ON 13                               3 = THUNDER
                        SNOW, ICE PELLETS, HAIL    4 = ICE PELLETS
                        TOTAL MONTH:    M          5 = HAIL
                        GRTST 24HR    M  ON   M    6 = FREEZING RAIN OR DRIZZLE
                        GRTST DEPTH:  M  ON   M    7 = DUSTSTORM OR SANDSTORM:
                                                       VSBY 1/2 MILE OR LESS
                                                   8 = SMOKE OR HAZE
[NO. OF DAYS WITH]      [WEATHER - DAYS WITH]      9 = BLOWING SNOW
                                                   X = TORNADO
MAX 32 OR BELOW:   0    0.01 INCH OR MORE:   0
MAX 90 OR ABOVE:   6    0.10 INCH OR MORE:   0
MIN 32 OR BELOW:   0    0.50 INCH OR MORE:   0
MIN  0 OR BELOW:   0    1.00 INCH OR MORE:   0

[HDD (BASE 65) ]
TOTAL THIS MO.    14    CLEAR  (SCALE 0-3)  19
DPTR FM NORMAL     M    PTCLDY (SCALE 4-7)   5
TOTAL FM JUL 1  5094    CLOUDY (SCALE 8-10)  1
DPTR FM NORMAL     M

[CDD (BASE 65) ]
TOTAL THIS MO.   101
DPTR FM NORMAL     M    [PRESSURE DATA]
TOTAL FM JAN 1   103    HIGHEST SLP M ON M
DPTR FM NORMAL     M    LOWEST  SLP M ON M

[REMARKS]
