000
CXUS55 KFSD 230905
CF6FSD
PRELIMINARY LOCAL CLIMATOLOGICAL DATA (WS FORM: F-6)

                                          STATION:   SIOUX FALLS
                                          MONTH:     OCTOBER
                                          YEAR:      2014
                                          LATITUDE:   43 34 N
                                          LONGITUDE:  96 44 W

  TEMPERATURE IN F:       :PCPN:    SNOW:  WIND      :SUNSHINE: SKY     :PK WND
================================================================================
1   2   3   4   5  6A  6B    7    8   9   10  11  12  13   14  15   16   17  18
                                     12Z  AVG MX 2MIN
DY MAX MIN AVG DEP HDD CDD  WTR  SNW DPTH SPD SPD DIR MIN PSBL S-S WX    SPD DR
================================================================================

 1  76  53  65  11   0   0    T  0.0    0  6.9 14 360   M    M   8 1      20 300
 2  66  47  57   3   8   0 0.22  0.0    0  8.8 31 320   M    M   5 1      44 320
 3  47  35  41 -12  24   0 0.00  0.0    0 21.5 36 320   M    M   7        48 310
 4  48  29  39 -14  26   0    T  0.0    0  8.7 18 290   M    M   5        25 290
 5  62  43  53   0  12   0    T  0.0    0  9.4 30 310   M    M   8        37 310
 6  64  36  50  -2  15   0 0.00  0.0    0 10.4 22 290   M    M   4        30 280
 7  65  45  55   3  10   0 0.00  0.0    0 13.1 32 320   M    M   3        42 310
 8  67  37  52   1  13   0    T  0.0    0  5.6 17 280   M    M   5 3      25 280
 9  56  36  46  -5  19   0 0.00  0.0    0  6.9 14  70   M    M   8        16  70
10  57  29  43  -7  22   0 0.00  0.0    0  3.1 10 360   M    M   3        17  30
11  60  27  44  -6  21   0 0.00  0.0    0 10.2 20 180   M    M   1        25 170
12  63  43  53   3  12   0 0.09  0.0    0 14.4 26 180   M    M   7 1      34 160
13  60  47  54   5  11   0 0.05  0.0    0 13.6 25 360   M    M   8 1      34  10
14  65  35  50   1  15   0 0.00  0.0    0 10.0 22 360   M    M   2 8      28  10
15  67  31  49   1  16   0 0.00  0.0    0  6.1 16 160   M    M   3        23 160
16  71  49  60  12   5   0 0.00  0.0    0 15.4 30 300   M    M   5        39 300
17  55  45  50   2  15   0 0.00  0.0    0 18.4 35 330   M    M   9        44 320
18  53  42  48   1  17   0 0.00  0.0    0  7.7 15 200   M    M   7        20 180
19  74  44  59  12   6   0 0.00  0.0    0  8.7 20 200   M    M   1        25 190
20  70  35  53   7  12   0 0.00  0.0    0  3.1 14 320   M    M   1        18 340
21  73  37  55   9  10   0 0.00  0.0    0 10.8 21 170   M    M   0        28 180
22  71  48  60  15   5   0 0.29  0.0    0 11.5 24 170   M    M   6 12     31 170
================================================================================
SM 1390  873       294   0  0.65     0.0 224.3          M      106
================================================================================
AV 63.2 39.7                              10.2 FASTST   M    M   5    MAX(MPH)
                                 MISC ---->  # 36 320               # 48  310
================================================================================
NOTES:
# LAST OF SEVERAL OCCURRENCES

COLUMN 17 PEAK WIND IN M.P.H.

PRELIMINARY LOCAL CLIMATOLOGICAL DATA (WS FORM: F-6) , PAGE 2

                                          STATION:  SIOUX FALLS
                                          MONTH:    OCTOBER
                                          YEAR:     2014
                                          LATITUDE:   43 34 N
                                          LONGITUDE:  96 44 W

[TEMPERATURE DATA]      [PRECIPITATION DATA]       SYMBOLS USED IN COLUMN 16

AVERAGE MONTHLY: 51.4   TOTAL FOR MONTH:   0.65    1 = FOG OR MIST
DPTR FM NORMAL:   1.6   DPTR FM NORMAL:   -1.06    2 = FOG REDUCING VISIBILITY
HIGHEST:    76 ON  1    GRTST 24HR  0.29 ON 22-22      TO 1/4 MILE OR LESS
LOWEST:     27 ON 11                               3 = THUNDER
                        SNOW, ICE PELLETS, HAIL    4 = ICE PELLETS
                        TOTAL MONTH:   0.0 INCH    5 = HAIL
                        GRTST 24HR     0.0         6 = FREEZING RAIN OR DRIZZLE
                        GRTST DEPTH:   0           7 = DUSTSTORM OR SANDSTORM:
                                                       VSBY 1/2 MILE OR LESS
                                                   8 = SMOKE OR HAZE
[NO. OF DAYS WITH]      [WEATHER - DAYS WITH]      9 = BLOWING SNOW
                                                   X = TORNADO
MAX 32 OR BELOW:   0    0.01 INCH OR MORE:   4
MAX 90 OR ABOVE:   0    0.10 INCH OR MORE:   2
MIN 32 OR BELOW:   4    0.50 INCH OR MORE:   0
MIN  0 OR BELOW:   0    1.00 INCH OR MORE:   0

[HDD (BASE 65) ]
TOTAL THIS MO.   294    CLEAR  (SCALE 0-3)   6
DPTR FM NORMAL   -45    PTCLDY (SCALE 4-7)  15
TOTAL FM JUL 1   442    CLOUDY (SCALE 8-10)  1
DPTR FM NORMAL  -101

[CDD (BASE 65) ]
TOTAL THIS MO.     0
DPTR FM NORMAL     0    [PRESSURE DATA]
TOTAL FM JAN 1   610    HIGHEST SLP M ON M
DPTR FM NORMAL   -75    LOWEST  SLP 29.57 ON 12

[REMARKS]
