000
CXUS54 KTSA 240840
CF6FSM
PRELIMINARY LOCAL CLIMATOLOGICAL DATA (WS FORM: F-6)

                                          STATION:   FORT SMITH ARKANSAS
                                          MONTH:     OCTOBER
                                          YEAR:      2014
                                          LATITUDE:   35 19 N
                                          LONGITUDE:  94 22 W

  TEMPERATURE IN F:       :PCPN:    SNOW:  WIND      :SUNSHINE: SKY     :PK WND
================================================================================
1   2   3   4   5  6A  6B    7    8   9   10  11  12  13   14  15   16   17  18
                                     12Z  AVG MX 2MIN
DY MAX MIN AVG DEP HDD CDD  WTR  SNW DPTH SPD SPD DIR MIN PSBL S-S WX    SPD DR
================================================================================

 1  89  65  77   9   0  12 0.00  0.0    0  6.3 14 180   M    M   2 18     19 210
 2  88  64  76   9   0  11 0.82  0.0    0  8.4 40 260   M    M   7 13     47 270
 3  73  47  60  -7   5   0 0.00  0.0    0 10.9 25 340   M    M   2 8      32 350
 4  71  42  57 -10   8   0 0.00  0.0    0  5.7 20 260   M    M   0        22 260
 5  79  49  64  -2   1   0    T  0.0    0  3.9 13 210   M    M   0 13     17 240
 6  81  57  69   3   0   4 1.26  0.0    0  5.1 18 290   M    M   2 123    23 280
 7  88  61  75   9   0  10 0.00  0.0    0  3.2 10 260   M    M   0 1      14 270
 8  85  69  77  12   0  12 0.00  0.0    0  5.1 13 170   M    M   2 3      17 170
 9  87  66  77  12   0  12 0.00  0.0    0  4.5 13 190   M    M   5 1      16 170
10  77  63  70   5   0   5 2.17  0.0    0  6.9 45  10   M    M  10 13     61  20
11  64  58  61  -3   4   0 1.27  0.0    0  8.2 18  70   M    M  10 1      22  50
12  70  56  63  -1   2   0 0.00  0.0    0  5.6 13  80   M    M   9 1      15 240
13  71  57  64   0   1   0 2.04  0.0    0 13.5 24 260   M    M   9 13     31 230
14  71  50  61  -2   4   0    T  0.0    0 15.5 29 290   M    M   3 8      35 310
15  74  46  60  -3   5   0 0.00  0.0    0  8.0 18 310   M    M   0        22 310
16  84  44  64   1   1   0 0.00  0.0    0  5.0 13 200   M    M   0 18     17 160
17  84  54  69   7   0   4 0.00  0.0    0  2.4 13 340   M    M   0 1      15 340
18  74  51  63   1   2   0 0.00  0.0    0  2.8 12  10   M    M   0        15 360
19  72  48  60  -2   5   0 0.00  0.0    0  3.7 12  80   M    M   0        15 100
20  74  53  64   2   1   0 0.06  0.0    0  2.2  8  50   M    M   5 1      10 270
21  81  56  69   8   0   4 0.00  0.0    0  3.4  8  40   M    M   2 1      13  50
22  76  54  65   4   0   0 0.00  0.0    0  7.5 14  80   M    M   0 1      18  90
23  68  54  61   0   4   0 0.00  0.0    0  5.9 12  70   M    M   4        15  70
================================================================================
SM 1781 1264        43  74  7.62     0.0 143.7          M       72
================================================================================
AV 77.4 55.0                               6.2 FASTST   M    M   3    MAX(MPH)
                                 MISC ---->  # 45  10               # 61   20
================================================================================
NOTES:
# LAST OF SEVERAL OCCURRENCES

COLUMN 17 PEAK WIND IN M.P.H.

PRELIMINARY LOCAL CLIMATOLOGICAL DATA (WS FORM: F-6) , PAGE 2

                                          STATION:  FORT SMITH ARKANSAS
                                          MONTH:    OCTOBER
                                          YEAR:     2014
                                          LATITUDE:   35 19 N
                                          LONGITUDE:  94 22 W

[TEMPERATURE DATA]      [PRECIPITATION DATA]       SYMBOLS USED IN COLUMN 16

AVERAGE MONTHLY: 66.2   TOTAL FOR MONTH:   7.62    1 = FOG OR MIST
DPTR FM NORMAL:   2.1   DPTR FM NORMAL:    4.44    2 = FOG REDUCING VISIBILITY
HIGHEST:    89 ON  1    GRTST 24HR  2.77 ON 10-11      TO 1/4 MILE OR LESS
LOWEST:     42 ON  4                               3 = THUNDER
                        SNOW, ICE PELLETS, HAIL    4 = ICE PELLETS
                        TOTAL MONTH:   0.0 INCH    5 = HAIL
                        GRTST 24HR     0.0         6 = FREEZING RAIN OR DRIZZLE
                        GRTST DEPTH:   0           7 = DUSTSTORM OR SANDSTORM:
                                                       VSBY 1/2 MILE OR LESS
                                                   8 = SMOKE OR HAZE
[NO. OF DAYS WITH]      [WEATHER - DAYS WITH]      9 = BLOWING SNOW
                                                   X = TORNADO
MAX 32 OR BELOW:   0    0.01 INCH OR MORE:   6
MAX 90 OR ABOVE:   0    0.10 INCH OR MORE:   5
MIN 32 OR BELOW:   0    0.50 INCH OR MORE:   5
MIN  0 OR BELOW:   0    1.00 INCH OR MORE:   4

[HDD (BASE 65) ]
TOTAL THIS MO.    43    CLEAR  (SCALE 0-3)  15
DPTR FM NORMAL   -38    PTCLDY (SCALE 4-7)   4
TOTAL FM JUL 1    47    CLOUDY (SCALE 8-10)  4
DPTR FM NORMAL   -51

[CDD (BASE 65) ]
TOTAL THIS MO.    74
DPTR FM NORMAL    15    [PRESSURE DATA]
TOTAL FM JAN 1  2033    HIGHEST SLP M ON M
DPTR FM NORMAL    -4    LOWEST  SLP 29.47 ON 13

[REMARKS]
