000
CXUS54 KTSA 250940
CF6FSM
PRELIMINARY LOCAL CLIMATOLOGICAL DATA (WS FORM: F-6)

                                          STATION:   FORT SMITH ARKANSAS
                                          MONTH:     DECEMBER
                                          YEAR:      2014
                                          LATITUDE:   35 19 N
                                          LONGITUDE:  94 22 W

  TEMPERATURE IN F:       :PCPN:    SNOW:  WIND      :SUNSHINE: SKY     :PK WND
================================================================================
1   2   3   4   5  6A  6B    7    8   9   10  11  12  13   14  15   16   17  18
                                     12Z  AVG MX 2MIN
DY MAX MIN AVG DEP HDD CDD  WTR  SNW DPTH SPD SPD DIR MIN PSBL S-S WX    SPD DR
================================================================================

 1  47  33  40  -5  25   0    T  0.0    0  7.6 17 320   M    M  10 18     21 300
 2  40  31  36  -9  29   0    T    T    0  6.1  9  70   M    M  10 18     12 270
 3  46  40  43  -1  22   0 0.03  0.0    0  9.0 15  80   M    M  10 1      18  80
 4  50  44  47   3  18   0 0.01  0.0    0  8.8 12  80   M    M   9 1      15  80
 5  59  49  54  10  11   0 0.15  0.0    0  6.8 17 320   M    M  10 1      23 330
 6  57  44  51   8  14   0 0.00  0.0    0  6.3 14 340   M    M   5        17 300
 7  50  43  47   4  18   0 0.00  0.0    0  7.2 14  70   M    M   6        18  70
 8  52  37  45   2  20   0 0.00  0.0    0  5.1 12 270   M    M   5 18     14 240
 9  59  34  47   5  18   0 0.00  0.0    0  6.4 13 290   M    M   3 12     18 280
10  52  33  43   1  22   0 0.00  0.0    0  9.5 15  80   M    M   2        18  70
11  48  39  44   2  21   0    T  0.0    0  9.1 14  80   M    M  10        15  80
12  48  44  46   4  19   0    T  0.0    0  9.2 15  80   M    M  10 18     18  80
13  61  45  53  11  12   0 0.00  0.0    0  8.5 14  60   M    M   7 18     17  80
14  66  46  56  15   9   0 1.10  0.0    0  8.7 31 300   M    M   7 123    40 290
15  58  45  52  11  13   0 0.07  0.0    0 13.8 29 280   M    M   6        38 280
16  45  32  39  -2  26   0 0.00  0.0    0 10.9 22 300   M    M   7        27 310
17  37  29  33  -8  32   0 0.79    T    0  5.5 17  60   M    M   6 1      20 120
18  42  36  39  -1  26   0 0.00  0.0    0  6.7 13  80   M    M  10 1      15  80
19  44  40  42   2  23   0 0.00  0.0    0  5.1 13  70   M    M  10 18     14  70
20  47  41  44   4  21   0 0.00  0.0    0  3.4  8  60   M    M  10 18     14  40
21  51  44  48   8  17   0 0.00  0.0    0  6.0 14  70   M    M  10 18     17  70
22  53  40  47   7  18   0 0.01  0.0    0  5.7 13 280   M    M   8 1      16 280
23  51  42  47   7  18   0 0.00  0.0    0  6.1 16 290   M    M   5 1      20 290
24  43  31  37  -3  28   0    T    M    0  9.7 21 270   M    M   8        25 290
================================================================================
SM 1206  942       480   0  2.16    T    181.2          M      184
================================================================================
AV 50.2 39.2                               7.5 FASTST   M    M   8    MAX(MPH)
                                 MISC ---->  # 31 300               # 40  290
================================================================================
NOTES:
# LAST OF SEVERAL OCCURRENCES

COLUMN 17 PEAK WIND IN M.P.H.

PRELIMINARY LOCAL CLIMATOLOGICAL DATA (WS FORM: F-6) , PAGE 2

                                          STATION:  FORT SMITH ARKANSAS
                                          MONTH:    DECEMBER
                                          YEAR:     2014
                                          LATITUDE:   35 19 N
                                          LONGITUDE:  94 22 W

[TEMPERATURE DATA]      [PRECIPITATION DATA]       SYMBOLS USED IN COLUMN 16

AVERAGE MONTHLY: 44.8   TOTAL FOR MONTH:   2.16    1 = FOG OR MIST
DPTR FM NORMAL:   2.9   DPTR FM NORMAL:   -0.50    2 = FOG REDUCING VISIBILITY
HIGHEST:    66 ON 14    GRTST 24HR  1.17 ON 14-15      TO 1/4 MILE OR LESS
LOWEST:     29 ON 17                               3 = THUNDER
                        SNOW, ICE PELLETS, HAIL    4 = ICE PELLETS
                        TOTAL MONTH:    T          5 = HAIL
                        GRTST 24HR    T  ON 17-17  6 = FREEZING RAIN OR DRIZZLE
                        GRTST DEPTH:   0           7 = DUSTSTORM OR SANDSTORM:
                                                       VSBY 1/2 MILE OR LESS
                                                   8 = SMOKE OR HAZE
[NO. OF DAYS WITH]      [WEATHER - DAYS WITH]      9 = BLOWING SNOW
                                                   X = TORNADO
MAX 32 OR BELOW:   0    0.01 INCH OR MORE:   7
MAX 90 OR ABOVE:   0    0.10 INCH OR MORE:   3
MIN 32 OR BELOW:   4    0.50 INCH OR MORE:   2
MIN  0 OR BELOW:   0    1.00 INCH OR MORE:   1

[HDD (BASE 65) ]
TOTAL THIS MO.   480    CLEAR  (SCALE 0-3)   1
DPTR FM NORMAL   -74    PTCLDY (SCALE 4-7)  11
TOTAL FM JUL 1  1099    CLOUDY (SCALE 8-10) 12
DPTR FM NORMAL   -20

[CDD (BASE 65) ]
TOTAL THIS MO.     0
DPTR FM NORMAL     0    [PRESSURE DATA]
TOTAL FM JAN 1  2053    HIGHEST SLP M ON M
DPTR FM NORMAL    -1    LOWEST  SLP 29.49 ON 22

[REMARKS]
