000
CXUS56 KSGX 011545
CF6FUL
PRELIMINARY LOCAL CLIMATOLOGICAL DATA (WS FORM: F-6)

                                          STATION:   FULLERTON AIRPORT CA
                                          MONTH:     APRIL
                                          YEAR:      2016
                                          LATITUDE:   33 52 N
                                          LONGITUDE: 117 58 W

  TEMPERATURE IN F:       :PCPN:    SNOW:  WIND      :SUNSHINE: SKY     :PK WND
================================================================================
1   2   3   4   5  6A  6B    7    8   9   10  11  12  13   14  15   16   17  18
                                     12Z  AVG MX 2MIN
DY MAX MIN AVG DEP HDD CDD  WTR  SNW DPTH SPD SPD DIR MIN PSBL S-S WX    SPD DR
================================================================================

 1  73  50  62   1   3   0 0.00  0.0    0  4.3 10 210   M    M   1        16 200
 2  81  54  68   7   0   3 0.00  0.0    0  2.4 10 210   M    M   0        16 280
 3  83  55  69   8   0   4 0.00  0.0    0  3.1 12 200   M    M   0        15 200
 4  82  56  69   8   0   4 0.00  0.0    0  3.2 12 200   M    M   0        15 210
 5  87  54  71  10   0   6 0.00  0.0    0  3.4 12 180   M    M   0 18     14 190
 6  85  57  71  10   0   6 0.00  0.0    0  3.2 14 210   M    M   0 18     19 170
 7  68  60  64   3   1   0 0.07  0.0    0  2.1  9 210   M    M   5        13 220
 8  64  60  62   0   3   0 0.02  0.0    0  2.3  9 220   M    M   9 18     13 210
 9  68  60  64   2   1   0 0.01  0.0    0  3.2 14 190   M    M   9        19 200
10  72  57  65   3   0   0    T  0.0    0  3.9 13 210   M    M   9        20 200
11  76  56  66   4   0   1 0.00  0.0    0  2.6 12 230   M    M   2        19 220
12  73  56  65   3   0   0 0.00  0.0    0  4.4 13 210   M    M   0        19 190
13  73  59  66   4   0   1 0.00  0.0    0  4.5 10 290   M    M   4        16 210
14  75  59  67   5   0   2 0.00  0.0    0  4.8 13 200   M    M   4        18 200
15  78  56  67   5   0   2 0.00  0.0    0  3.7 13 240   M    M   0        19 230
16  87  54  71   8   0   6 0.00  0.0    0  3.9 15 270   M    M   0        23 290
17  92  54  73  10   0   8 0.00  0.0    0  5.2 23  80   M    M   0        29  70
18  91  56  74  11   0   9 0.00  0.0    0  3.2 14 210   M    M   0        18 200
19  91  59  75  12   0  10 0.00  0.0    0  3.7 12 190   M    M   0        17 270
20  91  58  75  12   0  10 0.00  0.0    0  3.4 14 230   M    M   0        18 190
21  87  57  72   9   0   7 0.00  0.0    0  4.4 14 220   M    M   0        19 190
22  77  58  68   4   0   3 0.00  0.0    0  5.6 14 190   M    M   2        21 270
23  78  56  67   3   0   2 0.00  0.0    0  4.3 14 210   M    M   0        18 210
24  75  55  65   1   0   0 0.00  0.0    0  5.2 13 220   M    M   1        19 210
25  70  55  63  -1   2   0    T  0.0    0  7.2 18 190   M    M   4        26 230
26  72  52  62  -2   3   0 0.00  0.0    0  4.7 12 210   M    M   0        16 230
27  73  55  64   0   1   0 0.00  0.0    0  6.3 15 200   M    M   3        22 250
28  70  56  63  -1   2   0 0.00  0.0    0  6.9 15 190   M    M   5        22 210
29  71  56  64  -1   1   0 0.00  0.0    0  4.4 14 200   M    M   6        20 230
30  72  56  64  -1   1   0 0.01  0.0    0  4.1 13 210   M    M   6 18     18 200
================================================================================
SM 2335 1686        18  84  0.11     0.0 123.6          M       70
================================================================================
AV 77.8 56.2                               4.1 FASTST   M    M   2    MAX(MPH)
                                 MISC ---->  # 23  80               # 29   70
================================================================================
NOTES:
# LAST OF SEVERAL OCCURRENCES

COLUMN 17 PEAK WIND IN M.P.H.

PRELIMINARY LOCAL CLIMATOLOGICAL DATA (WS FORM: F-6) , PAGE 2

                                          STATION:  FULLERTON AIRPORT CA
                                          MONTH:    APRIL
                                          YEAR:     2016
                                          LATITUDE:   33 52 N
                                          LONGITUDE: 117 58 W

[TEMPERATURE DATA]      [PRECIPITATION DATA]       SYMBOLS USED IN COLUMN 16

AVERAGE MONTHLY: 67.0   TOTAL FOR MONTH:   0.11    1 = FOG OR MIST
DPTR FM NORMAL:   4.4   DPTR FM NORMAL:   -0.76    2 = FOG REDUCING VISIBILITY
HIGHEST:    92 ON 17    GRTST 24HR  0.08 ON  7- 8      TO 1/4 MILE OR LESS
LOWEST:     50 ON  1                               3 = THUNDER
                        SNOW, ICE PELLETS, HAIL    4 = ICE PELLETS
                        TOTAL MONTH:   0.0 INCH    5 = HAIL
                        GRTST 24HR     0.0         6 = FREEZING RAIN OR DRIZZLE
                        GRTST DEPTH:   0           7 = DUSTSTORM OR SANDSTORM:
                                                       VSBY 1/2 MILE OR LESS
                                                   8 = SMOKE OR HAZE
[NO. OF DAYS WITH]      [WEATHER - DAYS WITH]      9 = BLOWING SNOW
                                                   X = TORNADO
MAX 32 OR BELOW:   0    0.01 INCH OR MORE:   4
MAX 90 OR ABOVE:   4    0.10 INCH OR MORE:   0
MIN 32 OR BELOW:   0    0.50 INCH OR MORE:   0
MIN  0 OR BELOW:   0    1.00 INCH OR MORE:   0

[HDD (BASE 65) ]
TOTAL THIS MO.    18    CLEAR  (SCALE 0-3)  19
DPTR FM NORMAL   -84    PTCLDY (SCALE 4-7)   8
TOTAL FM JUL 1   760    CLOUDY (SCALE 8-10)  3
DPTR FM NORMAL  -434

[CDD (BASE 65) ]
TOTAL THIS MO.    84
DPTR FM NORMAL    54    [PRESSURE DATA]
TOTAL FM JAN 1   177    HIGHEST SLP 30.16 ON  2
DPTR FM NORMAL   125    LOWEST  SLP 29.73 ON 28

[REMARKS]
#FINAL-04-16#
