000
CXUS52 KMFL 221000
CF6FXE
PRELIMINARY LOCAL CLIMATOLOGICAL DATA (WS FORM: F-6)

                                          STATION:   FORT LAUDERDALE EXEC ARPT
                                          MONTH:     NOVEMBER
                                          YEAR:      2014
                                          LATITUDE:   26 12 N
                                          LONGITUDE:  80 11 W

  TEMPERATURE IN F:       :PCPN:    SNOW:  WIND      :SUNSHINE: SKY     :PK WND
================================================================================
1   2   3   4   5  6A  6B    7    8   9   10  11  12  13   14  15   16   17  18
                                     12Z  AVG MX 2MIN
DY MAX MIN AVG DEP HDD CDD  WTR  SNW DPTH SPD SPD DIR MIN PSBL S-S WX    SPD DR
================================================================================

 1  77  53  65 -11   0   0 0.00  0.0    0 10.8 26 270   M    M   1        34 290
 2  71  51  61 -15   4   0 0.00  0.0    0  8.1 15 340   M    M   1        21 350
 3  77  58  68  -8   0   3 0.00  0.0    0  9.3 21  70   M    M   7        25  70
 4  81  71  76   1   0  11    T  0.0    0 15.0 24  80   M    M   6        29  80
 5  83  75  79   4   0  14    T  0.0    0 15.4 25  80   M    M   7        31  60
 6  82  68  75   0   0  10 0.00  0.0    0  7.0 12  80   M    M   2        14  80
 7  83  66  75   0   0  10 0.00  0.0    0  3.8 12 280   M    M   3        19 280
 8  83  66  75   0   0  10 0.00  0.0    0  4.5 15 140   M    M   4        18 140
 9  72  66  69  -5   0   4 0.96  0.0    0  2.9 12 330   M    M   7 1      14 330
10  75  64  70  -4   0   5 0.48  0.0    0  5.5 13 340   M    M   5 13     18 350
11  79  59  69  -5   0   4 0.00  0.0    0  7.3 17 270   M    M   0 1      22 260
12  82  60  71  -3   0   6 0.00  0.0    0  5.8 13 290   M    M   1        18 300
13  83  65  74   0   0   9 0.00  0.0    0  4.5 13  80   M    M   2        16  80
14  81  61  71  -3   0   6 0.00  0.0    0  3.8 10 340   M    M   1 1      14 350
15  81  63  72  -2   0   7 0.00  0.0    0  7.1 14  80   M    M   2        20  80
16  83  72  78   5   0  13 0.00  0.0    0 10.9 17 120   M    M   4        22 110
17  87  74  81   8   0  16 0.21  0.0    0  8.7 21 140   M    M   4 1      26 220
18  76  56  66  -7   0   1 0.05  0.0    0  8.0 17 340   M    M   8 1      26 330
19  65  54  60 -13   5   0 0.20  0.0    0  6.1 14 340   M    M   8 1      18 350
20  77  60  69  -4   0   4    T  0.0    0  9.4 18  70   M    M   9        26  40
21  74  69  72  -1   0   7 0.17  0.0    0 13.1 23  70   M    M  10 18     31  70
================================================================================
SM 1652 1331         9 140  2.07     0.0 167.0          M       92
================================================================================
AV 78.7 63.4                               8.0 FASTST   M    M   4    MAX(MPH)
                                 MISC ---->  # 26 270               # 34  290
================================================================================
NOTES:
# LAST OF SEVERAL OCCURRENCES

COLUMN 17 PEAK WIND IN M.P.H.

PRELIMINARY LOCAL CLIMATOLOGICAL DATA (WS FORM: F-6) , PAGE 2

                                          STATION:  FORT LAUDERDALE EXEC ARPT
                                          MONTH:    NOVEMBER
                                          YEAR:     2014
                                          LATITUDE:   26 12 N
                                          LONGITUDE:  80 11 W

[TEMPERATURE DATA]      [PRECIPITATION DATA]       SYMBOLS USED IN COLUMN 16

AVERAGE MONTHLY: 71.0   TOTAL FOR MONTH:   2.07    1 = FOG OR MIST
DPTR FM NORMAL:  -3.2   DPTR FM NORMAL:   -0.59    2 = FOG REDUCING VISIBILITY
HIGHEST:    87 ON 17    GRTST 24HR  1.43 ON  9-10      TO 1/4 MILE OR LESS
LOWEST:     51 ON  2                               3 = THUNDER
                        SNOW, ICE PELLETS, HAIL    4 = ICE PELLETS
                        TOTAL MONTH:   0.0 INCH    5 = HAIL
                        GRTST 24HR     0.0         6 = FREEZING RAIN OR DRIZZLE
                        GRTST DEPTH:   0           7 = DUSTSTORM OR SANDSTORM:
                                                       VSBY 1/2 MILE OR LESS
                                                   8 = SMOKE OR HAZE
[NO. OF DAYS WITH]      [WEATHER - DAYS WITH]      9 = BLOWING SNOW
                                                   X = TORNADO
MAX 32 OR BELOW:   0    0.01 INCH OR MORE:   6
MAX 90 OR ABOVE:   0    0.10 INCH OR MORE:   5
MIN 32 OR BELOW:   0    0.50 INCH OR MORE:   1
MIN  0 OR BELOW:   0    1.00 INCH OR MORE:   0

[HDD (BASE 65) ]
TOTAL THIS MO.     9    CLEAR  (SCALE 0-3)   8
DPTR FM NORMAL     9    PTCLDY (SCALE 4-7)  10
TOTAL FM JUL 1     9    CLOUDY (SCALE 8-10)  3
DPTR FM NORMAL     9

[CDD (BASE 65) ]
TOTAL THIS MO.   140
DPTR FM NORMAL   -56    [PRESSURE DATA]
TOTAL FM JAN 1  4260    HIGHEST SLP M ON M
DPTR FM NORMAL   289    LOWEST  SLP 29.82 ON  9

[REMARKS]
