000
CXUS54 KTSA 231402
CF6FYV
PRELIMINARY LOCAL CLIMATOLOGICAL DATA (WS FORM: F-6)

                                          STATION:   FAYETTEVILLE ARKANSAS
                                          MONTH:     APRIL
                                          YEAR:      2014
                                          LATITUDE:   36  0 N
                                          LONGITUDE:  94 10 W

  TEMPERATURE IN F:       :PCPN:    SNOW:  WIND      :SUNSHINE: SKY     :PK WND
================================================================================
1   2   3   4   5  6A  6B    7    8   9   10  11  12  13   14  15   16   17  18
                                     12Z  AVG MX 2MIN
DY MAX MIN AVG DEP HDD CDD  WTR  SNW DPTH SPD SPD DIR MIN PSBL S-S WX    SPD DR
================================================================================

 1  71  46  59   6   6   0 0.00  0.0    0  5.9 18 170   M    M   6 1      24 170
 2  75  55  65  12   0   0 0.00  0.0    0 13.6 24 180   M    M   7        32 200
 3  78  48  63  10   2   0 0.49  0.0    0 14.0 30 180   M    M   5 13     35 200
 4  54  32  43 -11  22   0 0.00  0.0    0 10.4 26 300   M    M   5        33 290
 5  63  28  46  -8  19   0 0.00  0.0    0  4.2 13 170   M    M   1 1      18 170
 6  54  43  49  -5  16   0 0.26  0.0    0  3.3 13 180   M    M   7 1      15  50
 7  61  41  51  -3  14   0 0.78  0.0    0  6.3 15 270   M    M   7 18     20 270
 8  58  34  46  -9  19   0 0.11  0.0    0 10.0 37 320   M    M   5 13     51 320
 9  70  31  51  -4  14   0 0.00  0.0    0  7.9 20 190   M    M   0        29 200
10  82  59  71  16   0   6 0.00  0.0    0 15.1 29 190   M    M   1        37 180
11  80  50  65   9   0   0 0.00  0.0    0  4.7 20 190   M    M   1        24 190
12  77  58  68  12   0   3 0.00  0.0    0 14.4 28 180   M    M   2        37 170
13  69  47  58   2   7   0 0.40  0.0    0 18.1 32 180   M    M   5 13     43 180
14  47  29  38 -18  27   0 0.01  0.0    0 11.1 24 340   M    M   8 1      30 350
15  56  23  40 -17  25   0 0.00  0.0    0  2.1 16 330   M    M   0        22 320
16  61  33  47 -10  18   0 0.00  0.0    0 10.4 25 180   M    M   0        33 170
17  67  33  50  -7  15   0 0.00  0.0    0  3.7 16 330   M    M   2        23 330
18  73  39  56  -2   9   0 0.00  0.0    0  2.0  9  60   M    M   3 1      22  80
19  75  41  58   0   7   0 0.00  0.0    0  3.0 17 200   M    M   0        28  90
20  75  48  62   4   3   0    T  0.0    0  4.4 15 180   M    M   2        23 210
21  66  53  60   2   5   0 0.52  0.0    0  2.6 14 190   M    M   9 12     24 270
22  73  44  59   0   6   0 0.00  0.0    0  3.7 15 330   M    M   3 12     26  90
================================================================================
SM 1485  915       234   9  2.57     0.0 170.9          M       79
================================================================================
AV 67.5 41.6                               7.8 FASTST   M    M   4    MAX(MPH)
                                 MISC ---->  # 37 320               # 51  320
================================================================================
NOTES:
# LAST OF SEVERAL OCCURRENCES

COLUMN 17 PEAK WIND IN M.P.H.

PRELIMINARY LOCAL CLIMATOLOGICAL DATA (WS FORM: F-6) , PAGE 2

                                          STATION:  FAYETTEVILLE ARKANSAS
                                          MONTH:    APRIL
                                          YEAR:     2014
                                          LATITUDE:   36  0 N
                                          LONGITUDE:  94 10 W

[TEMPERATURE DATA]      [PRECIPITATION DATA]       SYMBOLS USED IN COLUMN 16

AVERAGE MONTHLY: 54.5   TOTAL FOR MONTH:   2.57    1 = FOG OR MIST
DPTR FM NORMAL:  -1.2   DPTR FM NORMAL:   -0.64    2 = FOG REDUCING VISIBILITY
HIGHEST:    82 ON 10    GRTST 24HR  1.00 ON  6- 7      TO 1/4 MILE OR LESS
LOWEST:     23 ON 15                               3 = THUNDER
                        SNOW, ICE PELLETS, HAIL    4 = ICE PELLETS
                        TOTAL MONTH:   0.0 INCH    5 = HAIL
                        GRTST 24HR     0.0         6 = FREEZING RAIN OR DRIZZLE
                        GRTST DEPTH:   0           7 = DUSTSTORM OR SANDSTORM:
                                                       VSBY 1/2 MILE OR LESS
                                                   8 = SMOKE OR HAZE
[NO. OF DAYS WITH]      [WEATHER - DAYS WITH]      9 = BLOWING SNOW
                                                   X = TORNADO
MAX 32 OR BELOW:   0    0.01 INCH OR MORE:   7
MAX 90 OR ABOVE:   0    0.10 INCH OR MORE:   6
MIN 32 OR BELOW:   5    0.50 INCH OR MORE:   2
MIN  0 OR BELOW:   0    1.00 INCH OR MORE:   0

[HDD (BASE 65) ]
TOTAL THIS MO.   234    CLEAR  (SCALE 0-3)  12
DPTR FM NORMAL    14    PTCLDY (SCALE 4-7)   9
TOTAL FM JUL 1  4614    CLOUDY (SCALE 8-10)  1
DPTR FM NORMAL   565

[CDD (BASE 65) ]
TOTAL THIS MO.     9
DPTR FM NORMAL   -10    [PRESSURE DATA]
TOTAL FM JAN 1     9    HIGHEST SLP M ON M
DPTR FM NORMAL   -14    LOWEST  SLP 29.48 ON 13

[REMARKS]
