040
CXUS54 KTSA 210940
CF6FYV
PRELIMINARY LOCAL CLIMATOLOGICAL DATA (WS FORM: F-6)

                                          STATION:   FAYETTEVILLE ARKANSAS
                                          MONTH:     FEBRUARY
                                          YEAR:      2018
                                          LATITUDE:   36  0 N
                                          LONGITUDE:  94 10 W

  TEMPERATURE IN F:       :PCPN:    SNOW:  WIND      :SUNSHINE: SKY     :PK WND
================================================================================
1   2   3   4   5  6A  6B    7    8   9   10  11  12  13   14  15   16   17  18
                                     12Z  AVG MX 2MIN
DY MAX MIN AVG DEP HDD CDD  WTR  SNW DPTH SPD SPD DIR MIN PSBL S-S WX    SPD DR
================================================================================

 1  50  25  38   1  27   0 0.00  0.0    0  7.0 21 340   M    M   2        27 350
 2  48  20  34  -3  31   0 0.00  0.0    0  4.6 17 180   M    M   0 8      20 180
 3  49  25  37   0  28   0 0.00  0.0    0  7.6 20 200   M    M   3        24 200
 4  44  15  30  -7  35   0 0.00  0.0    0  8.2 22 340   M    M   5 1      27 340
 5  44  13  29  -8  36   0 0.00  0.0    0  6.2 21 190   M    M   4 1      27 180
 6  32  25  29  -9  36   0 0.01    T    0  6.1 12  70   M    M  10 168    15  40
 7  41  20  31  -7  34   0 0.00  0.0    0  5.2 15 350   M    M   5 1      20 350
 8  57  16  37  -1  28   0 0.00  0.0    0  5.7 17 220   M    M   0 1      22 210
 9  64  41  53  15  12   0 0.00  0.0    0 11.1 20 180   M    M   5 1      26 210
10  52  25  39   1  26   0 0.02    T    0  6.1 14 330   M    M  10 146    16 340
11  25  21  23 -16  42   0    T  0.0    0  7.9 16 330   M    M   9 16     19 340
12  44  19  32  -7  33   0 0.00  0.0    0  6.7 13  80   M    M   3        18  80
13  53  28  41   2  24   0 0.00  0.0    0  5.0 16 180   M    M   8        19 180
14  63  48  56  17   9   0    T  0.0    0 12.0 23 210   M    M  10 1      31 210
15  75  60  68  28   0   3 0.00  0.0    0 16.4 29 200   M    M   4        36 200
16  67  37  52  12  13   0 0.16  0.0    0  7.7 25 330   M    M   4 1      33 340
17  49  29  39  -1  26   0 0.52  0.0    0  4.4 15 210   M    M   7 12     19 250
18  55  25  40   0  25   0 0.00  0.0    0  8.1 22 170   M    M   6 12     29 170
19  69  54  62  21   3   0 0.11  0.0    0 17.3 25 170   M    M  10 13     35 160
20  69  33  51  10  14   0 2.54    M    0 13.4 30 180   M    M   9 13     43 170
================================================================================
SM 1050  579       482   3  3.36    T    166.7          M      114
================================================================================
AV 52.5 29.0                               8.3 FASTST   M    M   6    MAX(MPH)
                                 MISC ---->  # 30 180               # 43  170
================================================================================
NOTES:
# LAST OF SEVERAL OCCURRENCES

COLUMN 17 PEAK WIND IN M.P.H.

PRELIMINARY LOCAL CLIMATOLOGICAL DATA (WS FORM: F-6) , PAGE 2

                                          STATION:  FAYETTEVILLE ARKANSAS
                                          MONTH:    FEBRUARY
                                          YEAR:     2018
                                          LATITUDE:   36  0 N
                                          LONGITUDE:  94 10 W

[TEMPERATURE DATA]      [PRECIPITATION DATA]       SYMBOLS USED IN COLUMN 16

AVERAGE MONTHLY: 40.7   TOTAL FOR MONTH:   3.36    1 = FOG OR MIST
DPTR FM NORMAL:   2.1   DPTR FM NORMAL:    1.44    2 = FOG REDUCING VISIBILITY
HIGHEST:    75 ON 15    GRTST 24HR  2.54 ON 20-20      TO 1/4 MILE OR LESS
LOWEST:     13 ON  5                               3 = THUNDER
                        SNOW, ICE PELLETS, HAIL    4 = ICE PELLETS
                        TOTAL MONTH:    T          5 = HAIL
                        GRTST 24HR    T  ON 10-10  6 = FREEZING RAIN OR DRIZZLE
                        GRTST DEPTH:   0           7 = DUSTSTORM OR SANDSTORM:
                                                       VSBY 1/2 MILE OR LESS
                                                   8 = SMOKE OR HAZE
[NO. OF DAYS WITH]      [WEATHER - DAYS WITH]      9 = BLOWING SNOW
                                                   X = TORNADO
MAX 32 OR BELOW:   2    0.01 INCH OR MORE:   6
MAX 90 OR ABOVE:   0    0.10 INCH OR MORE:   4
MIN 32 OR BELOW:  14    0.50 INCH OR MORE:   2
MIN  0 OR BELOW:   0    1.00 INCH OR MORE:   1

[HDD (BASE 65) ]
TOTAL THIS MO.   482    CLEAR  (SCALE 0-3)   5
DPTR FM NORMAL   -45    PTCLDY (SCALE 4-7)   9
TOTAL FM JUL 1  2978    CLOUDY (SCALE 8-10)  6
DPTR FM NORMAL  -143

[CDD (BASE 65) ]
TOTAL THIS MO.     3
DPTR FM NORMAL     3    [PRESSURE DATA]
TOTAL FM JAN 1     3    HIGHEST SLP M ON M
DPTR FM NORMAL     3    LOWEST  SLP 29.77 ON 19

[REMARKS]
