000
CXUS54 KBMX 201111
CF6GAD
PRELIMINARY LOCAL CLIMATOLOGICAL DATA (WS FORM: F-6)

                                          STATION:   GADSDEN
                                          MONTH:     OCTOBER
                                          YEAR:      2014
                                          LATITUDE:   33 58 N
                                          LONGITUDE:  86  5 W

  TEMPERATURE IN F:       :PCPN:    SNOW:  WIND      :SUNSHINE: SKY     :PK WND
================================================================================
1   2   3   4   5  6A  6B    7    8   9   10  11  12  13   14  15   16   17  18
                                     12Z  AVG MX 2MIN
DY MAX MIN AVG DEP HDD CDD  WTR  SNW DPTH SPD SPD DIR MIN PSBL S-S WX    SPD DR
================================================================================

 1  88  55  72   M   0   7 0.00  0.0    0  1.6  9 240   M    M   0         M  M
 2  88  57  73   M   0   8 0.00  0.0    0  3.2  9 190   M    M   3         M  M
 3  77  57  67   M   0   2 0.96  0.0    0  5.9 12 260   M    M   6 3       M  M
 4  66  43  55   M  10   0 0.00  0.0    0  8.5 18 260   M    M   1        27 290
 5  72  36  54   M  11   0 0.00  0.0    0  3.1  9 190   M    M   1        17 210
 6  75  46  61   M   4   0 0.55    M    0  4.0 12 190   M    M   3 3      17 230
 7  82  57  70   M   0   5 0.00  0.0    0  3.1 10 190   M    M   3        16 190
 8  84  61  73   M   0   8 0.01  0.0    0  3.0 14 320   M    M   3 3      18 320
 9  86  59  73   M   0   8 0.00  0.0    0  0.9  6 270   M    M   1         M  M
10  84  59  72   M   0   7 0.05  0.0    0  3.3  9 220   M    M   4        16 220
11  82  64  73   M   0   8 0.16  0.0    0  1.4  6 290   M    M   4         M  M
12  82  63  73   M   0   8 0.01  0.0    0  3.7 12 200   M    M   5         M  M
13  84  66  75   M   0  10 1.86  0.0    0 10.0 22 260   M    M   8 3      27 260
14  70  55  63   M   2   0 0.88  0.0    0  8.3 17 230   M    M   9        23 240
15  66  52  59   M   6   0 0.00  0.0    0  6.0 13 240   M    M   8        17 240
16  72  48  60   M   5   0 0.00  0.0    0  4.4 12 260   M    M   4        18 300
17  81  43  62   M   3   0 0.00  0.0    0  3.1 12 260   M    M   2        20 260
18  72  52  62   M   3   0 0.00  0.0    0  5.0 12 310   M    M   0         M  M
19  72  43  58   M   7   0 0.00  0.0    0  2.6  9  20   M    M   0         M  M
================================================================================
SM 1483 1016        51  71  4.48     0.0  81.1          M       65
================================================================================
AV 78.1 53.5                               4.3 FASTST   M    M   3    MAX(MPH)
                                 MISC ---->    22   M               # 27  290
================================================================================
NOTES:
# LAST OF SEVERAL OCCURRENCES

COLUMN 17 PEAK WIND IN M.P.H.

PRELIMINARY LOCAL CLIMATOLOGICAL DATA (WS FORM: F-6) , PAGE 2

                                          STATION:  GADSDEN
                                          MONTH:    OCTOBER
                                          YEAR:     2014
                                          LATITUDE:   33 58 N
                                          LONGITUDE:  86  5 W

[TEMPERATURE DATA]      [PRECIPITATION DATA]       SYMBOLS USED IN COLUMN 16

AVERAGE MONTHLY: 65.8   TOTAL FOR MONTH:   4.48    1 = FOG OR MIST
DPTR FM NORMAL:     M   DPTR FM NORMAL:       M    2 = FOG REDUCING VISIBILITY
HIGHEST:    88 ON  2, 1 GRTST 24HR  1.86 ON 13-13      TO 1/4 MILE OR LESS
LOWEST:     36 ON  5                               3 = THUNDER
                        SNOW, ICE PELLETS, HAIL    4 = ICE PELLETS
                        TOTAL MONTH:   0.0 INCH    5 = HAIL
                        GRTST 24HR     0.0         6 = FREEZING RAIN OR DRIZZLE
                        GRTST DEPTH:   0           7 = DUSTSTORM OR SANDSTORM:
                                                       VSBY 1/2 MILE OR LESS
                                                   8 = SMOKE OR HAZE
[NO. OF DAYS WITH]      [WEATHER - DAYS WITH]      9 = BLOWING SNOW
                                                   X = TORNADO
MAX 32 OR BELOW:   0    0.01 INCH OR MORE:   8
MAX 90 OR ABOVE:   0    0.10 INCH OR MORE:   5
MIN 32 OR BELOW:   0    0.50 INCH OR MORE:   4
MIN  0 OR BELOW:   0    1.00 INCH OR MORE:   1

[HDD (BASE 65) ]
TOTAL THIS MO.    51    CLEAR  (SCALE 0-3)  10
DPTR FM NORMAL     M    PTCLDY (SCALE 4-7)   8
TOTAL FM JUL 1    51    CLOUDY (SCALE 8-10)  1
DPTR FM NORMAL     M

[CDD (BASE 65) ]
TOTAL THIS MO.    71
DPTR FM NORMAL     M    [PRESSURE DATA]
TOTAL FM JAN 1  2077    HIGHEST SLP M ON M
DPTR FM NORMAL     M    LOWEST  SLP M ON M

[REMARKS]
