000
CXUS54 KBMX 301216
CF6GAD
PRELIMINARY LOCAL CLIMATOLOGICAL DATA (WS FORM: F-6)

                                          STATION:   GADSDEN
                                          MONTH:     JANUARY
                                          YEAR:      2015
                                          LATITUDE:   33 58 N
                                          LONGITUDE:  86  5 W

  TEMPERATURE IN F:       :PCPN:    SNOW:  WIND      :SUNSHINE: SKY     :PK WND
================================================================================
1   2   3   4   5  6A  6B    7    8   9   10  11  12  13   14  15   16   17  18
                                     12Z  AVG MX 2MIN
DY MAX MIN AVG DEP HDD CDD  WTR  SNW DPTH SPD SPD DIR MIN PSBL S-S WX    SPD DR
================================================================================

 1  52  28  40   M  25   0 0.06  0.0    0  0.9  6  70   M    M   7         M  M
 2  46  43  45   M  20   0 0.60    M    0  5.8  9  80   M    M  10         M  M
 3  63  46  55   M  10   0 1.24    M    0  6.3 29 230   M    M  10 3      46 230
 4  61  43  52   M  13   0 0.66    M    0  8.9 15 300   M    M   7        22 280
 5  46  27  37   M  28   0 0.00  0.0    0  5.9 12 340   M    M   3        17 340
 6  54  25  40   M  25   0 0.00  0.0    0  4.0  9 280   M    M   0         M  M
 7  37  12  25   M  40   0 0.00  0.0    0 11.1 22 350   M    M   3        31 340
 8  30   9  20   M  45   0 0.00  0.0    0  5.6 15 360   M    M   0        21  10
 9  37  16  27   M  38   0 0.00  0.0    0  3.5  9 350   M    M   0         M  M
10  43  18  31   M  34   0 0.00  0.0    0  4.3 10  60   M    M   0         M  M
11  45  25  35   M  30   0 0.00  0.0    0  8.2 12  60   M    M   8         M  M
12  46  41  44   M  21   0 0.19  0.0    0  3.7  8  60   M    M  10         M  M
13  46  37  42   M  23   0 0.00  0.0    0  8.0 10  10   M    M  10         M  M
14  43  28  36   M  29   0 0.00  0.0    0  4.8  8 310   M    M   8         M  M
15  39  27  33   M  32   0 0.00  0.0    0  1.4  8 320   M    M   5         M  M
16  54  25  40   M  25   0 0.00  0.0    0  2.2  6  10   M    M   1         M  M
17  59  23  41   M  24   0 0.00  0.0    0  2.3 12 160   M    M   0         M  M
18  52  28  40   M  25   0 0.00  0.0    0  5.4 14 300   M    M   1        21 310
19  66  25  46   M  19   0 0.00  0.0    0  3.0 12 220   M    M   0        21 220
20  64  30  47   M  18   0 0.00  0.0    0  2.5  8 250   M    M   0         M  M
21  61  30  46   M  19   0 0.00  0.0    0  3.2 12 330   M    M   0         M  M
22  54  30  42   M  23   0 0.23  0.0    0  3.5 12  20   M    M   5         M  M
23  46  41  44   M  21   0 0.78  0.0    0  9.0 15  60   M    M  10        20  60
24  48  28  38   M  27   0 0.00  0.0    0  7.9 14 290   M    M   3        20 320
25  61  25  43   M  22   0 0.07  0.0    0  5.0 14 200   M    M   3 3      21 200
26  45  30  38   M  27   0 0.00  0.0    0  8.5 18 320   M    M   9        24 320
27  52  28  40   M  25   0 0.02    M    0  5.7 16 360   M    M   2        24 360
28  55  28  42   M  23   0 0.00  0.0    0  4.3 12  50   M    M   2        17  60
29  63  27  45   M  20   0 0.00  0.0    0  5.5 20 330   M    M   3        30 340
================================================================================
SM 1468  823       731   0  3.85     0.0 150.4          M      120
================================================================================
AV 50.6 28.4                               5.2 FASTST   M    M   4    MAX(MPH)
                                 MISC ---->    29   M               # 46  230
================================================================================
NOTES:
# LAST OF SEVERAL OCCURRENCES

COLUMN 17 PEAK WIND IN M.P.H.

PRELIMINARY LOCAL CLIMATOLOGICAL DATA (WS FORM: F-6) , PAGE 2

                                          STATION:  GADSDEN
                                          MONTH:    JANUARY
                                          YEAR:     2015
                                          LATITUDE:   33 58 N
                                          LONGITUDE:  86  5 W

[TEMPERATURE DATA]      [PRECIPITATION DATA]       SYMBOLS USED IN COLUMN 16

AVERAGE MONTHLY: 39.5   TOTAL FOR MONTH:   3.85    1 = FOG OR MIST
DPTR FM NORMAL:     M   DPTR FM NORMAL:       M    2 = FOG REDUCING VISIBILITY
HIGHEST:    66 ON 19    GRTST 24HR  1.24 ON  3- 3      TO 1/4 MILE OR LESS
LOWEST:      9 ON  8                               3 = THUNDER
                        SNOW, ICE PELLETS, HAIL    4 = ICE PELLETS
                        TOTAL MONTH:   0.0 INCH    5 = HAIL
                        GRTST 24HR     0.0         6 = FREEZING RAIN OR DRIZZLE
                        GRTST DEPTH:   0           7 = DUSTSTORM OR SANDSTORM:
                                                       VSBY 1/2 MILE OR LESS
                                                   8 = SMOKE OR HAZE
[NO. OF DAYS WITH]      [WEATHER - DAYS WITH]      9 = BLOWING SNOW
                                                   X = TORNADO
MAX 32 OR BELOW:   1    0.01 INCH OR MORE:   9
MAX 90 OR ABOVE:   0    0.10 INCH OR MORE:   6
MIN 32 OR BELOW:  23    0.50 INCH OR MORE:   4
MIN  0 OR BELOW:   0    1.00 INCH OR MORE:   1

[HDD (BASE 65) ]
TOTAL THIS MO.   731    CLEAR  (SCALE 0-3)  15
DPTR FM NORMAL     M    PTCLDY (SCALE 4-7)   7
TOTAL FM JUL 1  2043    CLOUDY (SCALE 8-10)  7
DPTR FM NORMAL     M

[CDD (BASE 65) ]
TOTAL THIS MO.     0
DPTR FM NORMAL     M    [PRESSURE DATA]
TOTAL FM JAN 1     0    HIGHEST SLP M ON M
DPTR FM NORMAL     M    LOWEST  SLP M ON M

[REMARKS]
