000
CXUS56 KFGZ 210900
CF6GCN
PRELIMINARY LOCAL CLIMATOLOGICAL DATA (WS FORM: F-6)

                                          STATION:   GRAND CANYON AZ AIRPORT
                                          MONTH:     FEBRUARY
                                          YEAR:      2018
                                          LATITUDE:   35 57 N
                                          LONGITUDE: 112  9 W

  TEMPERATURE IN F:       :PCPN:    SNOW:  WIND      :SUNSHINE: SKY     :PK WND
================================================================================
1   2   3   4   5  6A  6B    7    8   9   10  11  12  13   14  15   16   17  18
                                     12Z  AVG MX 2MIN
DY MAX MIN AVG DEP HDD CDD  WTR  SNW DPTH SPD SPD DIR MIN PSBL S-S WX    SPD DR
================================================================================

 1  65  20  43  14  22   0 0.00    M    M  2.0 14 360   M    M   0        20 360
 2  61  20  41  12  24   0 0.00  0.0    0  3.1 15 260   M    M   0 8      24 250
 3  59  19  39  10  26   0 0.00    M    M  4.0 14 330   M    M   0        22 320
 4  62  18  40  10  25   0 0.00  0.0    0  3.4 14 280   M    M   0        19 270
 5  60  18  39   9  26   0 0.00    M    M  4.9 15 230   M    M   0        20 230
 6  51  15  33   3  32   0 0.00    M    M  3.3 17 290   M    M   1        27 280
 7  58  12  35   5  30   0 0.00  0.0    0  4.0 10  30   M    M   0        16 100
 8  63  17  40  10  25   0 0.00  0.0    0  3.4 12 200   M    M   0        16 210
 9  63  17  40  10  25   0 0.00  0.0    0  3.6 17 240   M    M   0        27 260
10  59  17  38   8  27   0 0.00  0.0    0  8.8 30 240   M    M   2        41 240
11  47   9  28  -3  37   0 0.00  0.0    0  8.3 18  70   M    M   0        24  80
12  39  32  36   5  29   0 0.32    M    0 14.5 28 220   M    M   9 16     39 220
13  42  30  36   5  29   0 0.12    M    0  3.6 16 180   M    M   8 1      21 170
14  41  28  35   4  30   0    T    M    0  9.1 23 190   M    M   5 1      34 190
15  44  22  33   2  32   0 0.02    M    M  5.3 16 230   M    M   7 12     21 210
16  48  18  33   2  32   0 0.00  0.0    0  2.4  9 250   M    M   0 18     13 210
17  56  14  35   3  30   0 0.00    M    M  1.9 12 250   M    M   0 8      16 250
18  52  21  37   5  28   0 0.00    M    M 16.1 33 230   M    M   2 18     45 220
19  39   7  23  -9  42   0 0.12    M    M 18.5 43 220   M    M  10 128    51 220
20  27 -12   8 -24  57   0    T    M    M  4.1 18 220   M    M   2 18     24 210
================================================================================
SM 1036  342       608   0  0.58     0.0 124.3          M       46
================================================================================
AV 51.8 17.1                               6.2 FASTST   M    M   2    MAX(MPH)
                                 MISC ---->  # 43 220               # 51  220
================================================================================
NOTES:
# LAST OF SEVERAL OCCURRENCES

COLUMN 17 PEAK WIND IN M.P.H.

PRELIMINARY LOCAL CLIMATOLOGICAL DATA (WS FORM: F-6) , PAGE 2

                                          STATION:  GRAND CANYON AZ AIRPORT
                                          MONTH:    FEBRUARY
                                          YEAR:     2018
                                          LATITUDE:   35 57 N
                                          LONGITUDE: 112  9 W

[TEMPERATURE DATA]      [PRECIPITATION DATA]       SYMBOLS USED IN COLUMN 16

AVERAGE MONTHLY: 34.5   TOTAL FOR MONTH:   0.58    1 = FOG OR MIST
DPTR FM NORMAL:   3.9   DPTR FM NORMAL:   -0.22    2 = FOG REDUCING VISIBILITY
HIGHEST:    65 ON  1    GRTST 24HR  0.32 ON 12-12      TO 1/4 MILE OR LESS
LOWEST:    -12 ON 20                               3 = THUNDER
                        SNOW, ICE PELLETS, HAIL    4 = ICE PELLETS
                        TOTAL MONTH:   0.0 INCH    5 = HAIL
                        GRTST 24HR     0.0         6 = FREEZING RAIN OR DRIZZLE
                        GRTST DEPTH:   0           7 = DUSTSTORM OR SANDSTORM:
                                                       VSBY 1/2 MILE OR LESS
                                                   8 = SMOKE OR HAZE
[NO. OF DAYS WITH]      [WEATHER - DAYS WITH]      9 = BLOWING SNOW
                                                   X = TORNADO
MAX 32 OR BELOW:   1    0.01 INCH OR MORE:   4
MAX 90 OR ABOVE:   0    0.10 INCH OR MORE:   3
MIN 32 OR BELOW:  20    0.50 INCH OR MORE:   0
MIN  0 OR BELOW:   1    1.00 INCH OR MORE:   0

[HDD (BASE 65) ]
TOTAL THIS MO.   608    CLEAR  (SCALE 0-3)  15
DPTR FM NORMAL   -83    PTCLDY (SCALE 4-7)   3
TOTAL FM JUL 1  3956    CLOUDY (SCALE 8-10)  2
DPTR FM NORMAL  -802

[CDD (BASE 65) ]
TOTAL THIS MO.     0
DPTR FM NORMAL     0    [PRESSURE DATA]
TOTAL FM JAN 1     0    HIGHEST SLP M ON M
DPTR FM NORMAL     0    LOWEST  SLP 29.41 ON 19

[REMARKS]
