000
CXUS51 KPHI 280800
CF6GED
PRELIMINARY LOCAL CLIMATOLOGICAL DATA (WS FORM: F-6)

                                          STATION:   GEORGETOWN DE
                                          MONTH:     AUGUST
                                          YEAR:      2016
                                          LATITUDE:   38 41 N
                                          LONGITUDE:  75 22 W

  TEMPERATURE IN F:       :PCPN:    SNOW:  WIND      :SUNSHINE: SKY     :PK WND
================================================================================
1   2   3   4   5  6A  6B    7    8   9   10  11  12  13   14  15   16   17  18
                                     12Z  AVG MX 2MIN
DY MAX MIN AVG DEP HDD CDD  WTR  SNW DPTH SPD SPD DIR MIN PSBL S-S WX    SPD DR
================================================================================

 1  87  71  79   2   0  14 1.59    M    M  5.3 23 360   M    M   5 13     34 360
 2  84  68  76  -1   0  11 0.00    M    M  7.5 18  50   M    M   4 1      24  60
 3  81  66  74  -3   0   9 0.00    M    M  7.0 16  80   M    M   3        21  50
 4  81  62  72  -5   0   7 0.00    M    M  4.5 15 100   M    M   1        19 110
 5  84  62  73  -4   0   8 0.00    M    M  4.2 12 170   M    M   2        15 180
 6  89  71  80   3   0  15 0.56    M    M  6.3 14 220   M    M   6 13     19 260
 7  89  72  81   4   0  16 0.00    M    M  5.6  9  20   M    M   0        18  20
 8  88  64  76  -1   0  11 0.00    M    M  3.2 16 230   M    M   1        21 230
 9  86  64  75  -1   0  10 0.02    M    M  4.3 14 150   M    M   5 1      17 150
10  91  73  82   6   0  17 0.00    M    M  8.1 16 220   M    M   2 1      23 220
11  93  75  84   8   0  19 0.00    M    M  9.3 18 220   M    M   1 1      25 220
12  94  77  86  10   0  21 0.00    M    M 10.4 20 220   M    M   0        24 220
13  96  79  88  12   0  23 0.00    M    M 10.4 21 230   M    M   0        25 220
14  96  77  87  11   0  22    T    M    M  6.9 16 300   M    M   0        23 290
15  96  75  86  10   0  21 0.02    M    M  4.7 13 280   M    M   0 13     17 260
16  95  73  84   8   0  19 0.31    M    M  8.7 17 220   M    M   2 13     22 220
17  91  72  82   6   0  17 0.54    M    M  6.4 29 220   M    M   2 13     38 240
18  88  71  80   4   0  15 0.04    M    M  4.1 10 290   M    M   2 3      16 290
19  90  71  81   5   0  16 0.00    M    M  3.0  9 320   M    M   1 1      14 300
20  89  67  78   3   0  13 0.00    M    M  3.4 12  80   M    M   1 1      15 120
21  89  69  79   4   0  14 0.80    M    M  6.2 16 160   M    M   3 13     22 270
22  83  64  74  -1   0   9 0.00    M    M  5.6 15 280   M    M   1        20 280
23  81  58  70  -5   0   5 0.00    M    M  3.1 12  50   M    M   0        14  40
24  84  58  71  -4   0   6 0.00    M    M  3.7 13 120   M    M   0        17 120
25  87  61  74  -1   0   9 0.00    M    M  7.2 18 200   M    M   1        24 180
26  94  72  83   9   0  18 0.00    M    M  4.7 13 310   M    M   1        18 310
27  87  70  79   5   0  14 0.00    M    M  6.0 15  30   M    M   0        19  60
================================================================================
SM 2393 1862         0 379  3.88    M    159.8          M       44
================================================================================
AV 88.6 69.0                               5.9 FASTST   M    M   2    MAX(MPH)
                                 MISC ---->  # 29 220               # 38  240
================================================================================
NOTES:
# LAST OF SEVERAL OCCURRENCES

COLUMN 17 PEAK WIND IN M.P.H.

PRELIMINARY LOCAL CLIMATOLOGICAL DATA (WS FORM: F-6) , PAGE 2

                                          STATION:  GEORGETOWN DE
                                          MONTH:    AUGUST
                                          YEAR:     2016
                                          LATITUDE:   38 41 N
                                          LONGITUDE:  75 22 W

[TEMPERATURE DATA]      [PRECIPITATION DATA]       SYMBOLS USED IN COLUMN 16

AVERAGE MONTHLY: 78.8   TOTAL FOR MONTH:   3.88    1 = FOG OR MIST
DPTR FM NORMAL:   2.9   DPTR FM NORMAL:    0.79    2 = FOG REDUCING VISIBILITY
HIGHEST:    96 ON 15,14 GRTST 24HR  1.59 ON  1- 1      TO 1/4 MILE OR LESS
LOWEST:     58 ON 24,23                            3 = THUNDER
                        SNOW, ICE PELLETS, HAIL    4 = ICE PELLETS
                        TOTAL MONTH:    M          5 = HAIL
                        GRTST 24HR    M  ON   M    6 = FREEZING RAIN OR DRIZZLE
                        GRTST DEPTH:  M  ON   M    7 = DUSTSTORM OR SANDSTORM:
                                                       VSBY 1/2 MILE OR LESS
                                                   8 = SMOKE OR HAZE
[NO. OF DAYS WITH]      [WEATHER - DAYS WITH]      9 = BLOWING SNOW
                                                   X = TORNADO
MAX 32 OR BELOW:   0    0.01 INCH OR MORE:   8
MAX 90 OR ABOVE:  10    0.10 INCH OR MORE:   5
MIN 32 OR BELOW:   0    0.50 INCH OR MORE:   4
MIN  0 OR BELOW:   0    1.00 INCH OR MORE:   1

[HDD (BASE 65) ]
TOTAL THIS MO.     0    CLEAR  (SCALE 0-3)  23
DPTR FM NORMAL     0    PTCLDY (SCALE 4-7)   4
TOTAL FM JUL 1     0    CLOUDY (SCALE 8-10)  0
DPTR FM NORMAL     0

[CDD (BASE 65) ]
TOTAL THIS MO.   379
DPTR FM NORMAL    84    [PRESSURE DATA]
TOTAL FM JAN 1  1164    HIGHEST SLP  0.00 ON  7
DPTR FM NORMAL   169    LOWEST  SLP  0.00 ON M

[REMARKS]
