000
CXUS51 KPHI 210800
CF6GED
PRELIMINARY LOCAL CLIMATOLOGICAL DATA (WS FORM: F-6)

                                          STATION:   GEORGETOWN DE
                                          MONTH:     FEBRUARY
                                          YEAR:      2018
                                          LATITUDE:   38 41 N
                                          LONGITUDE:  75 22 W

  TEMPERATURE IN F:       :PCPN:    SNOW:  WIND      :SUNSHINE: SKY     :PK WND
================================================================================
1   2   3   4   5  6A  6B    7    8   9   10  11  12  13   14  15   16   17  18
                                     12Z  AVG MX 2MIN
DY MAX MIN AVG DEP HDD CDD  WTR  SNW DPTH SPD SPD DIR MIN PSBL S-S WX    SPD DR
================================================================================

 1  55  34  45   9  20   0 0.00    M    M 12.9 21 220   M    M   2        25 210
 2  56  22  39   3  26   0 0.19    M    M 10.5 22 300   M    M   5 1      34 320
 3  34  14  24 -12  41   0 0.00    M    M  5.6 16 220   M    M   0        20 220
 4  54  28  41   5  24   0 0.64    M    M  9.0 18 200   M    M   8 1      26 170
 5  40  22  31  -5  34   0 0.00    M    M  6.4 18 310   M    M   1 1      31 320
 6  45  22  34  -2  31   0 0.00    M    M  3.2 13 280   M    M   3        19 280
 7  60  26  43   7  22   0 0.36    M    M  9.2 22 190   M    M   9 1      33 190
 8  39  24  32  -4  33   0 0.00    M    M  6.4 18 330   M    M   2        25 350
 9  44  22  33  -3  32   0 0.00    M    M  5.2 17 160   M    M   1 1      21 170
10  60  39  50  13  15   0 0.25    M    M  6.1 13 200   M    M   8 1      17 200
11  71  55  63  26   2   0 0.81    M    M 12.2 28 200   M    M   7 1      37 200
12  68  36  52  15  13   0 0.83    M    M  6.8 18 220   M    M   6 1      24 210
13  39  29  34  -3  31   0    T    M    M  7.8 20  40   M    M   4        25  50
14  52  36  44   7  21   0 0.00    M    M  7.1 16 210   M    M   5        19 220
15  68  50  59  22   6   0 0.07    M    M 11.0 21 230   M    M   3 1      30 240
16  68  44  56  18   9   0 0.06    M    M  8.1 22 240   M    M   6 1      29 330
17  44  30  37  -1  28   0 0.61    M    M  5.8 14 100   M    M   3 1      20  90
18  50  31  41   3  24   0 0.00    M    M  5.0 17  10   M    M   3 8      27  20
19  60  30  45   7  20   0    T    M    M  7.8 18 200   M    M   6 1      25 210
20  73  59  66  28   0   1    T    M    M 13.3 23 220   M    M   6 1      29 230
================================================================================
SM 1080  653       432   1  3.82    M    159.4          M       88
================================================================================
AV 54.0 32.7                               8.0 FASTST   M    M   4    MAX(MPH)
                                 MISC ---->  # 28 200               # 37  200
================================================================================
NOTES:
# LAST OF SEVERAL OCCURRENCES

COLUMN 17 PEAK WIND IN M.P.H.

PRELIMINARY LOCAL CLIMATOLOGICAL DATA (WS FORM: F-6) , PAGE 2

                                          STATION:  GEORGETOWN DE
                                          MONTH:    FEBRUARY
                                          YEAR:     2018
                                          LATITUDE:   38 41 N
                                          LONGITUDE:  75 22 W

[TEMPERATURE DATA]      [PRECIPITATION DATA]       SYMBOLS USED IN COLUMN 16

AVERAGE MONTHLY: 43.3   TOTAL FOR MONTH:   3.82    1 = FOG OR MIST
DPTR FM NORMAL:   6.5   DPTR FM NORMAL:    1.85    2 = FOG REDUCING VISIBILITY
HIGHEST:    73 ON 20    GRTST 24HR  0.83 ON 12-12      TO 1/4 MILE OR LESS
LOWEST:     14 ON  3                               3 = THUNDER
                        SNOW, ICE PELLETS, HAIL    4 = ICE PELLETS
                        TOTAL MONTH:    M          5 = HAIL
                        GRTST 24HR    M  ON   M    6 = FREEZING RAIN OR DRIZZLE
                        GRTST DEPTH:  M  ON   M    7 = DUSTSTORM OR SANDSTORM:
                                                       VSBY 1/2 MILE OR LESS
                                                   8 = SMOKE OR HAZE
[NO. OF DAYS WITH]      [WEATHER - DAYS WITH]      9 = BLOWING SNOW
                                                   X = TORNADO
MAX 32 OR BELOW:   0    0.01 INCH OR MORE:   9
MAX 90 OR ABOVE:   0    0.10 INCH OR MORE:   7
MIN 32 OR BELOW:  12    0.50 INCH OR MORE:   4
MIN  0 OR BELOW:   0    1.00 INCH OR MORE:   0

[HDD (BASE 65) ]
TOTAL THIS MO.   432    CLEAR  (SCALE 0-3)   6
DPTR FM NORMAL  -132    PTCLDY (SCALE 4-7)  12
TOTAL FM JUL 1  2848    CLOUDY (SCALE 8-10)  2
DPTR FM NORMAL  -226

[CDD (BASE 65) ]
TOTAL THIS MO.     1
DPTR FM NORMAL     1    [PRESSURE DATA]
TOTAL FM JAN 1     1    HIGHEST SLP M ON M
DPTR FM NORMAL     1    LOWEST  SLP 29.60 ON 16

[REMARKS]
