000
CXUS51 KPHI 200800
CF6GED
PRELIMINARY LOCAL CLIMATOLOGICAL DATA (WS FORM: F-6)

                                          STATION:   GEORGETOWN DE
                                          MONTH:     SEPTEMBER
                                          YEAR:      2014
                                          LATITUDE:   38 41 N
                                          LONGITUDE:  75 22 W

  TEMPERATURE IN F:       :PCPN:    SNOW:  WIND      :SUNSHINE: SKY     :PK WND
================================================================================
1   2   3   4   5  6A  6B    7    8   9   10  11  12  13   14  15   16   17  18
                                     12Z  AVG MX 2MIN
DY MAX MIN AVG DEP HDD CDD  WTR  SNW DPTH SPD SPD DIR MIN PSBL S-S WX    SPD DR
================================================================================

 1  92  75  84  11   0  19 0.02    M    M  9.7 17 190   M    M   2 13     25 190
 2  95  73  84  11   0  19    T    M    M  9.0 16 190   M    M   1 3      20 210
 3  85  69  77   4   0  12 0.28    M    M  8.4 18 180   M    M   2 13     24 120
 4  86  65  76   4   0  11 0.00    M    M  8.5 18 150   M    M   2 18     23 160
 5  91  71  81   9   0  16 0.00    M    M 11.9 23 180   M    M   3 123    29 160
 6  93  72  83  11   0  18 0.62    M    M 12.2 21 200   M    M   1 13     28 210
 7  79  65  72   0   0   7    T    M    M  8.9 20  60   M    M   6 1      28  30
 8  74  65  70  -1   0   5 0.17    M    M 11.7 20  90   M    M   6        31  50
 9  76  70  73   2   0   8 0.02    M    M 16.1 25  70   M    M  10 18     40  50
10  80  65  73   3   0   8 0.00    M    M 10.1 20  60   M    M   5        23  50
11  86  65  76   6   0  11    T    M    M 12.5 26 200   M    M   2        32 200
12  78  61  70   0   0   5 0.00    M    M  8.8 20  40   M    M   3        26  40
13  76  59  68  -2   0   3 0.12    M    M  6.5 15 160   M    M   7 1      19 120
14  71  54  63  -6   2   0 0.00    M    M  6.8 17  60   M    M   0 1      29  30
15  75  50  63  -6   2   0 0.00    M    M  6.0 13  90   M    M   0        15  70
16  79  58  69   1   0   4 0.05    M    M  6.1 16  50   M    M   4 1      19  60
17  76  54  65  -3   0   0 0.00    M    M  6.5 17  80   M    M   1        22  70
18  77  50  64  -4   1   0    T    M    M  5.0 13  80   M    M   5        19 170
19  74  53  64  -3   1   0 0.00    M    M 11.4 25  80   M    M   3 18     31  70
================================================================================
SM 1543 1194         6 146  1.28    M    176.1          M       63
================================================================================
AV 81.2 62.8                               9.3 FASTST   M    M   3    MAX(MPH)
                                 MISC ---->  # 26 200               # 40   50
================================================================================
NOTES:
# LAST OF SEVERAL OCCURRENCES

COLUMN 17 PEAK WIND IN M.P.H.

PRELIMINARY LOCAL CLIMATOLOGICAL DATA (WS FORM: F-6) , PAGE 2

                                          STATION:  GEORGETOWN DE
                                          MONTH:    SEPTEMBER
                                          YEAR:     2014
                                          LATITUDE:   38 41 N
                                          LONGITUDE:  75 22 W

[TEMPERATURE DATA]      [PRECIPITATION DATA]       SYMBOLS USED IN COLUMN 16

AVERAGE MONTHLY: 72.0   TOTAL FOR MONTH:   1.28    1 = FOG OR MIST
DPTR FM NORMAL:   1.6   DPTR FM NORMAL:   -1.48    2 = FOG REDUCING VISIBILITY
HIGHEST:    95 ON  2    GRTST 24HR  0.62 ON  6- 6      TO 1/4 MILE OR LESS
LOWEST:     50 ON 18,15                            3 = THUNDER
                        SNOW, ICE PELLETS, HAIL    4 = ICE PELLETS
                        TOTAL MONTH:    M          5 = HAIL
                        GRTST 24HR    M  ON   M    6 = FREEZING RAIN OR DRIZZLE
                        GRTST DEPTH:  M  ON   M    7 = DUSTSTORM OR SANDSTORM:
                                                       VSBY 1/2 MILE OR LESS
                                                   8 = SMOKE OR HAZE
[NO. OF DAYS WITH]      [WEATHER - DAYS WITH]      9 = BLOWING SNOW
                                                   X = TORNADO
MAX 32 OR BELOW:   0    0.01 INCH OR MORE:   7
MAX 90 OR ABOVE:   4    0.10 INCH OR MORE:   4
MIN 32 OR BELOW:   0    0.50 INCH OR MORE:   1
MIN  0 OR BELOW:   0    1.00 INCH OR MORE:   0

[HDD (BASE 65) ]
TOTAL THIS MO.     6    CLEAR  (SCALE 0-3)  10
DPTR FM NORMAL    -3    PTCLDY (SCALE 4-7)   8
TOTAL FM JUL 1     6    CLOUDY (SCALE 8-10)  1
DPTR FM NORMAL    -4

[CDD (BASE 65) ]
TOTAL THIS MO.   146
DPTR FM NORMAL    33    [PRESSURE DATA]
TOTAL FM JAN 1  1097    HIGHEST SLP M ON M
DPTR FM NORMAL   -45    LOWEST  SLP 29.84 ON  2

[REMARKS]
