000
CXUS56 KOTX 240900
CF6GEG
PRELIMINARY LOCAL CLIMATOLOGICAL DATA (WS FORM: F-6)

                                          STATION:   SPOKANE WA AIRPORT
                                          MONTH:     MAY
                                          YEAR:      2015
                                          LATITUDE:   47 37 N
                                          LONGITUDE: 117 32 W

  TEMPERATURE IN F:       :PCPN:    SNOW:  WIND      :SUNSHINE: SKY     :PK WND
================================================================================
1   2   3   4   5  6A  6B    7    8   9   10  11  12  13   14  15   16   17  18
                                     12Z  AVG MX 2MIN
DY MAX MIN AVG DEP HDD CDD  WTR  SNW DPTH SPD SPD DIR MIN PSBL S-S WX    SPD DR
================================================================================

 1  73  45  59   8   6   0    T  0.0    0 11.2 25 250   M    M   9        31 250
 2  66  41  54   3  11   0 0.00  0.0    0  7.2 18 250   M    M   3        23 250
 3  70  42  56   5   9   0 0.00  0.0    0  5.6 13  40   M    M   2        16  30
 4  75  42  59   7   6   0 0.00  0.0    0  8.1 18 220   M    M   1        23 220
 5  60  42  51  -1  14   0 0.00  0.0    0 14.5 28 220   M    M   5        33 220
 6  61  37  49  -3  16   0 0.00  0.0    0  4.9 13 210   M    M   3        16 230
 7  69  40  55   3  10   0 0.00  0.0    0  6.3 15  30   M    M   2 8      18 350
 8  70  46  58   5   7   0 0.00  0.0    0 10.0 20  40   M    M   1 8      27  30
 9  72  45  59   6   6   0 0.00  0.0    0  6.9 17  20   M    M   2        24  20
10  74  45  60   6   5   0 0.00  0.0    0  5.6 15  40   M    M   5        19  40
11  73  51  62   8   3   0 0.00  0.0    0  9.0 21  70   M    M   6        25  70
12  65  52  59   5   6   0 0.02  0.0    0  8.9 21  50   M    M   8        25  40
13  57  45  51  -3  14   0 0.26  0.0    0  8.6 20 190   M    M  10 1      25 200
14  67  42  55   0  10   0 0.00  0.0    0  5.2 13 320   M    M   5        15 330
15  72  45  59   4   6   0    T  0.0    0  6.4 16 350   M    M   8        22 330
16  74  50  62   7   3   0 0.08  0.0    0  7.1 29  40   M    M   9 38     36  30
17  72  52  62   6   3   0    T  0.0    0 10.7 21  70   M    M   7        27  90
18  73  49  61   5   4   0 0.00  0.0    0  9.2 18  50   M    M   5        23  70
19  75  51  63   7   2   0 0.00  0.0    0  9.2 21  10   M    M   4        25  20
20  77  52  65   9   0   0 0.00  0.0    0  7.6 17  40   M    M   4        24  60
21  82  55  69  12   0   4    T  0.0    0  5.8 16 330   M    M   7        24 260
22  81  59  70  13   0   5 0.15  0.0    0  5.9 13 230   M    M   7 3      16 300
23  83  54  69  12   0   4    T  0.0    0  5.8 16 200   0    0   0         M  M
================================================================================
SM 1641 1082       141  13  0.51     0.0 179.7            0    113
================================================================================
AV 71.3 47.0                               7.8 FASTST    0   0   5    MAX(MPH)
                                 MISC ---->  # 29  40               # 36   30
================================================================================
NOTES:
# LAST OF SEVERAL OCCURRENCES

COLUMN 17 PEAK WIND IN M.P.H.

PRELIMINARY LOCAL CLIMATOLOGICAL DATA (WS FORM: F-6) , PAGE 2

                                          STATION:  SPOKANE WA AIRPORT
                                          MONTH:    MAY
                                          YEAR:     2015
                                          LATITUDE:   47 37 N
                                          LONGITUDE: 117 32 W

[TEMPERATURE DATA]      [PRECIPITATION DATA]       SYMBOLS USED IN COLUMN 16

AVERAGE MONTHLY: 59.2   TOTAL FOR MONTH:   0.51    1 = FOG OR MIST
DPTR FM NORMAL:   5.2   DPTR FM NORMAL:   -0.62    2 = FOG REDUCING VISIBILITY
HIGHEST:    83 ON 23    GRTST 24HR  0.28 ON 12-13      TO 1/4 MILE OR LESS
LOWEST:     37 ON  6                               3 = THUNDER
                        SNOW, ICE PELLETS, HAIL    4 = ICE PELLETS
                        TOTAL MONTH:   0.0 INCH    5 = HAIL
                        GRTST 24HR     0.0         6 = FREEZING RAIN OR DRIZZLE
                        GRTST DEPTH:   0           7 = DUSTSTORM OR SANDSTORM:
                                                       VSBY 1/2 MILE OR LESS
                                                   8 = SMOKE OR HAZE
[NO. OF DAYS WITH]      [WEATHER - DAYS WITH]      9 = BLOWING SNOW
                                                   X = TORNADO
MAX 32 OR BELOW:   0    0.01 INCH OR MORE:   4
MAX 90 OR ABOVE:   0    0.10 INCH OR MORE:   2
MIN 32 OR BELOW:   0    0.50 INCH OR MORE:   0
MIN  0 OR BELOW:   0    1.00 INCH OR MORE:   0

[HDD (BASE 65) ]
TOTAL THIS MO.   141    CLEAR  (SCALE 0-3)   7
DPTR FM NORMAL  -119    PTCLDY (SCALE 4-7)  12
TOTAL FM JUL 1  5379    CLOUDY (SCALE 8-10)  4
DPTR FM NORMAL -1017

[CDD (BASE 65) ]
TOTAL THIS MO.    13
DPTR FM NORMAL    11    [PRESSURE DATA]
TOTAL FM JAN 1    13    HIGHEST SLP  0.00 ON 23
DPTR FM NORMAL    11    LOWEST  SLP  0.00 ON M

[REMARKS]
