000
CXUS56 KOTX 260900
CF6GEG
PRELIMINARY LOCAL CLIMATOLOGICAL DATA (WS FORM: F-6)

                                          STATION:   SPOKANE WA AIRPORT
                                          MONTH:     FEBRUARY
                                          YEAR:      2017
                                          LATITUDE:   47 37 N
                                          LONGITUDE: 117 32 W

  TEMPERATURE IN F:       :PCPN:    SNOW:  WIND      :SUNSHINE: SKY     :PK WND
================================================================================
1   2   3   4   5  6A  6B    7    8   9   10  11  12  13   14  15   16   17  18
                                     12Z  AVG MX 2MIN
DY MAX MIN AVG DEP HDD CDD  WTR  SNW DPTH SPD SPD DIR MIN PSBL S-S WX    SPD DR
================================================================================

 1  29   7  18 -13  47   0 0.00  0.0    6  7.2 20  40   M    M   2        22  40
 2  27   9  18 -14  47   0 0.00  0.0    6  6.6 15  50   M    M   2        18  70
 3  23  14  19 -13  46   0 0.73  6.9   12  8.5 16  60   M    M  10 126    20  60
 4  37  22  30  -2  35   0 0.14  1.7   13  4.6 14 200   M    M   9 168    20 180
 5  38  31  35   3  30   0 0.38  3.1   12  7.8 20 200   M    M  10 12     27 210
 6  41  24  33   1  32   0 0.05    T   12 16.1 32 240   M    M   9 16     42 230
 7  31  18  25  -7  40   0 0.00  0.0   10  6.8 16 210   M    M   8 128    19 210
 8  28  21  25  -7  40   0 0.39  2.1   10  7.5 13  70   M    M  10 16     16  60
 9  43  28  36   4  29   0 0.28    T   12 13.1 26 220   M    M   9 16     31 220
10  41  30  36   4  29   0 0.00  0.0    7 18.5 30 220   M    M   3 8      34 230
11  36  21  29  -3  36   0 0.00  0.0    5  9.8 25 240   M    M   3        30 240
12  37  17  27  -5  38   0 0.00  0.0    5  2.2  8 350   M    M   7 12     11 340
13  42  14  28  -4  37   0 0.00  0.0    5  3.5 13  60   M    M   5 1      15  70
14  47  21  34   1  31   0 0.00  0.0    5  5.4 13  70   M    M   4        15  80
15  41  28  35   2  30   0 0.74  0.0    5  7.2 17 150   M    M  10 16     23 150
16  43  37  40   7  25   0 0.44  0.0    1 13.1 24 220   M    M   9 1      29 220
17  42  31  37   4  28   0 0.02  0.0    1  7.4 20 200   M    M   8 12     24 210
18  38  30  34   1  31   0 0.17    T    1  7.1 15 200   M    M  10 1      19 210
19  38  32  35   1  30   0 0.17  0.2    1  5.8 16 200   M    M   8 12     21 200
20  44  31  38   4  27   0 0.30    T    1  9.1 33 230   M    M   9 1      44 240
21  35  32  34   0  31   0 0.25  1.6    1  6.9 18 260   M    M  10 126    22 260
22  35  22  29  -5  36   0 0.01  0.2    1  3.6  9 250   M    M   7 18     11 230
23  33  20  27  -7  38   0    T  0.1    T  4.3  9 170   M    M   6 12     11 250
24  33  17  25  -9  40   0 0.04  0.6    T  4.1  9 170   M    M   5 128    10 170
25  33  10  22 -13  43   0    T    T    T  9.2 18 230   M    M   7 12     22 230
================================================================================
SM  915  567       876   0  4.11    16.5 195.4          M      180
================================================================================
AV 36.6 22.7                               7.8 FASTST   M    M   7    MAX(MPH)
                                 MISC ---->  # 33 230               # 44  240
================================================================================
NOTES:
# LAST OF SEVERAL OCCURRENCES

COLUMN 17 PEAK WIND IN M.P.H.

PRELIMINARY LOCAL CLIMATOLOGICAL DATA (WS FORM: F-6) , PAGE 2

                                          STATION:  SPOKANE WA AIRPORT
                                          MONTH:    FEBRUARY
                                          YEAR:     2017
                                          LATITUDE:   47 37 N
                                          LONGITUDE: 117 32 W

[TEMPERATURE DATA]      [PRECIPITATION DATA]       SYMBOLS USED IN COLUMN 16

AVERAGE MONTHLY: 29.6   TOTAL FOR MONTH:   4.11    1 = FOG OR MIST
DPTR FM NORMAL:  -3.1   DPTR FM NORMAL:    2.93    2 = FOG REDUCING VISIBILITY
HIGHEST:    47 ON 14    GRTST 24HR  0.97 ON 15-16      TO 1/4 MILE OR LESS
LOWEST:      7 ON  1                               3 = THUNDER
                        SNOW, ICE PELLETS, HAIL    4 = ICE PELLETS
                        TOTAL MONTH:  16.5 INCHES  5 = HAIL
                        GRTST 24HR   6.9 ON   M    6 = FREEZING RAIN OR DRIZZLE
                        GRTST DEPTH:  13 ON  4     7 = DUSTSTORM OR SANDSTORM:
                                                       VSBY 1/2 MILE OR LESS
                                                   8 = SMOKE OR HAZE
[NO. OF DAYS WITH]      [WEATHER - DAYS WITH]      9 = BLOWING SNOW
                                                   X = TORNADO
MAX 32 OR BELOW:   5    0.01 INCH OR MORE:  15
MAX 90 OR ABOVE:   0    0.10 INCH OR MORE:  11
MIN 32 OR BELOW:  24    0.50 INCH OR MORE:   2
MIN  0 OR BELOW:   0    1.00 INCH OR MORE:   0

[HDD (BASE 65) ]
TOTAL THIS MO.   876    CLEAR  (SCALE 0-3)   4
DPTR FM NORMAL    70    PTCLDY (SCALE 4-7)   9
TOTAL FM JUL 1  4877    CLOUDY (SCALE 8-10) 12
DPTR FM NORMAL   138

[CDD (BASE 65) ]
TOTAL THIS MO.     0
DPTR FM NORMAL     0    [PRESSURE DATA]
TOTAL FM JAN 1     0    HIGHEST SLP M ON M
DPTR FM NORMAL     0    LOWEST  SLP 29.20 ON  6

[REMARKS]
