000
CXUS55 KRIW 010901
CF6GEY
PRELIMINARY LOCAL CLIMATOLOGICAL DATA (WS FORM: F-6)

                                          STATION:   GREYBULL WY
                                          MONTH:     FEBRUARY
                                          YEAR:      2015
                                          LATITUDE:   44 30 N
                                          LONGITUDE: 108  4 W

  TEMPERATURE IN F:       :PCPN:    SNOW:  WIND      :SUNSHINE: SKY     :PK WND
================================================================================
1   2   3   4   5  6A  6B    7    8   9   10  11  12  13   14  15   16   17  18
                                     12Z  AVG MX 2MIN
DY MAX MIN AVG DEP HDD CDD  WTR  SNW DPTH SPD SPD DIR MIN PSBL S-S WX    SPD DR
================================================================================

 1  25  10  18  -1  47   0 0.00  0.0    M  7.2 23 310   M    M   2        28 310
 2  37  18  28   9  37   0 0.00  0.0    M  3.6 10 280   M    M   5        17 290
 3  35  24  30  11  35   0    T    M    M  6.1 24 300   M    M   6 1      29 300
 4  32  19  26   7  39   0 0.00    M    M  7.1 28 330   M    M   7        33 320
 5  44  19  32  12  33   0 0.00    M    M  4.1 18 200   M    M   1        21 200
 6  56  29  43  23  22   0 0.00    M    M  4.7 16 100   M    M   0        21 170
 7  58  30  44  24  21   0 0.00    M    M  6.8 18 260   M    M   0        22 260
 8  57  33  45  24  20   0 0.00    M    M  6.0 15 180   M    M   1        19 180
 9  56  26  41  20  24   0 0.00  0.0    M  3.8 17 280   M    M   2        21 280
10  52  34  43  22  22   0    T    M    M 10.5 30 330   M    M   7        33 330
11  51  31  41  19  24   0 0.00  0.0    M  3.7 10 170   M    M   3        14 170
12  56  31  44  22  21   0 0.00  0.0    M  3.4  8 140   M    M   3        10 140
13  59  28  44  21  21   0 0.00  0.0    M  3.4  8  90   M    M   0        11 100
14  53  28  41  18  24   0 0.00  0.0    M  4.9 29 330   M    M   1        36 330
15  44  32  38  14  27   0    T    M    M 16.0 30 340   M    M   7        36 330
16  39  28  34  10  31   0    T    M    M 17.6 31 320   M    M   6        36 340
17  39  27  33   9  32   0    T    M    M  8.3 17 340   M    M   9        23 340
18  47  27  37  12  28   0 0.00  0.0    M  4.1 10 150   M    M   6        20 150
19  56  27  42  17  23   0 0.00  0.0    M  4.9 17 320   M    M   2        23  10
20  46  32  39  13  26   0 0.01    M    M 13.3 38 340   M    M   5 1      49 340
21  33  17  25  -1  40   0 0.01    M    M 20.5 39 340   M    M   8 1      46 330
22  23   8  16 -11  49   0 0.00  0.0    M  8.0 23 340   M    M   1        27 330
23  29   5  17 -10  48   0 0.00  0.0    M  5.8 13 180   M    M   2        18 170
24  48  19  34   6  31   0 0.00  0.0    M  5.2 15 170   M    M   5        19 170
25  39  16  28   0  37   0 0.02    M    M 21.3 38 350   M    M   6 1      50 330
26  23  12  18 -11  47   0    T    M    M  9.9 20 330   M    M   9 8      24 320
27  30   8  19 -11  46   0    T    M    0  3.6 13 300   M    M   4        17 150
28  30  14  22  -8  43   0 0.00  0.0    M  8.0 17 310   M    M   7        22 320
================================================================================
SM 1197  632       898   0  0.04     0.0 221.8          M      115
================================================================================
AV 42.8 22.6                               7.9 FASTST   M    M   4    MAX(MPH)
                                 MISC ---->  # 39 340               # 50  330
================================================================================
NOTES:
# LAST OF SEVERAL OCCURRENCES

COLUMN 17 PEAK WIND IN M.P.H.

PRELIMINARY LOCAL CLIMATOLOGICAL DATA (WS FORM: F-6) , PAGE 2

                                          STATION:  GREYBULL WY
                                          MONTH:    FEBRUARY
                                          YEAR:     2015
                                          LATITUDE:   44 30 N
                                          LONGITUDE: 108  4 W

[TEMPERATURE DATA]      [PRECIPITATION DATA]       SYMBOLS USED IN COLUMN 16

AVERAGE MONTHLY: 32.7   TOTAL FOR MONTH:   0.04    1 = FOG OR MIST
DPTR FM NORMAL:   9.1   DPTR FM NORMAL:   -0.14    2 = FOG REDUCING VISIBILITY
HIGHEST:    59 ON 13    GRTST 24HR  0.02 ON 25-25      TO 1/4 MILE OR LESS
LOWEST:      5 ON 23                               3 = THUNDER
                        SNOW, ICE PELLETS, HAIL    4 = ICE PELLETS
                        TOTAL MONTH:   0.0 INCH    5 = HAIL
                        GRTST 24HR     0.0         6 = FREEZING RAIN OR DRIZZLE
                        GRTST DEPTH:   0           7 = DUSTSTORM OR SANDSTORM:
                                                       VSBY 1/2 MILE OR LESS
                                                   8 = SMOKE OR HAZE
[NO. OF DAYS WITH]      [WEATHER - DAYS WITH]      9 = BLOWING SNOW
                                                   X = TORNADO
MAX 32 OR BELOW:   7    0.01 INCH OR MORE:   3
MAX 90 OR ABOVE:   0    0.10 INCH OR MORE:   0
MIN 32 OR BELOW:  26    0.50 INCH OR MORE:   0
MIN  0 OR BELOW:   0    1.00 INCH OR MORE:   0

[HDD (BASE 65) ]
TOTAL THIS MO.   898    CLEAR  (SCALE 0-3)  13
DPTR FM NORMAL  -259    PTCLDY (SCALE 4-7)  13
TOTAL FM JUL 1  5644    CLOUDY (SCALE 8-10)  2
DPTR FM NORMAL  -327

[CDD (BASE 65) ]
TOTAL THIS MO.     0
DPTR FM NORMAL     0    [PRESSURE DATA]
TOTAL FM JAN 1     0    HIGHEST SLP M ON M
DPTR FM NORMAL     0    LOWEST  SLP 29.69 ON  7

[REMARKS]
#FINAL-02-15#
