000
CXUS55 KRIW 170901
CF6GEY
PRELIMINARY LOCAL CLIMATOLOGICAL DATA (WS FORM: F-6)

                                          STATION:   GREYBULL WY
                                          MONTH:     DECEMBER
                                          YEAR:      2014
                                          LATITUDE:   44 30 N
                                          LONGITUDE: 108  4 W

  TEMPERATURE IN F:       :PCPN:    SNOW:  WIND      :SUNSHINE: SKY     :PK WND
================================================================================
1   2   3   4   5  6A  6B    7    8   9   10  11  12  13   14  15   16   17  18
                                     12Z  AVG MX 2MIN
DY MAX MIN AVG DEP HDD CDD  WTR  SNW DPTH SPD SPD DIR MIN PSBL S-S WX    SPD DR
================================================================================

 1  12 -21  -4 -26  69   0    T    M    M  1.9 10 300   M    M   2 18     11 200
 2  23   0  12  -9  53   0 0.00  0.0    M  4.1 10 310   M    M   1        11 310
 3  24  -1  12  -9  53   0 0.00  0.0    M  3.1  9 200   M    M   4 1      12 230
 4  33   9  21   1  44   0 0.00  0.0    M  2.9  9 250   M    M   4 18     15 270
 5  37  13  25   5  40   0 0.00  0.0    M  2.7  9 340   M    M   5 1      10 340
 6  33  12  23   3  42   0 0.00  0.0    M  3.0  9 100   M    M   4 128    11 100
 7  34  10  22   3  43   0 0.00  0.0    M  2.7 10 260   M    M   1 1      12 270
 8  30   8  19   0  46   0 0.00  0.0    M  2.7  9 330   M    M   0        11 250
 9  32   9  21   3  44   0 0.00  0.0    M  3.0  9 140   M    M   0 1      10 140
10  32  12  22   4  43   0 0.00  0.0    M  2.7  9 320   M    M   0        10 320
11  41  11  26   8  39   0 0.00  0.0    M  3.8 12 190   M    M   0        15 120
12  51  29  40  22  25   0 0.00  0.0    M  5.5 17 140   M    M   0        26 150
13  50  37  44  26  21   0 0.01    M    M  7.4 32 320   M    M   2        38 330
14  38  31  35  18  30   0    T    M    M 24.2 36 320   M    M  10        43 320
15  32  17  25   8  40   0    T    M    M 10.5 30 330   M    M   6 1      37 330
16  26  16  21   4  44   0 0.00  0.0    M  3.5 12 100   M    M   7 128    13 100
================================================================================
SM  528  192       676   0  0.01     0.0  83.7          M       46
================================================================================
AV 33.0 12.0                               5.2 FASTST   M    M   3    MAX(MPH)
                                 MISC ---->  # 36 320               # 43  320
================================================================================
NOTES:
# LAST OF SEVERAL OCCURRENCES

COLUMN 17 PEAK WIND IN M.P.H.

PRELIMINARY LOCAL CLIMATOLOGICAL DATA (WS FORM: F-6) , PAGE 2

                                          STATION:  GREYBULL WY
                                          MONTH:    DECEMBER
                                          YEAR:     2014
                                          LATITUDE:   44 30 N
                                          LONGITUDE: 108  4 W

[TEMPERATURE DATA]      [PRECIPITATION DATA]       SYMBOLS USED IN COLUMN 16

AVERAGE MONTHLY: 22.5   TOTAL FOR MONTH:   0.01    1 = FOG OR MIST
DPTR FM NORMAL:   3.6   DPTR FM NORMAL:   -0.16    2 = FOG REDUCING VISIBILITY
HIGHEST:    51 ON 12    GRTST 24HR  0.01 ON 13-13      TO 1/4 MILE OR LESS
LOWEST:    -21 ON  1                               3 = THUNDER
                        SNOW, ICE PELLETS, HAIL    4 = ICE PELLETS
                        TOTAL MONTH:   0.0 INCH    5 = HAIL
                        GRTST 24HR     0.0         6 = FREEZING RAIN OR DRIZZLE
                        GRTST DEPTH:  M  ON   M    7 = DUSTSTORM OR SANDSTORM:
                                                       VSBY 1/2 MILE OR LESS
                                                   8 = SMOKE OR HAZE
[NO. OF DAYS WITH]      [WEATHER - DAYS WITH]      9 = BLOWING SNOW
                                                   X = TORNADO
MAX 32 OR BELOW:   8    0.01 INCH OR MORE:   1
MAX 90 OR ABOVE:   0    0.10 INCH OR MORE:   0
MIN 32 OR BELOW:  15    0.50 INCH OR MORE:   0
MIN  0 OR BELOW:   3    1.00 INCH OR MORE:   0

[HDD (BASE 65) ]
TOTAL THIS MO.   676    CLEAR  (SCALE 0-3)   9
DPTR FM NORMAL   -60    PTCLDY (SCALE 4-7)   6
TOTAL FM JUL 1  2509    CLOUDY (SCALE 8-10)  1
DPTR FM NORMAL   -84

[CDD (BASE 65) ]
TOTAL THIS MO.     0
DPTR FM NORMAL     0    [PRESSURE DATA]
TOTAL FM JAN 1   698    HIGHEST SLP M ON M
DPTR FM NORMAL    29    LOWEST  SLP 29.68 ON 13

[REMARKS]
