000
CXUS53 KIND 300730
CF6GEZ
PRELIMINARY LOCAL CLIMATOLOGICAL DATA (WS FORM: F-6)

                                          STATION:   SHELBYVILLE IN
                                          MONTH:     MARCH
                                          YEAR:      2017
                                          LATITUDE:   39 35 N
                                          LONGITUDE:  85 48 W

  TEMPERATURE IN F:       :PCPN:    SNOW:  WIND      :SUNSHINE: SKY     :PK WND
================================================================================
1   2   3   4   5  6A  6B    7    8   9   10  11  12  13   14  15   16   17  18
                                     12Z  AVG MX 2MIN
DY MAX MIN AVG DEP HDD CDD  WTR  SNW DPTH SPD SPD DIR MIN PSBL S-S WX    SPD DR
================================================================================

 1  64  39  52  16  13   0 0.74    M    M 18.4 37 290   M    M   9 13     47 280
 2  44  30  37   1  28   0 0.00    M    M 13.5 25 270   M    M   7        32 270
 3  38  28  33  -3  32   0    T    M    M  8.6 20 320   M    M   2        25 320
 4  48  30  39   2  26   0    T    M    M 10.9 20 100   M    M   5        24 100
 5  67  32  50  13  15   0 0.00    M    M 12.6 30 200   M    M   4        35 200
 6  60  51  56  18   9   0 0.35    M    M 16.0 23 180   M    M  10 18     31 190
 7  62  40  51  13  14   0 0.73    M    M 15.7 28 180   M    M   7 13     35 180
 8  59  38  49  11  16   0 0.00    M    M 15.0 32 260   M    M   1        42 270
 9  65  34  50  11  15   0 0.09    M    M  7.1 18  20   M    M   2        24  20
10  42  26  34  -5  31   0 0.01    M    M 12.8 24 310   M    M   3        36 300
11  37  24  31  -9  34   0 0.00    M    M  6.5 15 340   M    M   1        19 340
12  37  22  30 -10  35   0 0.00    M    M  6.5 13  40   M    M   2        18 360
13  34  28  31 -10  34   0 0.09    M    M  9.5 16  30   M    M   7 18     19 100
14  32  20  26 -15  39   0    T    M    M 14.0 25 330   M    M   6 8      30 330
15  35  19  27 -15  38   0 0.00    M    M 11.6 21 280   M    M   4        25 280
16  43  20  32 -10  33   0 0.00    M    M  5.8 12 260   M    M   0        15 220
17  47  30  39  -3  26   0 0.17    M    M 10.0 23 160   M    M   9 128    27 170
18  47  38  43   0  22   0 0.00    M    M 10.6 21 310   M    M   9 12     26 280
19  50  32  41  -2  24   0 0.00    M    M  5.7 12  60   M    M   4        14  40
20  55  37  46   2  19   0 0.42    M    M  9.8 38 160   M    M   8 13     46 160
21  60  37  49   5  16   0 0.01    M    M  9.9 20 340   M    M   7 18     25 340
22  42  29  36  -8  29   0 0.00    M    M 11.6 18  60   M    M   0        25  30
23  59  29  44  -1  21   0    T    M    M 10.6 17 150   M    M   3        22 110
24  78  50  64  19   1   0 0.00    M    M 15.1 29 230   M    M   2        38 210
25  78  59  69  24   0   4 0.02    M    M 14.2 24 170   M    M   4        34 170
26  66  50  58  12   7   0 0.73    M    M 11.5 21 180   M    M   8 13     27 180
27  64  45  55   9  10   0 0.14    M    M  6.6 16 170   M    M   6 1      19 170
28  58  51  55   8  10   0 0.02    M    M 10.1 16 360   M    M  10 18     22 360
29  61  46  54   7  11   0 0.00    M    M 13.2 21  80   M    M   6 1      25  80
================================================================================
SM 1532 1014       608   4  3.52    M    323.4          M      146
================================================================================
AV 52.8 35.0                              11.2 FASTST   M    M   5    MAX(MPH)
                                 MISC ---->  # 38 160               # 47  280
================================================================================
NOTES:
# LAST OF SEVERAL OCCURRENCES

COLUMN 17 PEAK WIND IN M.P.H.

PRELIMINARY LOCAL CLIMATOLOGICAL DATA (WS FORM: F-6) , PAGE 2

                                          STATION:  SHELBYVILLE IN
                                          MONTH:    MARCH
                                          YEAR:     2017
                                          LATITUDE:   39 35 N
                                          LONGITUDE:  85 48 W

[TEMPERATURE DATA]      [PRECIPITATION DATA]       SYMBOLS USED IN COLUMN 16

AVERAGE MONTHLY: 43.9   TOTAL FOR MONTH:   3.52    1 = FOG OR MIST
DPTR FM NORMAL:   2.5   DPTR FM NORMAL:    0.38    2 = FOG REDUCING VISIBILITY
HIGHEST:    78 ON 25,24 GRTST 24HR  0.74 ON  1- 1      TO 1/4 MILE OR LESS
LOWEST:     19 ON 15                               3 = THUNDER
                        SNOW, ICE PELLETS, HAIL    4 = ICE PELLETS
                        TOTAL MONTH:    M          5 = HAIL
                        GRTST 24HR    M  ON   M    6 = FREEZING RAIN OR DRIZZLE
                        GRTST DEPTH:  M  ON   M    7 = DUSTSTORM OR SANDSTORM:
                                                       VSBY 1/2 MILE OR LESS
                                                   8 = SMOKE OR HAZE
[NO. OF DAYS WITH]      [WEATHER - DAYS WITH]      9 = BLOWING SNOW
                                                   X = TORNADO
MAX 32 OR BELOW:   1    0.01 INCH OR MORE:  13
MAX 90 OR ABOVE:   0    0.10 INCH OR MORE:   7
MIN 32 OR BELOW:  15    0.50 INCH OR MORE:   3
MIN  0 OR BELOW:   0    1.00 INCH OR MORE:   0

[HDD (BASE 65) ]
TOTAL THIS MO.   608    CLEAR  (SCALE 0-3)   9
DPTR FM NORMAL   -77    PTCLDY (SCALE 4-7)  13
TOTAL FM JUL 1  3791    CLOUDY (SCALE 8-10)  7
DPTR FM NORMAL -1057

[CDD (BASE 65) ]
TOTAL THIS MO.     4
DPTR FM NORMAL     4    [PRESSURE DATA]
TOTAL FM JAN 1     4    HIGHEST SLP M ON M
DPTR FM NORMAL     4    LOWEST  SLP 29.44 ON  1

[REMARKS]
