730
CXUS53 KIND 230730
CF6GEZ
PRELIMINARY LOCAL CLIMATOLOGICAL DATA (WS FORM: F-6)

                                          STATION:   SHELBYVILLE IN
                                          MONTH:     OCTOBER
                                          YEAR:      2017
                                          LATITUDE:   39 35 N
                                          LONGITUDE:  85 48 W

  TEMPERATURE IN F:       :PCPN:    SNOW:  WIND      :SUNSHINE: SKY     :PK WND
================================================================================
1   2   3   4   5  6A  6B    7    8   9   10  11  12  13   14  15   16   17  18
                                     12Z  AVG MX 2MIN
DY MAX MIN AVG DEP HDD CDD  WTR  SNW DPTH SPD SPD DIR MIN PSBL S-S WX    SPD DR
================================================================================

 1  76  40  58  -1   7   0 0.00    M    M  7.2 15 120   M    M   0        20 100
 2  81  48  65   6   0   0 0.00    M    M  7.3 17 170   M    M   0        22 130
 3  85  58  72  14   0   7 0.00    M    M  7.7 16 180   M    M   3        21 190
 4  77  66  72  14   0   7 0.12    M    M  6.0 12 230   M    M   7 1      15 220
 5  72  66  69  11   0   4 2.28    M    M  5.8 16 230   M    M  10 13     20 220
 6  80  65  73  16   0   8    T    M    M  5.6 13 210   M    M   4        17 200
 7  85  63  74  17   0   9 0.61    M    M 12.8 28 180   M    M   4 1      35 170
 8  70  53  62   5   3   0 0.16    M    M  5.4 13 110   M    M   5 1      16 110
 9  74  59  67  11   0   2    T    M    M  3.1  8 150   M    M   7 1      11 280
10  73  58  66  10   0   1 0.19    M    M  5.7 13 120   M    M   7 1      19 110
11  69  59  64   8   1   0    T    M    M  8.1 21 270   M    M  10        29 260
12  66  57  62   7   3   0    T    M    M  2.2  7 100   M    M  10 1       9 100
13  74  58  66  11   0   1 0.00    M    M  3.7 14 150   M    M   5        18 150
14  84  61  73  18   0   8 0.00    M    M  9.7 18 180   M    M   3        24 210
15  74  48  61   7   4   0 0.42    M    M 12.8 25 290   M    M   9 1      34 290
16  63  42  53  -1  12   0 0.00    M    M  4.2 13 300   M    M   2        17 290
17  68  38  53  -1  12   0 0.00    M    M  6.2 16 210   M    M   0        21 220
18  71  39  55   2  10   0 0.00    M    M  7.3 16 190   M    M   0        21 180
19  76  48  62   9   3   0 0.00    M    M  6.5 14 230   M    M   0        17 230
20  77  46  62   9   3   0 0.00    M    M  6.2 14 190   M    M   0 18     19 170
21  77  51  64  12   1   0 0.00    M    M  8.7 16 150   M    M   0 8      22 160
22  79  57  68  16   0   3    T    M    M 13.0 25 180   M    M   1        34 180
================================================================================
SM 1651 1180        59  50  3.78    M    155.2          M       87
================================================================================
AV 75.1 53.6                               7.1 FASTST   M    M   4    MAX(MPH)
                                 MISC ---->  # 28 180               # 35  170
================================================================================
NOTES:
# LAST OF SEVERAL OCCURRENCES

COLUMN 17 PEAK WIND IN M.P.H.

PRELIMINARY LOCAL CLIMATOLOGICAL DATA (WS FORM: F-6) , PAGE 2

                                          STATION:  SHELBYVILLE IN
                                          MONTH:    OCTOBER
                                          YEAR:     2017
                                          LATITUDE:   39 35 N
                                          LONGITUDE:  85 48 W

[TEMPERATURE DATA]      [PRECIPITATION DATA]       SYMBOLS USED IN COLUMN 16

AVERAGE MONTHLY: 64.3   TOTAL FOR MONTH:   3.78    1 = FOG OR MIST
DPTR FM NORMAL:   8.8   DPTR FM NORMAL:    1.50    2 = FOG REDUCING VISIBILITY
HIGHEST:    85 ON  7, 3 GRTST 24HR  2.28 ON  5- 5      TO 1/4 MILE OR LESS
LOWEST:     38 ON 17                               3 = THUNDER
                        SNOW, ICE PELLETS, HAIL    4 = ICE PELLETS
                        TOTAL MONTH:    M          5 = HAIL
                        GRTST 24HR    M  ON   M    6 = FREEZING RAIN OR DRIZZLE
                        GRTST DEPTH:  M  ON   M    7 = DUSTSTORM OR SANDSTORM:
                                                       VSBY 1/2 MILE OR LESS
                                                   8 = SMOKE OR HAZE
[NO. OF DAYS WITH]      [WEATHER - DAYS WITH]      9 = BLOWING SNOW
                                                   X = TORNADO
MAX 32 OR BELOW:   0    0.01 INCH OR MORE:   6
MAX 90 OR ABOVE:   0    0.10 INCH OR MORE:   6
MIN 32 OR BELOW:   0    0.50 INCH OR MORE:   2
MIN  0 OR BELOW:   0    1.00 INCH OR MORE:   1

[HDD (BASE 65) ]
TOTAL THIS MO.    59    CLEAR  (SCALE 0-3)  10
DPTR FM NORMAL  -163    PTCLDY (SCALE 4-7)   8
TOTAL FM JUL 1   109    CLOUDY (SCALE 8-10)  4
DPTR FM NORMAL  -198

[CDD (BASE 65) ]
TOTAL THIS MO.    50
DPTR FM NORMAL    39    [PRESSURE DATA]
TOTAL FM JAN 1  1132    HIGHEST SLP M ON M
DPTR FM NORMAL   222    LOWEST  SLP 29.64 ON  7

[REMARKS]
