000
CXUS55 KALY 260800
CF6GFL
PRELIMINARY LOCAL CLIMATOLOGICAL DATA (WS FORM: F-6)

                                          STATION:   GLENS FALLS NY
                                          MONTH:     NOVEMBER
                                          YEAR:      2014
                                          LATITUDE:   43 20 N
                                          LONGITUDE:  73 37 W

  TEMPERATURE IN F:       :PCPN:    SNOW:  WIND      :SUNSHINE: SKY     :PK WND
================================================================================
1   2   3   4   5  6A  6B    7    8   9   10  11  12  13   14  15   16   17  18
                                     12Z  AVG MX 2MIN
DY MAX MIN AVG DEP HDD CDD  WTR  SNW DPTH SPD SPD DIR MIN PSBL S-S WX    SPD DR
================================================================================

 1  47  37  42   0  23   0 0.01    M    M  9.2 21  10   M    M   7        27  10
 2  47  36  42   1  23   0    T    M    M 17.2 32  10   M    M   3        42  10
 3  52  29  41   0  24   0 0.00  0.0    0  2.5 15 310   M    M   3        22 300
 4  62  33  48   7  17   0 0.00    M    M  4.1 14 200   M    M   5        19 190
 5  58  33  46   6  19   0    T    M    M  5.5 16 220   M    M   4        23 210
 6  48  33  41   1  24   0 0.17    M    M  4.4 13 350   M    M   6 1      16 350
 7  45  36  41   1  24   0 0.04    M    M  8.4 21 320   M    M  10 1      28 320
 8  43  31  37  -3  28   0 0.00    M    M  3.8 16 310   M    M   7        20 310
 9  51  26  39   0  26   0 0.00    M    M  4.4 14 270   M    M   7        21 270
10  54  26  40   1  25   0 0.00    M    M  1.1 10 160   M    M   1 8      12 190
11  62  28  45   6  20   0 0.00    M    M  3.6 18 200   M    M   2 12     26 210
12  55  29  42   4  23   0    T    M    M  4.7 18 290   M    M   6 128    23 270
13  42  27  35  -3  30   0 0.00    M    M  3.7 12 190   M    M   9 8      16 210
14  42  23  33  -5  32   0 0.00    M    M  5.8 18 290   M    M   6 1      26 330
15  41  22  32  -5  33   0    T    M    M  3.2 13 340   M    M   4        18  60
16  39  21  30  -7  35   0 0.00    M    M  6.9 16 160   M    M   8        20 190
17  38  32  35  -2  30   0 0.72    M    0  1.9 10 220   M    M   9 1      16 220
18  38  22  30  -6  35   0 0.00  0.0    0 12.1 23 250   M    M   6        36 220
19  32  19  26 -10  39   0    T    M    0  9.5 18 200   M    M   6        27 190
20  37  20  29  -7  36   0    T    M    M  7.0 18 240   M    M   5 1      27 250
21  32  16  24 -11  41   0    T    M    M  6.7 20 320   M    M   4        27 310
22  37  18  28  -7  37   0    T    M    M 10.0 20 180   M    M   5 8      26 180
23  53  33  43   9  22   0    T    M    M  4.0 14 190   M    M   5 18     18 190
24  68  34  51  17  14   0 0.60    M    M  7.7 21 190   M    M   6 1      28 180
25  59  29  44  10  21   0 0.00    M    M  6.2 20 220   M    M   0        28 210
================================================================================
SM 1182  693       681   0  1.54     0.0 153.6          M      134
================================================================================
AV 47.3 27.7                               6.1 FASTST   M    M   5    MAX(MPH)
                                 MISC ---->  # 32  10               # 42   10
================================================================================
NOTES:
# LAST OF SEVERAL OCCURRENCES

COLUMN 17 PEAK WIND IN M.P.H.

PRELIMINARY LOCAL CLIMATOLOGICAL DATA (WS FORM: F-6) , PAGE 2

                                          STATION:  GLENS FALLS NY
                                          MONTH:    NOVEMBER
                                          YEAR:     2014
                                          LATITUDE:   43 20 N
                                          LONGITUDE:  73 37 W

[TEMPERATURE DATA]      [PRECIPITATION DATA]       SYMBOLS USED IN COLUMN 16

AVERAGE MONTHLY: 37.5   TOTAL FOR MONTH:   1.54    1 = FOG OR MIST
DPTR FM NORMAL:  -0.4   DPTR FM NORMAL:   -1.22    2 = FOG REDUCING VISIBILITY
HIGHEST:    68 ON 24    GRTST 24HR  0.72 ON 17-17      TO 1/4 MILE OR LESS
LOWEST:     16 ON 21                               3 = THUNDER
                        SNOW, ICE PELLETS, HAIL    4 = ICE PELLETS
                        TOTAL MONTH:   0.0 INCH    5 = HAIL
                        GRTST 24HR     0.0         6 = FREEZING RAIN OR DRIZZLE
                        GRTST DEPTH:   0           7 = DUSTSTORM OR SANDSTORM:
                                                       VSBY 1/2 MILE OR LESS
                                                   8 = SMOKE OR HAZE
[NO. OF DAYS WITH]      [WEATHER - DAYS WITH]      9 = BLOWING SNOW
                                                   X = TORNADO
MAX 32 OR BELOW:   2    0.01 INCH OR MORE:   5
MAX 90 OR ABOVE:   0    0.10 INCH OR MORE:   3
MIN 32 OR BELOW:  17    0.50 INCH OR MORE:   2
MIN  0 OR BELOW:   0    1.00 INCH OR MORE:   0

[HDD (BASE 65) ]
TOTAL THIS MO.   681    CLEAR  (SCALE 0-3)   3
DPTR FM NORMAL     2    PTCLDY (SCALE 4-7)  19
TOTAL FM JUL 1  1278    CLOUDY (SCALE 8-10)  3
DPTR FM NORMAL  -256

[CDD (BASE 65) ]
TOTAL THIS MO.     0
DPTR FM NORMAL     0    [PRESSURE DATA]
TOTAL FM JAN 1   392    HIGHEST SLP M ON M
DPTR FM NORMAL    40    LOWEST  SLP 29.44 ON 24

[REMARKS]
