000
CXUS53 KAPX 250631
CF6GLR
PRELIMINARY LOCAL CLIMATOLOGICAL DATA (WS FORM: F-6)

                                          STATION:   GAYLORD
                                          MONTH:     MAY
                                          YEAR:      2016
                                          LATITUDE:   45  0 N
                                          LONGITUDE:  84 42 W

  TEMPERATURE IN F:       :PCPN:    SNOW:  WIND      :SUNSHINE: SKY     :PK WND
================================================================================
1   2   3   4   5  6A  6B    7    8   9   10  11  12  13   14  15   16   17  18
                                     12Z  AVG MX 2MIN
DY MAX MIN AVG DEP HDD CDD  WTR  SNW DPTH SPD SPD DIR MIN PSBL S-S WX    SPD DR
================================================================================

 1  54  39  47  -1  18   0 0.04    M    M  6.8 18  50   M    M   9        28  70
 2  62  29  46  -2  19   0 0.00    M    M  2.1 10  50   M    M   5        15  30
 3  66  32  49   0  16   0    T    M    M  8.1 23 250   M    M   4        31 250
 4  48  42  45  -4  20   0 1.17    M    M  5.4 13  30   M    M  10 1      19  20
 5  63  38  51   2  14   0 0.00    M    M  4.7 10 280   M    M   5 1       M  M
 6  78  37  58   8   7   0 0.00    M    M  5.8 15 200   M    M   1        20 200
 7  64  42  53   3  12   0    T    M    M  7.3 18 300   M    M   2        29 300
 8  55  34  45  -5  20   0    T    M    M  6.6 18 290   M    M   2        25 280
 9  65  31  48  -3  17   0 0.00    M    M  5.0 12 200   M    M   0        16 150
10  64  38  51   0  14   0 0.00    M    M  8.6 20 120   M    M   0        27 110
11  75  46  61  10   4   0 0.00    M    M  8.8 17 130   M    M   1        25 130
12  70  53  62  10   3   0 0.22    M    M  6.8 15 260   M    M   7 13     19 290
13  57  39  48  -4  17   0 0.13    M    M 10.4 25 250   M    M   9 1      30 250
14  43  32  38 -14  27   0 0.05    M    M  8.2 23 290   M    M  10 1      34 300
15  45  30  38 -14  27   0 0.03    M    M  7.9 22 260   M    M   8 1      32 280
16  57  37  47  -6  18   0 0.02    M    M  7.4 16 290   M    M   7        27 250
17  62  33  48  -5  17   0 0.00    M    M  4.0 13  40   M    M   0        17  30
18  65  30  48  -6  17   0 0.00    M    M  3.2 10 300   M    M   0        16 320
19  72  34  53  -1  12   0 0.00    M    M  2.3 13 260   M    M   0        17 260
20  76  36  56   2   9   0 0.00    M    M  3.6 13  50   M    M   1         M  M
21  76  46  61   7   4   0 0.00    M    M  3.8 13  20   M    M   2        20  20
22  73  49  61   6   4   0 0.00    M    M  5.1 10  50   M    M   0        15  20
23  83  42  63   8   2   0 0.00    M    M  4.2 14 230   M    M   0        18 250
24  86  50  68  13   0   3 0.02    M    M  8.5 20 230   M    M   3 1      32 230
================================================================================
SM 1559  919       318   3  1.68    M    144.6          M       86
================================================================================
AV 65.0 38.3                               6.0 FASTST   M    M   4    MAX(MPH)
                                 MISC ---->  # 25 250               # 34  300
================================================================================
NOTES:
# LAST OF SEVERAL OCCURRENCES

COLUMN 17 PEAK WIND IN M.P.H.

PRELIMINARY LOCAL CLIMATOLOGICAL DATA (WS FORM: F-6) , PAGE 2

                                          STATION:  GAYLORD
                                          MONTH:    MAY
                                          YEAR:     2016
                                          LATITUDE:   45  0 N
                                          LONGITUDE:  84 42 W

[TEMPERATURE DATA]      [PRECIPITATION DATA]       SYMBOLS USED IN COLUMN 16

AVERAGE MONTHLY: 51.6   TOTAL FOR MONTH:   1.68    1 = FOG OR MIST
DPTR FM NORMAL:  -0.1   DPTR FM NORMAL:   -0.55    2 = FOG REDUCING VISIBILITY
HIGHEST:    86 ON 24    GRTST 24HR  1.17 ON  4- 4      TO 1/4 MILE OR LESS
LOWEST:     29 ON  2                               3 = THUNDER
                        SNOW, ICE PELLETS, HAIL    4 = ICE PELLETS
                        TOTAL MONTH:    M          5 = HAIL
                        GRTST 24HR    M  ON   M    6 = FREEZING RAIN OR DRIZZLE
                        GRTST DEPTH:  M  ON   M    7 = DUSTSTORM OR SANDSTORM:
                                                       VSBY 1/2 MILE OR LESS
                                                   8 = SMOKE OR HAZE
[NO. OF DAYS WITH]      [WEATHER - DAYS WITH]      9 = BLOWING SNOW
                                                   X = TORNADO
MAX 32 OR BELOW:   0    0.01 INCH OR MORE:   8
MAX 90 OR ABOVE:   0    0.10 INCH OR MORE:   3
MIN 32 OR BELOW:   6    0.50 INCH OR MORE:   1
MIN  0 OR BELOW:   0    1.00 INCH OR MORE:   1

[HDD (BASE 65) ]
TOTAL THIS MO.   318    CLEAR  (SCALE 0-3)  14
DPTR FM NORMAL    -9    PTCLDY (SCALE 4-7)   6
TOTAL FM JUL 1  7096    CLOUDY (SCALE 8-10)  4
DPTR FM NORMAL -1157

[CDD (BASE 65) ]
TOTAL THIS MO.     3
DPTR FM NORMAL    -3    [PRESSURE DATA]
TOTAL FM JAN 1     3    HIGHEST SLP M ON M
DPTR FM NORMAL    -4    LOWEST  SLP 29.61 ON M

[REMARKS]
