000
CXUS53 KAPX 230631
CF6GLR
PRELIMINARY LOCAL CLIMATOLOGICAL DATA (WS FORM: F-6)

                                          STATION:   GAYLORD
                                          MONTH:     AUGUST
                                          YEAR:      2017
                                          LATITUDE:   45  0 N
                                          LONGITUDE:  84 42 W

  TEMPERATURE IN F:       :PCPN:    SNOW:  WIND      :SUNSHINE: SKY     :PK WND
================================================================================
1   2   3   4   5  6A  6B    7    8   9   10  11  12  13   14  15   16   17  18
                                     12Z  AVG MX 2MIN
DY MAX MIN AVG DEP HDD CDD  WTR  SNW DPTH SPD SPD DIR MIN PSBL S-S WX    SPD DR
================================================================================

 1  84  60  72   6   0   7 0.00    M    M  7.2 17 230   M    M   0        22 210
 2  77  61  69   3   0   4 0.24    M    M  5.7 13  40   M    M   7 13     20  40
 3  70  60  65  -1   0   0 1.15    M    M  7.0 15 140   M    M  10 13     20 130
 4  68  54  61  -5   4   0 0.36    M    M 11.5 21 230   M    M   8 18     27 230
 5  69  52  61  -5   4   0 0.05    M    M  8.4 17 260   M    M   4 1      25 260
 6  74  51  63  -3   2   0 0.00    M    M  3.8 15 250   M    M   3 1      18 270
 7  71  54  63  -2   2   0 0.00    M    M  5.2 13 300   M    M   2        19  50
 8  79  51  65   0   0   0 0.00    M    M  7.4 21 250   M    M   1        29 260
 9  79  54  67   2   0   2 0.00    M    M  3.5 18 260   M    M   1        23 250
10  77  60  69   4   0   4 0.23    M    M  7.2 17 190   M    M   3 1      23 200
11  73  57  65   0   0   0 0.10    M    M  5.6 20 260   M    M   8 1      26 250
12  72  53  63  -2   2   0 0.11    M    M  5.3 14  30   M    M   6 1      19  30
13  77  49  63  -2   2   0 0.00    M    M  3.8 13 260   M    M   0        17 260
14  74  54  64  -1   1   0    T    M    M  3.3 10 280   M    M   3        15 280
15  73  55  64  -1   1   0 0.01    M    M  3.5 10 310   M    M   6        14 310
16  78  52  65   1   0   0 0.00    M    M  5.8 13 160   M    M   4 1      17 130
17  75  62  69   5   0   4 0.68    M    M 11.2 18 240   M    M   7 13     29 160
18  67  58  63  -1   2   0 0.20    M    M 11.4 20 250   M    M  10 1      24 250
19  76  58  67   3   0   2    T    M    M  6.9 17 270   M    M   6 1      23 270
20  79  59  69   5   0   4 0.00    M    M  9.2 17 230   M    M   1 1      22 220
21  82  64  73   9   0   8 0.09    M    M  6.5 13 230   M    M   3 13     18 230
22  70  52  61  -3   4   0 0.08    M    M  9.9 18 290   M    M   7 1      27 290
================================================================================
SM 1644 1230        24  35  3.30    M    149.3          M      100
================================================================================
AV 74.7 55.9                               6.8 FASTST   M    M   5    MAX(MPH)
                                 MISC ---->  # 21 230               # 29  260
================================================================================
NOTES:
# LAST OF SEVERAL OCCURRENCES

COLUMN 17 PEAK WIND IN M.P.H.

PRELIMINARY LOCAL CLIMATOLOGICAL DATA (WS FORM: F-6) , PAGE 2

                                          STATION:  GAYLORD
                                          MONTH:    AUGUST
                                          YEAR:     2017
                                          LATITUDE:   45  0 N
                                          LONGITUDE:  84 42 W

[TEMPERATURE DATA]      [PRECIPITATION DATA]       SYMBOLS USED IN COLUMN 16

AVERAGE MONTHLY: 65.3   TOTAL FOR MONTH:   3.30    1 = FOG OR MIST
DPTR FM NORMAL:   0.4   DPTR FM NORMAL:    0.66    2 = FOG REDUCING VISIBILITY
HIGHEST:    84 ON  1    GRTST 24HR  1.15 ON  3- 3      TO 1/4 MILE OR LESS
LOWEST:     49 ON 13                               3 = THUNDER
                        SNOW, ICE PELLETS, HAIL    4 = ICE PELLETS
                        TOTAL MONTH:    M          5 = HAIL
                        GRTST 24HR    M  ON   M    6 = FREEZING RAIN OR DRIZZLE
                        GRTST DEPTH:  M  ON   M    7 = DUSTSTORM OR SANDSTORM:
                                                       VSBY 1/2 MILE OR LESS
                                                   8 = SMOKE OR HAZE
[NO. OF DAYS WITH]      [WEATHER - DAYS WITH]      9 = BLOWING SNOW
                                                   X = TORNADO
MAX 32 OR BELOW:   0    0.01 INCH OR MORE:  12
MAX 90 OR ABOVE:   0    0.10 INCH OR MORE:   8
MIN 32 OR BELOW:   0    0.50 INCH OR MORE:   2
MIN  0 OR BELOW:   0    1.00 INCH OR MORE:   1

[HDD (BASE 65) ]
TOTAL THIS MO.    24    CLEAR  (SCALE 0-3)  10
DPTR FM NORMAL   -29    PTCLDY (SCALE 4-7)   9
TOTAL FM JUL 1    45    CLOUDY (SCALE 8-10)  3
DPTR FM NORMAL   -70

[CDD (BASE 65) ]
TOTAL THIS MO.    35
DPTR FM NORMAL   -17    [PRESSURE DATA]
TOTAL FM JAN 1   233    HIGHEST SLP M ON M
DPTR FM NORMAL    22    LOWEST  SLP 29.55 ON 18

[REMARKS]
