000
CXUS54 KMAF 291100
CF6GNC
PRELIMINARY LOCAL CLIMATOLOGICAL DATA (WS FORM: F-6)

                                          STATION:   Gaines County Airport
                                          MONTH:     JANUARY
                                          YEAR:      2015
                                          LATITUDE:   32 40 N
                                          LONGITUDE: 102 39 W

  TEMPERATURE IN F:       :PCPN:    SNOW:  WIND      :SUNSHINE: SKY     :PK WND
================================================================================
1   2   3   4   5  6A  6B    7    8   9   10  11  12  13   14  15   16   17  18
                                     12Z  AVG MX 2MIN
DY MAX MIN AVG DEP HDD CDD  WTR  SNW DPTH SPD SPD DIR MIN PSBL S-S WX    SPD DR
================================================================================

 1  26  19  23   M  42   0 0.00  0.0    0  1.3  6 330   M    M  10 18      M  M
 2  31  26  29   M  36   0 0.35    M    0  1.9  6  30   M    M  10 1       M  M
 3  48  21  35   M  30   0 0.17    M    0  7.0 18 270   M    M   3 1      28 270
 4  39  23  31   M  34   0 0.00  0.0    0  4.6 14  20   M    M   0        22  20
 5  56  22  39   M  26   0 0.00  0.0    0  5.8 15 210   M    M   0 1      18 250
 6  53  32  43   M  22   0 0.00  0.0    0  5.9 15 240   M    M   0         M  M
 7  35  22  29   M  36   0 0.00  0.0    0  9.1 25  50   M    M   6        31  40
 8  43  18  31   M  34   0 0.00  0.0    0  6.1 17 240   M    M   1        22 240
 9  37  23  30   M  35   0 0.00  0.0    0  9.5 23  60   M    M   3        31  60
10  38  22  30   M  35   0 0.00  0.0    0  5.5 10 200   M    M   3 1       M  M
11  66  25  46   M  19   0 0.00  0.0    0  8.8 16 250   M    M   1 1      27 290
12  42  29  36   M  29   0 0.00  0.0    0 10.4 17  40   M    M   8 1      24  40
13  32  25  29   M  36   0 0.00  0.0    0  4.6  8  80   M    M  10 1       M  M
14  37  30  34   M  31   0 0.00  0.0    0  1.5  6 330   M    M  10 1       M  M
15  56  29  43   M  22   0 0.00  0.0    0  4.5  8 330   M    M   2         M  M
16  60  26  43   M  22   0 0.00  0.0    0  6.0 16 220   M    M   0        22 210
17  65  32  49   M  16   0 0.00  0.0    0 10.6 21  40   M    M   0        31  10
18  68  29  49   M  16   0 0.00  0.0    0  9.2 18 220   M    M   0        23 220
19  73  39  56   M   9   0 0.00  0.0    0  7.5 15 290   M    M   0        21 300
20  64  37  51   M  14   0 0.00  0.0    0  9.1 16 360   M    M   0        22 360
21  46  32  39   M  26   0 0.23    M    0  9.9 24 110   M    M   7 1      22  80
22  36  30  33   M  32   0 0.03    M    0 14.0 23  60   M    M  10 1      30  60
23  44  18  31   M  34   0 0.00  0.0    0  6.8 14 270   M    M   2 1      20 290
24  57  29  43   M  22   0 0.00  0.0    0  9.2 13 230   M    M   0        18 270
25  60  32  46   M  19   0 0.00  0.0    0  6.1 14 360   M    M   0        20  30
26  67  31  49   M  16   0 0.00  0.0    0  7.9 10 240   M    M   0         M  M
27  73  36  55   M  10   0 0.00  0.0    0  5.3 12 330   M    M   0         M  M
28  76  43  60   M   5   0 0.00  0.0    0  8.2 14 280   M    M   0        18 290
================================================================================
SM 1428  780       708   0  0.78     0.0 196.3          M       86
================================================================================
AV 51.0 27.9                               7.0 FASTST   M    M   3    MAX(MPH)
                                 MISC ---->    25   M                 31    M
================================================================================
NOTES:
# LAST OF SEVERAL OCCURRENCES

COLUMN 17 PEAK WIND IN M.P.H.

PRELIMINARY LOCAL CLIMATOLOGICAL DATA (WS FORM: F-6) , PAGE 2

                                          STATION:  Gaines County Airport
                                          MONTH:    JANUARY
                                          YEAR:     2015
                                          LATITUDE:   32 40 N
                                          LONGITUDE: 102 39 W

[TEMPERATURE DATA]      [PRECIPITATION DATA]       SYMBOLS USED IN COLUMN 16

AVERAGE MONTHLY: 39.4   TOTAL FOR MONTH:   0.78    1 = FOG OR MIST
DPTR FM NORMAL:     M   DPTR FM NORMAL:       M    2 = FOG REDUCING VISIBILITY
HIGHEST:    76 ON 28    GRTST 24HR  0.35 ON  2- 2      TO 1/4 MILE OR LESS
LOWEST:     18 ON 23, 8                            3 = THUNDER
                        SNOW, ICE PELLETS, HAIL    4 = ICE PELLETS
                        TOTAL MONTH:   0.0 INCH    5 = HAIL
                        GRTST 24HR     0.0         6 = FREEZING RAIN OR DRIZZLE
                        GRTST DEPTH:   0           7 = DUSTSTORM OR SANDSTORM:
                                                       VSBY 1/2 MILE OR LESS
                                                   8 = SMOKE OR HAZE
[NO. OF DAYS WITH]      [WEATHER - DAYS WITH]      9 = BLOWING SNOW
                                                   X = TORNADO
MAX 32 OR BELOW:   3    0.01 INCH OR MORE:   4
MAX 90 OR ABOVE:   0    0.10 INCH OR MORE:   3
MIN 32 OR BELOW:  24    0.50 INCH OR MORE:   0
MIN  0 OR BELOW:   0    1.00 INCH OR MORE:   0

[HDD (BASE 65) ]
TOTAL THIS MO.   708    CLEAR  (SCALE 0-3)  20
DPTR FM NORMAL     M    PTCLDY (SCALE 4-7)   3
TOTAL FM JUL 1  1922    CLOUDY (SCALE 8-10)  5
DPTR FM NORMAL     M

[CDD (BASE 65) ]
TOTAL THIS MO.     0
DPTR FM NORMAL     M    [PRESSURE DATA]
TOTAL FM JAN 1     0    HIGHEST SLP M ON M
DPTR FM NORMAL     M    LOWEST  SLP M ON M

[REMARKS]
