000
CXUS54 KMAF 271100
CF6GNC
PRELIMINARY LOCAL CLIMATOLOGICAL DATA (WS FORM: F-6)

                                          STATION:   Gaines County Airport
                                          MONTH:     JULY
                                          YEAR:      2016
                                          LATITUDE:   32 40 N
                                          LONGITUDE: 102 39 W

  TEMPERATURE IN F:       :PCPN:    SNOW:  WIND      :SUNSHINE: SKY     :PK WND
================================================================================
1   2   3   4   5  6A  6B    7    8   9   10  11  12  13   14  15   16   17  18
                                     12Z  AVG MX 2MIN
DY MAX MIN AVG DEP HDD CDD  WTR  SNW DPTH SPD SPD DIR MIN PSBL S-S WX    SPD DR
================================================================================

 1  96  67  82   M   0  17 0.00  0.0    0  8.2 15 160   M    M   2        27 170
 2  98  70  84   M   0  19 0.00  0.0    0 10.8 16 190   M    M   2        24 210
 3 101  70  86   M   0  21 0.00  0.0    0  7.6 15 320   M    M   1        18 300
 4 104  69  87   M   0  22 0.00  0.0    0  6.5 13  40   M    M   0        23 170
 5 106  70  88   M   0  23 0.13  0.0    0  9.2 24 130   M    M   0        36 140
 6 106  72  89   M   0  24 0.00  0.0    0 11.4 17 270   M    M   0 8      25 180
 7 107  72  90   M   0  25 0.00  0.0    0 10.4 17 210   M    M   0        25 210
 8  99  72  86   M   0  21 0.00  0.0    0  8.2 25 100   M    M   0        31 100
 9  98  68  83   M   0  18 0.00  0.0    0  9.0 15 160   M    M   0        23 160
10 101  70  86   M   0  21 0.00  0.0    0 11.6 17 160   M    M   0        24 150
11 107  76  92   M   0  27 0.00  0.0    0 12.6 18 190   M    M   0        28 190
12 108  75  92   M   0  27 0.00  0.0    0 12.4 20 180   M    M   0        25 180
13 107  76  92   M   0  27 0.00  0.0    0 14.1 21 180   M    M   0        29 180
14 105  73  89   M   0  24 0.16  0.0    0 12.2 20 100   M    M   1        31 100
15   M   M   M   M   M   M    M    M    M   M   M   M   M    M   M         M  M
16  98  69  84   M   0  19 0.00  0.0    M 11.2 16 160   M    M   0        24 160
17 100  67  84   M   0  19 0.00  0.0    0 10.5 17 180   M    M   0        22 180
18  97  71  84   M   0  19 0.00  0.0    0 10.0 15 140   M    M   0        23 160
19  97  67  82   M   0  17 0.00  0.0    0  7.1 16 150   M    M   0        23 170
20  97  68  83   M   0  18 0.00  0.0    0  7.9 15 180   M    M   1        22 160
21  98  68  83   M   0  18 0.00  0.0    0  7.5 15 160   M    M   0        22 160
22  99  69  84   M   0  19 0.00  0.0    0  7.6 14 180   M    M   0        20 190
23  99  69  84   M   0  19 0.00  0.0    0  8.8 17 160   M    M   0        23 160
24  99  69  84   M   0  19 0.00  0.0    0  6.4 14 120   M    M   1        23 140
25  99  71  85   M   0  20 0.00  0.0    0  5.3 12  80   M    M   1        20  80
26  94  71  83   M   0  18 0.00  0.0    0  7.5 15 130   M    M   3        23 130
================================================================================
SM 2520 1759         0 521  0.29     0.0 234.0          M       12
================================================================================
AV100.8 70.4                               9.4 FASTST   M    M   0    MAX(MPH)
                                 MISC ---->    25   M                 36    M
================================================================================
NOTES:
# LAST OF SEVERAL OCCURRENCES

COLUMN 17 PEAK WIND IN M.P.H.

PRELIMINARY LOCAL CLIMATOLOGICAL DATA (WS FORM: F-6) , PAGE 2

                                          STATION:  Gaines County Airport
                                          MONTH:    JULY
                                          YEAR:     2016
                                          LATITUDE:   32 40 N
                                          LONGITUDE: 102 39 W

[TEMPERATURE DATA]      [PRECIPITATION DATA]       SYMBOLS USED IN COLUMN 16

AVERAGE MONTHLY: 85.6   TOTAL FOR MONTH:   0.29    1 = FOG OR MIST
DPTR FM NORMAL:     M   DPTR FM NORMAL:       M    2 = FOG REDUCING VISIBILITY
HIGHEST:   108 ON 12    GRTST 24HR  0.16 ON 14-14      TO 1/4 MILE OR LESS
LOWEST:     67 ON 19,17                            3 = THUNDER
                        SNOW, ICE PELLETS, HAIL    4 = ICE PELLETS
                        TOTAL MONTH:   0.0 INCH    5 = HAIL
                        GRTST 24HR     0.0         6 = FREEZING RAIN OR DRIZZLE
                        GRTST DEPTH:   0           7 = DUSTSTORM OR SANDSTORM:
                                                       VSBY 1/2 MILE OR LESS
                                                   8 = SMOKE OR HAZE
[NO. OF DAYS WITH]      [WEATHER - DAYS WITH]      9 = BLOWING SNOW
                                                   X = TORNADO
MAX 32 OR BELOW:   0    0.01 INCH OR MORE:   2
MAX 90 OR ABOVE:  25    0.10 INCH OR MORE:   2
MIN 32 OR BELOW:   0    0.50 INCH OR MORE:   0
MIN  0 OR BELOW:   0    1.00 INCH OR MORE:   0

[HDD (BASE 65) ]
TOTAL THIS MO.     0    CLEAR  (SCALE 0-3)  25
DPTR FM NORMAL     M    PTCLDY (SCALE 4-7)   0
TOTAL FM JUL 1     0    CLOUDY (SCALE 8-10)  0
DPTR FM NORMAL     M

[CDD (BASE 65) ]
TOTAL THIS MO.   521
DPTR FM NORMAL     M    [PRESSURE DATA]
TOTAL FM JAN 1  1173    HIGHEST SLP M ON M
DPTR FM NORMAL     M    LOWEST  SLP M ON M

[REMARKS]
