629
CXUS55 KLIX 011000
CF6GPT
PRELIMINARY LOCAL CLIMATOLOGICAL DATA (WS FORM: F-6)

                                          STATION:   GULFPORT
                                          MONTH:     APRIL
                                          YEAR:      2016
                                          LATITUDE:   30 23 N
                                          LONGITUDE:  89  4 W

  TEMPERATURE IN F:       :PCPN:    SNOW:  WIND      :SUNSHINE: SKY     :PK WND
================================================================================
1   2   3   4   5  6A  6B    7    8   9   10  11  12  13   14  15   16   17  18
                                     12Z  AVG MX 2MIN
DY MAX MIN AVG DEP HDD CDD  WTR  SNW DPTH SPD SPD DIR MIN PSBL S-S WX    SPD DR
================================================================================

 1  73  56  65   2   0   0 3.30  0.0    0 10.0 26 300   M    M   9 13     35 300
 2  72  48  60  -3   5   0 0.00  0.0    0 11.9 23 340   M    M   1        31  10
 3  74  43  59  -5   6   0 0.00  0.0    0  4.0 14 360   M    M   0        18 220
 4  78  51  65   1   0   0 0.00  0.0    0  6.5 14 210   M    M   0        22 210
 5  79  51  65   1   0   0 0.00  0.0    0  5.2 13 160   M    M   0        17  70
 6  75  54  65   1   0   0 0.00  0.0    0  6.9 17 180   M    M   2        24 200
 7  78  58  68   3   0   3 0.00  0.0    0  5.4 14 220   M    M   1        21 210
 8  77  52  65   0   0   0 0.00  0.0    0  9.2 21 340   M    M   0        27 340
 9  74  43  59  -6   6   0    M    M    0  3.2 13 190   M    M   0        19 160
10  74  53  64  -1   1   0 0.00  0.0    0 11.7 23 130   M    M   0        28 130
11  78  69  74   8   0   9    M  0.0    0 11.9 25 140   M    M   6        31 130
12  73  63  68   2   0   3 0.72  0.0    0  7.1 24  40   M    M  10 13     29  40
13  72  61  67   1   0   2 1.22  0.0    0  7.6 16 120   M    M   8 13     19  30
14  73  65  69   3   0   4 0.64  0.0    0  9.1 23 110   M    M   7 1      27 120
15  69  64  67   0   0   2 0.00  0.0    0 11.1 17 110   M    M  10        22 110
16  71  65  68   1   0   3 0.00  0.0    0 10.2 18  70   M    M   9        23  90
17  73  63  68   1   0   3 0.00  0.0    0 15.1 29 110   M    M   4        37 110
18  75  60  68   1   0   3 0.00  0.0    0 12.5 26 120   M    M   0        32 120
19  76  58  67  -1   0   2    M  0.0    0  8.1 18 150   M    M   0        25 100
20  77  65  71   3   0   6 0.00  0.0    0  8.3 18 130   M    M   1        24 130
21  79  64  72   4   0   7 0.01  0.0    0  7.0 16 150   M    M   6        23 150
22  83  63  73   5   0   8 0.00  0.0    0  5.2 14 330   M    M   4 1      17 310
23  84  62  73   4   0   8 0.00  0.0    0  5.8 14 350   M    M   2        22 350
24  81  57  69   0   0   4 0.00  0.0    0  5.1 15 140   M    M   0        19 140
25  80  68  74   5   0   9 0.00  0.0    0  7.6 16 130   M    M   2        19 130
26  81  70  76   7   0  11 0.00  0.0    0 10.1 18 140   M    M   4        25 150
27  80  68  74   4   0   9 0.29  0.0    0  9.8 22 150   M    M   5 13     29 150
28  78  64  71   1   0   6 5.48  0.0    0 10.3 44  40   M    M   6 138    64  30
29  82  69  76   6   0  11 0.00  0.0    0 11.3 20 140   M    M   5        24 140
30  80  69  75   5   0  10 0.44  0.0    0 13.8 24 140   M    M   8 13     30 130
================================================================================
SM 2299 1796        18 123 12.10     0.0 261.0          M      110
================================================================================
AV 76.6 59.9                               8.7 FASTST   M    M   4    MAX(MPH)
                                 MISC ---->  # 44  40               # 64   30
================================================================================
NOTES:
# LAST OF SEVERAL OCCURRENCES

COLUMN 17 PEAK WIND IN M.P.H.

PRELIMINARY LOCAL CLIMATOLOGICAL DATA (WS FORM: F-6) , PAGE 2

                                          STATION:  GULFPORT
                                          MONTH:    APRIL
                                          YEAR:     2016
                                          LATITUDE:   30 23 N
                                          LONGITUDE:  89  4 W

[TEMPERATURE DATA]      [PRECIPITATION DATA]       SYMBOLS USED IN COLUMN 16

AVERAGE MONTHLY: 68.2   TOTAL FOR MONTH:  12.10    1 = FOG OR MIST
DPTR FM NORMAL:   1.6   DPTR FM NORMAL:    7.54    2 = FOG REDUCING VISIBILITY
HIGHEST:    84 ON 23    GRTST 24HR  5.77 ON 27-28      TO 1/4 MILE OR LESS
LOWEST:     43 ON  9, 3                            3 = THUNDER
                        SNOW, ICE PELLETS, HAIL    4 = ICE PELLETS
                        TOTAL MONTH:   0.0 INCH    5 = HAIL
                        GRTST 24HR     0.0         6 = FREEZING RAIN OR DRIZZLE
                        GRTST DEPTH:   0           7 = DUSTSTORM OR SANDSTORM:
                                                       VSBY 1/2 MILE OR LESS
                                                   8 = SMOKE OR HAZE
[NO. OF DAYS WITH]      [WEATHER - DAYS WITH]      9 = BLOWING SNOW
                                                   X = TORNADO
MAX 32 OR BELOW:   0    0.01 INCH OR MORE:   8
MAX 90 OR ABOVE:   0    0.10 INCH OR MORE:   7
MIN 32 OR BELOW:   0    0.50 INCH OR MORE:   5
MIN  0 OR BELOW:   0    1.00 INCH OR MORE:   3

[HDD (BASE 65) ]
TOTAL THIS MO.    18    CLEAR  (SCALE 0-3)  15
DPTR FM NORMAL   -39    PTCLDY (SCALE 4-7)   9
TOTAL FM JUL 1  1127    CLOUDY (SCALE 8-10)  6
DPTR FM NORMAL  -498

[CDD (BASE 65) ]
TOTAL THIS MO.   123
DPTR FM NORMAL    15    [PRESSURE DATA]
TOTAL FM JAN 1   209    HIGHEST SLP 30.26 ON 18
DPTR FM NORMAL    65    LOWEST  SLP 29.71 ON 27

[REMARKS]
#FINAL-04-16#
