000
CXGM50 PGUM 251850
CF6GUM
PRELIMINARY LOCAL CLIMATOLOGICAL DATA (WS FORM: F-6)

                                          STATION:   GUAM INTERNATIONAL AIRPORT
                                          MONTH:     JULY
                                          YEAR:      2016
                                          LATITUDE:   13 29 N
                                          LONGITUDE: 144-48 E

  TEMPERATURE IN F:       :PCPN:    SNOW:  WIND      :SUNSHINE: SKY     :PK WND
================================================================================
1   2   3   4   5  6A  6B    7    8   9   10  11  12  13   14  15   16   17  18
                                     12Z  AVG MX 2MIN
DY MAX MIN AVG DEP HDD CDD  WTR  SNW DPTH SPD SPD DIR MIN PSBL S-S WX    SPD DR
================================================================================

 1  90  80  85   3   0  20 0.01  0.0    0  6.2 13 100   M    M   2        17  90
 2  90  79  85   3   0  20 0.40  0.0    0  5.6 15  90   M    M   3 18     21 130
 3  90  79  85   3   0  20 0.15  0.0    0 12.5 24 110   M    M   3 1      36  90
 4  86  81  84   2   0  19 0.18  0.0    0 10.1 17 130   M    M   3        24 140
 5  89  83  86   4   0  21 0.02  0.0    0 11.1 18 110   M    M   5        27 110
 6  88  81  85   3   0  20 0.03  0.0    0  6.9 13 170   M    M   4        19 110
 7  90  82  86   4   0  21 0.02  0.0    0  8.9 17 100   M    M   3        23  90
 8  91  82  87   5   0  22 0.10  0.0    0  9.2 21  60   M    M   2 8      24  70
 9  92  80  86   4   0  21 0.77  0.0    0 10.0 28  90   M    M   6 18     33  90
10  87  79  83   1   0  18 0.03  0.0    0  8.5 17 160   M    M   6 1      26 150
11  90  78  84   2   0  19 0.48  0.0    0  3.9 13 350   M    M   3 1      16 350
12  91  79  85   3   0  20 0.01  0.0    0  8.1 17  70   M    M   2        23 100
13  86  77  82   0   0  17 1.01  0.0    0  5.3 15  20   M    M   4 1      16  20
14  85  79  82   0   0  17 0.20  0.0    0  6.7 18 140   M    M   5 1      28 140
15  87  78  83   1   0  18 0.00  0.0    0  6.3 15 110   M    M   3        20 110
16  90  78  84   2   0  19 0.19  0.0    0  9.0 20  60   M    M   3        26  60
17  90  79  85   3   0  20 0.01  0.0    0  9.0 17  90   M    M   2        20  80
18  89  79  84   2   0  19 0.19  0.0    0  6.9 13  80   M    M   2 1      17  90
19  89  78  84   2   0  19 0.14  0.0    0  3.5 14 290   M    M   2        15 290
20  89  77  83   1   0  18 0.00  0.0    0  4.4 12 340   M    M   2        17 310
21  88  77  83   1   0  18 0.03  0.0    0  1.7  9  90   M    M   5        11  80
22  89  78  84   2   0  19    T  0.0    0  2.9 12 280   M    M   6        14 290
23  89  77  83   1   0  18 0.00  0.0    0  1.8  9 300   M    M   2        12 300
24  89  77  83   1   0  18 0.10  0.0    0  6.5 17 120   M    M   3 1      21 120
25  89  81  85   3   0  20 0.07  0.0    0  7.3 20  40   M    M   2        23  40
================================================================================
SM 2223 1978         0 481  4.14     0.0 172.3          M       83
================================================================================
AV 88.9 79.1                               6.9 FASTST   M    M   3    MAX(MPH)
                                 MISC ---->  # 28  90               # 36   90
================================================================================
NOTES:
# LAST OF SEVERAL OCCURRENCES

COLUMN 17 PEAK WIND IN M.P.H.

PRELIMINARY LOCAL CLIMATOLOGICAL DATA (WS FORM: F-6) , PAGE 2

                                          STATION:  GUAM INTERNATIONAL AIRPORT
                                          MONTH:    JULY
                                          YEAR:     2016
                                          LATITUDE:   13 29 N
                                          LONGITUDE: 144-48 E

[TEMPERATURE DATA]      [PRECIPITATION DATA]       SYMBOLS USED IN COLUMN 16

AVERAGE MONTHLY: 84.0   TOTAL FOR MONTH:   4.14    1 = FOG OR MIST
DPTR FM NORMAL:   2.0   DPTR FM NORMAL:   -5.37    2 = FOG REDUCING VISIBILITY
HIGHEST:    92 ON  9    GRTST 24HR  1.02 ON 12-13      TO 1/4 MILE OR LESS
LOWEST:     77 ON 24,23                            3 = THUNDER
                        SNOW, ICE PELLETS, HAIL    4 = ICE PELLETS
                        TOTAL MONTH:   0.0 INCH    5 = HAIL
                        GRTST 24HR     0.0         6 = FREEZING RAIN OR DRIZZLE
                        GRTST DEPTH:   0           7 = DUSTSTORM OR SANDSTORM:
                                                       VSBY 1/2 MILE OR LESS
                                                   8 = SMOKE OR HAZE
[NO. OF DAYS WITH]      [WEATHER - DAYS WITH]      9 = BLOWING SNOW
                                                   X = TORNADO
MAX 32 OR BELOW:   0    0.01 INCH OR MORE:  21
MAX 90 OR ABOVE:  10    0.10 INCH OR MORE:  12
MIN 32 OR BELOW:   0    0.50 INCH OR MORE:   2
MIN  0 OR BELOW:   0    1.00 INCH OR MORE:   1

[HDD (BASE 65) ]
TOTAL THIS MO.     0    CLEAR  (SCALE 0-3)  14
DPTR FM NORMAL     0    PTCLDY (SCALE 4-7)  11
TOTAL FM JUL 1     0    CLOUDY (SCALE 8-10)  0
DPTR FM NORMAL     0

[CDD (BASE 65) ]
TOTAL THIS MO.   481
DPTR FM NORMAL    56    [PRESSURE DATA]
TOTAL FM JAN 1  3798    HIGHEST SLP M ON M
DPTR FM NORMAL   416    LOWEST  SLP 29.73 ON 22

[REMARKS]
