000
CXUS54 KAMA 011015
CF6GUY
PRELIMINARY LOCAL CLIMATOLOGICAL DATA (WS FORM: F-6)

                                          STATION:   GUYMON
                                          MONTH:     AUGUST
                                          YEAR:      2015
                                          LATITUDE:   36 41 N
                                          LONGITUDE: 101 30 W

  TEMPERATURE IN F:       :PCPN:    SNOW:  WIND      :SUNSHINE: SKY     :PK WND
================================================================================
1   2   3   4   5  6A  6B    7    8   9   10  11  12  13   14  15   16   17  18
                                     12Z  AVG MX 2MIN
DY MAX MIN AVG DEP HDD CDD  WTR  SNW DPTH SPD SPD DIR MIN PSBL S-S WX    SPD DR
================================================================================

 1  88  68  78  -2   0  13 0.29  0.0    0  9.1 20 200   M    M   3 13     26 160
 2  90  63  77  -2   0  12 2.03  0.0    0  8.2 37 200   M    M   1 13     47 200
 3  88  66  77  -2   0  12 0.02  0.0    0  9.2 28 320   M    M   2 3      39 150
 4  90  64  77  -2   0  12 0.01  0.0    0  8.6 16 230   M    M   1        21 200
 5  93  68  81   2   0  16 0.00  0.0    0  8.4 18  30   M    M   0 1      25 360
 6 102  70  86   7   0  21 0.00  0.0    0  5.6 18  60   M    M   0 18     26  80
 7  98  72  85   6   0  20 0.00  0.0    0 10.4 23 200   M    M   2 18     28 200
 8  97  65  81   2   0  16 0.27  0.0    0 12.3 29 250   M    M   0 3      36 250
 9  93  68  81   2   0  16    T  0.0    0  4.9 12 140   M    M   1 3      15 130
10  88  69  79   0   0  14 0.43  0.0    0  8.6 26 310   M    M   3 3      38 300
11  83  68  76  -3   0  11 0.11  0.0    0  5.6 14 100   M    M   3 1      19 110
12  88  67  78  -1   0  13 0.00  0.0    0 10.2 20 180   M    M   2        26 190
13  96  66  81   3   0  16 0.00  0.0    0  6.9 21 200   M    M   0        26 200
14  92  69  81   3   0  16 0.00  0.0    0  7.5 14 320   M    M   0        19 160
15  90  66  78   0   0  13 0.00  0.0    0  8.9 17 160   M    M   0 1      24 180
16  93  68  81   3   0  16 0.00  0.0    0 12.3 21 200   M    M   1 3      26 200
17  84  65  75  -3   0  10 1.62  0.0    0 10.0 26 350   M    M   3 13     36 180
18  80  63  72  -6   0   7    T  0.0    0 11.5 25  30   M    M   3 3      34  40
19  76  58  67 -11   0   2 0.01  0.0    0  7.5 21  50   M    M   5        24  40
20  82  57  70  -8   0   5 0.00  0.0    0 12.8 24 210   M    M   2        30 210
21  85  57  71  -7   0   6 0.00  0.0    0 10.2 22 180   M    M   0        28 180
22  96  63  80   2   0  15 0.00  0.0    0  7.6 23  20   M    M   0        31 360
23  75  61  68 -10   0   3    T  0.0    0 10.0 24  20   M    M   4        33  30
24  85  58  72  -5   0   7 0.00  0.0    0  8.2 16 180   M    M   0        23 200
25  95  63  79   2   0  14 0.00  0.0    0  8.4 17 200   M    M   0        21 190
26  96  63  80   3   0  15 0.00  0.0    0  8.6 20 200   M    M   0        23 220
27  94  70  82   5   0  17 0.06  0.0    0 14.3 28 200   M    M   0 3      35 190
28  91  67  79   2   0  14 0.02  0.0    0  6.2 16  20   M    M   2        22  10
29  90  60  75  -1   0  10 0.00  0.0    0  6.0 15  50   M    M   1        19  60
30  90  53  72  -4   0   7 0.00  0.0    0  5.8 14 180   M    M   0 8      17 190
31  95  59  77   1   0  12    T  0.0    0 13.8 29 210   M    M   0        35 200
================================================================================
SM 2783 1994         0 381  4.87     0.0 277.6          M       39
================================================================================
AV 89.8 64.3                               9.0 FASTST   M    M   1    MAX(MPH)
                                 MISC ---->  # 37 200               # 47  200
================================================================================
NOTES:
# LAST OF SEVERAL OCCURRENCES

COLUMN 17 PEAK WIND IN M.P.H.

PRELIMINARY LOCAL CLIMATOLOGICAL DATA (WS FORM: F-6) , PAGE 2

                                          STATION:  GUYMON
                                          MONTH:    AUGUST
                                          YEAR:     2015
                                          LATITUDE:   36 41 N
                                          LONGITUDE: 101 30 W

[TEMPERATURE DATA]      [PRECIPITATION DATA]       SYMBOLS USED IN COLUMN 16

AVERAGE MONTHLY: 77.0   TOTAL FOR MONTH:   4.87    1 = FOG OR MIST
DPTR FM NORMAL:  -1.1   DPTR FM NORMAL:    1.95    2 = FOG REDUCING VISIBILITY
HIGHEST:   102 ON  6    GRTST 24HR  2.32 ON  1- 2      TO 1/4 MILE OR LESS
LOWEST:     53 ON 30                               3 = THUNDER
                        SNOW, ICE PELLETS, HAIL    4 = ICE PELLETS
                        TOTAL MONTH:   0.0 INCH    5 = HAIL
                        GRTST 24HR     0.0         6 = FREEZING RAIN OR DRIZZLE
                        GRTST DEPTH:   0           7 = DUSTSTORM OR SANDSTORM:
                                                       VSBY 1/2 MILE OR LESS
                                                   8 = SMOKE OR HAZE
[NO. OF DAYS WITH]      [WEATHER - DAYS WITH]      9 = BLOWING SNOW
                                                   X = TORNADO
MAX 32 OR BELOW:   0    0.01 INCH OR MORE:  11
MAX 90 OR ABOVE:  19    0.10 INCH OR MORE:   6
MIN 32 OR BELOW:   0    0.50 INCH OR MORE:   2
MIN  0 OR BELOW:   0    1.00 INCH OR MORE:   2

[HDD (BASE 65) ]
TOTAL THIS MO.     0    CLEAR  (SCALE 0-3)  26
DPTR FM NORMAL    -1    PTCLDY (SCALE 4-7)   5
TOTAL FM JUL 1     0    CLOUDY (SCALE 8-10)  0
DPTR FM NORMAL    -1

[CDD (BASE 65) ]
TOTAL THIS MO.   381
DPTR FM NORMAL   -26    [PRESSURE DATA]
TOTAL FM JAN 1  1300    HIGHEST SLP 30.21 ON 23
DPTR FM NORMAL    51    LOWEST  SLP 29.64 ON 22

[REMARKS]
#FINAL-08-15#
