000
CXUS54 KAMA 221015
CF6GUY
PRELIMINARY LOCAL CLIMATOLOGICAL DATA (WS FORM: F-6)

                                          STATION:   GUYMON
                                          MONTH:     AUGUST
                                          YEAR:      2014
                                          LATITUDE:   36 41 N
                                          LONGITUDE: 101 30 W

  TEMPERATURE IN F:       :PCPN:    SNOW:  WIND      :SUNSHINE: SKY     :PK WND
================================================================================
1   2   3   4   5  6A  6B    7    8   9   10  11  12  13   14  15   16   17  18
                                     12Z  AVG MX 2MIN
DY MAX MIN AVG DEP HDD CDD  WTR  SNW DPTH SPD SPD DIR MIN PSBL S-S WX    SPD DR
================================================================================

 1  88  58  73  -7   0   8 0.00  0.0    0  6.2 12 280   M    M   0        15  90
 2  90  63  77  -2   0  12 0.00  0.0    0  5.5 12  20   M    M   1        17  20
 3  91  56  74  -5   0   9 0.00  0.0    0  6.3 14 140   M    M   0        20 200
 4  95  63  79   0   0  14 0.00  0.0    0 13.4 23 210   M    M   0        28 200
 5  96  66  81   2   0  16 0.00  0.0    0 15.7 26 200   M    M   1        32 200
 6  98  63  81   2   0  16 0.00  0.0    0  4.7 13  30   M    M   0        17  30
 7 101  66  84   5   0  19 0.20  0.0    0  9.4 30 200   M    M   0 3      47 220
 8  88  67  78  -1   0  13 0.04  0.0    0  7.9 18 200   M    M   5        23 170
 9  97  62  80   1   0  15    T  0.0    0 10.4 24 200   M    M   0        35 220
10  91  63  77  -2   0  12 0.00  0.0    0 10.6 25 290   M    M   0        33 290
11  90  64  77  -2   0  12 0.04  0.0    0  7.1 20 290   M    M   3        27 290
12  96  61  79   0   0  14 0.00  0.0    0  8.4 17 210   M    M   1        23 220
13  98  68  83   5   0  18 0.00  0.0    0 12.3 22 210   M    M   0        27 220
14  99  70  85   7   0  20 0.00  0.0    0 16.3 32 220   M    M   1        39 210
15  98  71  85   7   0  20    T  0.0    0  8.9 20 140   M    M   1        25 140
16  99  68  84   6   0  19 0.07  0.0    0  9.1 20 190   M    M   2 3      24 190
17  99  60  80   2   0  15 0.00  0.0    0  5.9 17 170   M    M   0        22 160
18 102  68  85   7   0  20 0.00  0.0    0 12.8 24 220   M    M   0 3      32 220
19  98  68  83   5   0  18 0.00  0.0    0 11.9 22 190   M    M   0        28 150
20 101  70  86   8   0  21 0.00  0.0    0 15.1 30 180   M    M   0        37 180
21 101  72  87   9   0  22 0.00  0.0    0 12.9 24 210   M    M   0        30 200
================================================================================
SM 2016 1367         0 333  0.35     0.0 210.8          M       15
================================================================================
AV 96.0 65.1                              10.0 FASTST   M    M   1    MAX(MPH)
                                 MISC ---->  # 32 220               # 47  220
================================================================================
NOTES:
# LAST OF SEVERAL OCCURRENCES

COLUMN 17 PEAK WIND IN M.P.H.

PRELIMINARY LOCAL CLIMATOLOGICAL DATA (WS FORM: F-6) , PAGE 2

                                          STATION:  GUYMON
                                          MONTH:    AUGUST
                                          YEAR:     2014
                                          LATITUDE:   36 41 N
                                          LONGITUDE: 101 30 W

[TEMPERATURE DATA]      [PRECIPITATION DATA]       SYMBOLS USED IN COLUMN 16

AVERAGE MONTHLY: 80.5   TOTAL FOR MONTH:   0.35    1 = FOG OR MIST
DPTR FM NORMAL:   1.9   DPTR FM NORMAL:   -1.59    2 = FOG REDUCING VISIBILITY
HIGHEST:   102 ON 18    GRTST 24HR  0.24 ON  7- 8      TO 1/4 MILE OR LESS
LOWEST:     56 ON  3                               3 = THUNDER
                        SNOW, ICE PELLETS, HAIL    4 = ICE PELLETS
                        TOTAL MONTH:   0.0 INCH    5 = HAIL
                        GRTST 24HR     0.0         6 = FREEZING RAIN OR DRIZZLE
                        GRTST DEPTH:   0           7 = DUSTSTORM OR SANDSTORM:
                                                       VSBY 1/2 MILE OR LESS
                                                   8 = SMOKE OR HAZE
[NO. OF DAYS WITH]      [WEATHER - DAYS WITH]      9 = BLOWING SNOW
                                                   X = TORNADO
MAX 32 OR BELOW:   0    0.01 INCH OR MORE:   4
MAX 90 OR ABOVE:  19    0.10 INCH OR MORE:   1
MIN 32 OR BELOW:   0    0.50 INCH OR MORE:   0
MIN  0 OR BELOW:   0    1.00 INCH OR MORE:   0

[HDD (BASE 65) ]
TOTAL THIS MO.     0    CLEAR  (SCALE 0-3)  20
DPTR FM NORMAL     0    PTCLDY (SCALE 4-7)   1
TOTAL FM JUL 1     4    CLOUDY (SCALE 8-10)  0
DPTR FM NORMAL     4

[CDD (BASE 65) ]
TOTAL THIS MO.   333
DPTR FM NORMAL    46    [PRESSURE DATA]
TOTAL FM JAN 1  1286    HIGHEST SLP M ON M
DPTR FM NORMAL   157    LOWEST  SLP 29.70 ON M

[REMARKS]
