000
CXUS54 KFWD 230730
CF6GVT
PRELIMINARY LOCAL CLIMATOLOGICAL DATA (WS FORM: F-6)

                                          STATION:   GREENVILLE
                                          MONTH:     OCTOBER
                                          YEAR:      2014
                                          LATITUDE:   33  4 N
                                          LONGITUDE:  96  4 W

  TEMPERATURE IN F:       :PCPN:    SNOW:  WIND      :SUNSHINE: SKY     :PK WND
================================================================================
1   2   3   4   5  6A  6B    7    8   9   10  11  12  13   14  15   16   17  18
                                     12Z  AVG MX 2MIN
DY MAX MIN AVG DEP HDD CDD  WTR  SNW DPTH SPD SPD DIR MIN PSBL S-S WX    SPD DR
================================================================================

 1  91  70  81   9   0  16 0.00  0.0    0  8.3 16 140   M    M   3        22 160
 2  90  66  78   6   0  13 0.66  0.0    0 11.0 23 260   M    M   4 3      39 260
 3  81  52  67  -4   0   2 0.00  0.0    0  7.4 15 340   M    M   0        24 340
 4  77  41  59 -12   6   0 0.00  0.0    0  1.9  8 140   M    M   0         M  M
 5  84  55  70   0   0   5 0.00  0.0    0  9.6 16 200   M    M   0        25 200
 6  82  64  73   3   0   8 0.37  0.0    0  8.3 15 170   M    M   2 3      20 170
 7  91  68  80  10   0  15 0.00  0.0    0  9.3 13 190   M    M   1        17 190
 8  86  72  79   9   0  14 0.00  0.0    0  9.2 14 130   M    M   3         M  M
 9  88  72  80  11   0  15 0.00  0.0    0  9.7 15 150   M    M   5        22 140
10  91  64  78   9   0  13 0.21  0.0    0 10.3 18 350   M    M   5 3      30 350
11  64  57  61  -7   4   0 0.25  0.0    0  6.2 12 350   M    M   9 13     22 270
12  72  57  65  -3   0   0 0.00  0.0    0  7.1 18 160   M    M  10        21 140
13  75  55  65  -3   0   0 1.12  0.0    0 13.0 24 170   M    M   8 3      32 300
14  73  52  63  -5   2   0 0.00  0.0    0  9.1 21 290   M    M   0        27 290
15  81  46  64  -3   1   0 0.00  0.0    0  0.9  7 280   M    M   0         M  M
16  86  50  68   1   0   3 0.00  0.0    0  7.4 16 190   M    M   0        23 190
17  84  61  73   6   0   8 0.00  0.0    0  4.2 10 190   M    M   0         M  M
18  77  55  66   0   0   1 0.00  0.0    0  3.8 12  80   M    M   1        17  80
19  75  52  64  -2   1   0 0.00  0.0    0  2.8 10 110   M    M   0         M  M
20  81  50  66   0   0   1 0.00  0.0    0  1.0  6 200   M    M   0         M  M
21  81  54  68   2   0   3 0.00  0.0    0  1.2  8 150   M    M   0 1       M  M
22  79  55  67   2   0   2 0.00  0.0    0  2.4  9 140   M    M   2 1       M  M
================================================================================
SM 1789 1268        14 119  2.61     0.0 144.1          M       53
================================================================================
AV 81.3 57.6                               6.5 FASTST   M    M   2    MAX(MPH)
                                 MISC ---->    24   M                 39    M
================================================================================
NOTES:
# LAST OF SEVERAL OCCURRENCES

COLUMN 17 PEAK WIND IN M.P.H.

PRELIMINARY LOCAL CLIMATOLOGICAL DATA (WS FORM: F-6) , PAGE 2

                                          STATION:  GREENVILLE
                                          MONTH:    OCTOBER
                                          YEAR:     2014
                                          LATITUDE:   33  4 N
                                          LONGITUDE:  96  4 W

[TEMPERATURE DATA]      [PRECIPITATION DATA]       SYMBOLS USED IN COLUMN 16

AVERAGE MONTHLY: 69.5   TOTAL FOR MONTH:   2.61    1 = FOG OR MIST
DPTR FM NORMAL:   1.0   DPTR FM NORMAL:   -0.94    2 = FOG REDUCING VISIBILITY
HIGHEST:    91 ON 10, 7 GRTST 24HR  1.12 ON 13-13      TO 1/4 MILE OR LESS
LOWEST:     41 ON  4                               3 = THUNDER
                        SNOW, ICE PELLETS, HAIL    4 = ICE PELLETS
                        TOTAL MONTH:   0.0 INCH    5 = HAIL
                        GRTST 24HR     0.0         6 = FREEZING RAIN OR DRIZZLE
                        GRTST DEPTH:   0           7 = DUSTSTORM OR SANDSTORM:
                                                       VSBY 1/2 MILE OR LESS
                                                   8 = SMOKE OR HAZE
[NO. OF DAYS WITH]      [WEATHER - DAYS WITH]      9 = BLOWING SNOW
                                                   X = TORNADO
MAX 32 OR BELOW:   0    0.01 INCH OR MORE:   5
MAX 90 OR ABOVE:   4    0.10 INCH OR MORE:   5
MIN 32 OR BELOW:   0    0.50 INCH OR MORE:   2
MIN  0 OR BELOW:   0    1.00 INCH OR MORE:   1

[HDD (BASE 65) ]
TOTAL THIS MO.    14    CLEAR  (SCALE 0-3)  15
DPTR FM NORMAL   -25    PTCLDY (SCALE 4-7)   5
TOTAL FM JUL 1    16    CLOUDY (SCALE 8-10)  2
DPTR FM NORMAL   -30

[CDD (BASE 65) ]
TOTAL THIS MO.   119
DPTR FM NORMAL     6    [PRESSURE DATA]
TOTAL FM JAN 1  2213    HIGHEST SLP M ON M
DPTR FM NORMAL  -380    LOWEST  SLP M ON M

[REMARKS]
