000
CXUS54 KFWD 290855
CF6GVT
PRELIMINARY LOCAL CLIMATOLOGICAL DATA (WS FORM: F-6)

                                          STATION:   GREENVILLE
                                          MONTH:     APRIL
                                          YEAR:      2016
                                          LATITUDE:   33  4 N
                                          LONGITUDE:  96  4 W

  TEMPERATURE IN F:       :PCPN:    SNOW:  WIND      :SUNSHINE: SKY     :PK WND
================================================================================
1   2   3   4   5  6A  6B    7    8   9   10  11  12  13   14  15   16   17  18
                                     12Z  AVG MX 2MIN
DY MAX MIN AVG DEP HDD CDD  WTR  SNW DPTH SPD SPD DIR MIN PSBL S-S WX    SPD DR
================================================================================

 1  64  46  55  -6  10   0    T  0.0    0  7.1 15 330   M    M   5        21 330
 2  68  41  55  -6  10   0 0.00  0.0    0  4.2 13 340   M    M   0        17 350
 3  73  37  55  -6  10   0 0.00  0.0    0  5.8 15 190   M    M   0        18 190
 4  81  50  66   4   0   1 0.00  0.0    0  6.5 10 180   M    M   0         M  M
 5  82  48  65   3   0   0 0.00  0.0    0  5.9 15 200   M    M   0 1      20 170
 6  79  48  64   2   1   0 0.00  0.0    0 11.4 20 290   M    M   0        28 330
 7  86  45  66   4   0   1 0.00  0.0    0  5.6 16 300   M    M   0        23 300
 8  73  45  59  -4   6   0 0.00  0.0    0  3.5 10  50   M    M   0 8      17  30
 9  70  46  58  -5   7   0 0.00  0.0    0  5.9 23 200   M    M   7        28 200
10  79  59  69   6   0   4 0.01  0.0    0 14.3 20 190   M    M   7        25 190
11  75  61  68   5   0   3 0.51  0.0    0  7.7 16 170   M    M   9 3      23 170
12  68  54  61  -3   4   0 0.00  0.0    0  5.7 12  60   M    M   4        17  80
13  61  52  57  -7   8   0 0.66  0.0    0  4.7  9 350   M    M   9 3       M  M
14  72  54  63  -1   2   0 0.01  0.0    0  2.7  6  50   M    M   7         M  M
15  75  52  64   0   1   0 0.00  0.0    0  3.8  9 140   M    M   7 128     M  M
16  77  63  70   5   0   5 0.00  0.0    0 11.4 16 100   M    M   9 18     25 110
17  68  63  66   1   0   1 1.27  0.0    0 10.2 16 120   M    M  10 13     23 120
18  73  63  68   3   0   3 0.67  0.0    0  6.3 14 120   M    M   9 13     20  70
19  77  63  70   4   0   5 0.00  0.0    0  2.0  5 110   M    M   7 1       M  M
20  72  59  66   0   0   1 0.85  0.0    0  2.4  8 310   M    M   8 3       9  50
21  77  57  67   1   0   2 0.01  0.0    0  4.3 20 220   M    M   3        24 220
22  79  54  67   1   0   2 0.00  0.0    0  2.6  9 350   M    M   1         M  M
23  81  52  67   0   0   2 0.00  0.0    0  2.2  8 130   M    M   0 8       M  M
24  79  57  68   1   0   3 0.00  0.0    0  9.5 17 160   M    M   0        25 160
25  82  64  73   6   0   8 0.00  0.0    0 10.5 18 160   M    M   8        25 160
26  82  61  72   4   0   7 1.50  0.0    0 11.9 21 150   M    M   8 3      27 150
27  81  57  69   1   0   4 0.07  0.0    0  6.8 13  90   M    M   2 3      22  90
28  82  55  69   1   0   4 0.00  0.0    0  4.2 10 110   M    M   1        17 110
================================================================================
SM 2116 1506        59  56  5.56     0.0 179.1          M      121
================================================================================
AV 75.6 53.8                               6.4 FASTST   M    M   4    MAX(MPH)
                                 MISC ---->  # 23 200                 28    M
================================================================================
NOTES:
# LAST OF SEVERAL OCCURRENCES

COLUMN 17 PEAK WIND IN M.P.H.

PRELIMINARY LOCAL CLIMATOLOGICAL DATA (WS FORM: F-6) , PAGE 2

                                          STATION:  GREENVILLE
                                          MONTH:    APRIL
                                          YEAR:     2016
                                          LATITUDE:   33  4 N
                                          LONGITUDE:  96  4 W

[TEMPERATURE DATA]      [PRECIPITATION DATA]       SYMBOLS USED IN COLUMN 16

AVERAGE MONTHLY: 64.7   TOTAL FOR MONTH:   5.56    1 = FOG OR MIST
DPTR FM NORMAL:   0.3   DPTR FM NORMAL:    2.32    2 = FOG REDUCING VISIBILITY
HIGHEST:    86 ON  7    GRTST 24HR  1.50 ON 26-26      TO 1/4 MILE OR LESS
LOWEST:     37 ON  3                               3 = THUNDER
                        SNOW, ICE PELLETS, HAIL    4 = ICE PELLETS
                        TOTAL MONTH:   0.0 INCH    5 = HAIL
                        GRTST 24HR     0.0         6 = FREEZING RAIN OR DRIZZLE
                        GRTST DEPTH:   0           7 = DUSTSTORM OR SANDSTORM:
                                                       VSBY 1/2 MILE OR LESS
                                                   8 = SMOKE OR HAZE
[NO. OF DAYS WITH]      [WEATHER - DAYS WITH]      9 = BLOWING SNOW
                                                   X = TORNADO
MAX 32 OR BELOW:   0    0.01 INCH OR MORE:  10
MAX 90 OR ABOVE:   0    0.10 INCH OR MORE:   6
MIN 32 OR BELOW:   0    0.50 INCH OR MORE:   6
MIN  0 OR BELOW:   0    1.00 INCH OR MORE:   2

[HDD (BASE 65) ]
TOTAL THIS MO.    59    CLEAR  (SCALE 0-3)  13
DPTR FM NORMAL   -38    PTCLDY (SCALE 4-7)  10
TOTAL FM JUL 1  1860    CLOUDY (SCALE 8-10)  5
DPTR FM NORMAL  -531

[CDD (BASE 65) ]
TOTAL THIS MO.    56
DPTR FM NORMAL   -24    [PRESSURE DATA]
TOTAL FM JAN 1    69    HIGHEST SLP M ON M
DPTR FM NORMAL   -44    LOWEST  SLP M ON M

[REMARKS]
