000
CXUS55 KBOU 231204 RRB
CF6GXY

PRELIMINARY LOCAL CLIMATOLOGICAL DATA (WS FORM: F-6)

                                          STATION:   GREELEY  CO
                                          MONTH:     FEBRUARY
                                          YEAR:      2018
                                          LATITUDE:   40 25 N
                                          LONGITUDE: 104 38 W

  TEMPERATURE IN F:       :PCPN:    SNOW:  WIND      :SUNSHINE: SKY     :PK WND
================================================================================
1   2   3   4   5  6A  6B    7    8   9   10  11  12  13   14  15   16   17  18
                                     12Z  AVG MX 2MIN
DY MAX MIN AVG DEP HDD CDD  WTR  SNW DPTH SPD SPD DIR MIN PSBL S-S WX    SPD DR
================================================================================

 1  33   6  20   M  45   0    M    M    M  4.9  7  40   M    M   7 12      M  M
 2  36   3  20   M  45   0    M    M    M  3.3  8 310   M    M   3 128     M  M
 3  53  14  34   M  31   0    M    M    M  6.1 23 330   M    M   1 1      38 300
 4  32  12  22   M  43   0    M    M    M  5.7 20  60   M    M   6 1       M  M
 5  52  17  35   M  30   0    M    M    M 10.6 28 340   M    M   3        51 320
 6  47  22  35   M  30   0    M    M    M  4.9 13 350   M    M   6         M  M
 7  48  19  34   M  31   0    M    M    M  3.1  7 190   M    M   1 1       M  M
 8  61  21  41   M  24   0    M    M    M  6.0 20 240   M    M   0        31 240
 9  48   9  29   M  36   0    M    M    M 11.4 20  60   M    M   8 1      25  60
10  14  -7   4   M  61   0    M    M    M  5.6  9  60   M    M   3 12      M  M
11  32 -11  11   M  54   0    M    M    M  4.4  9  30   M    M   1 12      M  M
12  23  13  18   M  47   0    M    M    M  8.8 18  40   M    M   7         M  M
13  57   7  32   M  33   0    M    M    M  6.0 15 270   M    M   0        22 240
14  62  28  45   M  20   0 0.00  0.0    0 13.5 28 240   M    M   0        43 250
15  49  20  35   M  30   0 0.00  0.0    0 16.4 30 330   M    M   3        38 320
16  42  13  28   M  37   0 0.00  0.0    0  3.5  7 320   M    M   0         M  M
17  56  20  38   M  27   0 0.00  0.0    0 11.3 25 330   M    M   0        39 330
18   M   M   M   M   M   M    T    M    0 11.2 27  50   M    M   2        43  50
19  17   2  10   M  55   0    T    M    0 10.4 16  50   M    M  10 1       M  M
20  14 -18  -2   M  67   0 0.06    M    0  4.7 12  30   M    M   2         M  M
21  19 -15   2   M  63   0    T    M    0  5.6 12 310   M    M   0         M  M
22  29   1  15   M  50   0    T    M    0  4.7  8 300   M    M   3 1       M  M
================================================================================
SM  824  176       859   0  0.06     0.0 162.1          M       66
================================================================================
AV 39.2  8.4                               7.4 FASTST   M    M   3    MAX(MPH)
                                 MISC ---->  # 30 330               # 51  320
================================================================================
NOTES:
# LAST OF SEVERAL OCCURRENCES

COLUMN 17 PEAK WIND IN M.P.H.

PRELIMINARY LOCAL CLIMATOLOGICAL DATA (WS FORM: F-6) , PAGE 2

                                          STATION:  GREELEY  CO
                                          MONTH:    FEBRUARY
                                          YEAR:     2018
                                          LATITUDE:   40 25 N
                                          LONGITUDE: 104 38 W

[TEMPERATURE DATA]      [PRECIPITATION DATA]       SYMBOLS USED IN COLUMN 16

AVERAGE MONTHLY: 23.8   TOTAL FOR MONTH:   0.06    1 = FOG OR MIST
DPTR FM NORMAL:     M   DPTR FM NORMAL:       M    2 = FOG REDUCING VISIBILITY
HIGHEST:    62 ON 14    GRTST 24HR  0.06 ON 20-20      TO 1/4 MILE OR LESS
LOWEST:    -18 ON 20                               3 = THUNDER
                        SNOW, ICE PELLETS, HAIL    4 = ICE PELLETS
                        TOTAL MONTH:   0.0 INCH    5 = HAIL
                        GRTST 24HR     0.0         6 = FREEZING RAIN OR DRIZZLE
                        GRTST DEPTH:   0           7 = DUSTSTORM OR SANDSTORM:
                                                       VSBY 1/2 MILE OR LESS
                                                   8 = SMOKE OR HAZE
[NO. OF DAYS WITH]      [WEATHER - DAYS WITH]      9 = BLOWING SNOW
                                                   X = TORNADO
MAX 32 OR BELOW:   8    0.01 INCH OR MORE:   1
MAX 90 OR ABOVE:   0    0.10 INCH OR MORE:   0
MIN 32 OR BELOW:  21    0.50 INCH OR MORE:   0
MIN  0 OR BELOW:   4    1.00 INCH OR MORE:   0

[HDD (BASE 65) ]
TOTAL THIS MO.   859    CLEAR  (SCALE 0-3)  14
DPTR FM NORMAL     M    PTCLDY (SCALE 4-7)   7
TOTAL FM JUL 1  4422    CLOUDY (SCALE 8-10)  1
DPTR FM NORMAL     M

[CDD (BASE 65) ]
TOTAL THIS MO.     0
DPTR FM NORMAL     M    [PRESSURE DATA]
TOTAL FM JAN 1     0    HIGHEST SLP M ON M
DPTR FM NORMAL     M    LOWEST  SLP 29.23 ON 18

[REMARKS]
