000
CXUS55 KBOU 260800
CF6GXY
PRELIMINARY LOCAL CLIMATOLOGICAL DATA (WS FORM: F-6)

                                          STATION:   GREELEY  CO
                                          MONTH:     JULY
                                          YEAR:      2016
                                          LATITUDE:   40 25 N
                                          LONGITUDE: 104 38 W

  TEMPERATURE IN F:       :PCPN:    SNOW:  WIND      :SUNSHINE: SKY     :PK WND
================================================================================
1   2   3   4   5  6A  6B    7    8   9   10  11  12  13   14  15   16   17  18
                                     12Z  AVG MX 2MIN
DY MAX MIN AVG DEP HDD CDD  WTR  SNW DPTH SPD SPD DIR MIN PSBL S-S WX    SPD DR
================================================================================

 1  82  61  72   M   0   7    M    M    M  7.2 12 110   M    M   6 3      17 130
 2  82  61  72   M   0   7    M    M    M  2.9  8 120   M    M   1 3       M  M
 3  91  61  76   M   0  11    M    M    M  6.6 20 230   M    M   2        30 330
 4  95  55  75   M   0  10    M    M    M  4.9 15 350   M    M   0        20 270
 5  93  55  74   M   0   9    M    M    M  6.7 13  50   M    M   0 3       M  M
 6  99  55  77   M   0  12    M    M    M  6.7 23 210   M    M   0        30 250
 7  86  54  70   M   0   5    M    M    M  9.0 13 140   M    M   0        20  30
 8  90  64  77   M   0  12    M    M    M  8.4 15 130   M    M   0        20 130
 9 100  54  77   M   0  12    M    M    M  6.4 12 150   M    M   0        16 180
10 102  61  82   M   0  17    M    M    M  6.6 12 280   M    M   0        20 200
11  91  59  75   M   0  10    M    M    M  9.4 15 330   M    M   0        27 340
12  90  48  69   M   0   4    M    M    M  6.0 14 160   M    M   0        20 160
13  91  54  73   M   0   8    M    M    M  6.1 18  40   M    M   0         M  M
14  86  55  71   M   0   6    M    M    M  8.5 15 150   M    M   0        18 150
15  82  55  69   M   0   4    M    M    M 10.2 27  80   M    M   0        40  80
16  93  55  74   M   0   9    M    M    M  4.4 14  70   M    M   0         M  M
17  90  61  76   M   0  11    M    M    M  8.2 27  60   M    M   2 3      33  60
18  91  59  75   M   0  10    M    M    M  5.2 13 120   M    M   0 3       M  M
19  93  61  77   M   0  12    M    M    M  4.6 16 200   M    M   1        24 200
20  97  61  79   M   0  14    M    M    M  3.9 13 320   M    M   0         M  M
21  99  61  80   M   0  15    M    M    M  4.4 15 280   M    M   0        20 280
22 100  66  83   M   0  18    M    M    M  5.2 13 200   M    M   1 3       M  M
23 100  63  82   M   0  17    M    M    M  6.1 33 310   M    M   0        53 310
24  90  61  76   M   0  11    M    M    M  8.0 21 100   M    M   1 3      27 100
25  93  55  74   M   0   9    M    M    M  6.3 13 160   M    M   0        16 140
================================================================================
SM 2306 1455         0 260    M     M    161.9          M       14
================================================================================
AV 92.2 58.2                               6.5 FASTST   M    M   1    MAX(MPH)
                                 MISC ---->    33   M                 53    M
================================================================================
NOTES:
# LAST OF SEVERAL OCCURRENCES

COLUMN 17 PEAK WIND IN M.P.H.

PRELIMINARY LOCAL CLIMATOLOGICAL DATA (WS FORM: F-6) , PAGE 2

                                          STATION:  GREELEY  CO
                                          MONTH:    JULY
                                          YEAR:     2016
                                          LATITUDE:   40 25 N
                                          LONGITUDE: 104 38 W

[TEMPERATURE DATA]      [PRECIPITATION DATA]       SYMBOLS USED IN COLUMN 16

AVERAGE MONTHLY: 75.2   TOTAL FOR MONTH:      M    1 = FOG OR MIST
DPTR FM NORMAL:     M   DPTR FM NORMAL:       M    2 = FOG REDUCING VISIBILITY
HIGHEST:   102 ON 10    GRTST 24HR    M  ON   M        TO 1/4 MILE OR LESS
LOWEST:     48 ON 12                               3 = THUNDER
                        SNOW, ICE PELLETS, HAIL    4 = ICE PELLETS
                        TOTAL MONTH:    M          5 = HAIL
                        GRTST 24HR    M  ON   M    6 = FREEZING RAIN OR DRIZZLE
                        GRTST DEPTH:  M  ON   M    7 = DUSTSTORM OR SANDSTORM:
                                                       VSBY 1/2 MILE OR LESS
                                                   8 = SMOKE OR HAZE
[NO. OF DAYS WITH]      [WEATHER - DAYS WITH]      9 = BLOWING SNOW
                                                   X = TORNADO
MAX 32 OR BELOW:   0    0.01 INCH OR MORE:   0
MAX 90 OR ABOVE:  20    0.10 INCH OR MORE:   0
MIN 32 OR BELOW:   0    0.50 INCH OR MORE:   0
MIN  0 OR BELOW:   0    1.00 INCH OR MORE:   0

[HDD (BASE 65) ]
TOTAL THIS MO.     0    CLEAR  (SCALE 0-3)  24
DPTR FM NORMAL     M    PTCLDY (SCALE 4-7)   1
TOTAL FM JUL 1     0    CLOUDY (SCALE 8-10)  0
DPTR FM NORMAL     M

[CDD (BASE 65) ]
TOTAL THIS MO.   260
DPTR FM NORMAL     M    [PRESSURE DATA]
TOTAL FM JAN 1   483    HIGHEST SLP M ON M
DPTR FM NORMAL     M    LOWEST  SLP M ON M

[REMARKS]
