000
CXUS54 KEWX 270910
CF6GYB
PRELIMINARY LOCAL CLIMATOLOGICAL DATA (WS FORM: F-6)

                                          STATION:   Giddings-Lee County Airport
                                          MONTH:     AUGUST
                                          YEAR:      2015
                                          LATITUDE:   30 10 N
                                          LONGITUDE:  96 59 W

  TEMPERATURE IN F:       :PCPN:    SNOW:  WIND      :SUNSHINE: SKY     :PK WND
================================================================================
1   2   3   4   5  6A  6B    7    8   9   10  11  12  13   14  15   16   17  18
                                     12Z  AVG MX 2MIN
DY MAX MIN AVG DEP HDD CDD  WTR  SNW DPTH SPD SPD DIR MIN PSBL S-S WX    SPD DR
================================================================================

 1  97  69  83   M   0  18 0.00  0.0    0  3.5  9  30   M    M   0         M  M
 2  98  68  83   M   0  18 0.00  0.0    0  2.1  8  90   M    M   0         M  M
 3  97  69  83   M   0  18 0.00  0.0    0  3.0 10 130   M    M   1        17 130
 4  97  74  86   M   0  21 0.00  0.0    0  5.6 12 200   M    M   3 1       M  M
 5  99  77  88   M   0  23 0.00  0.0    0  7.3 12 170   M    M   3        18 180
 6  99  78  89   M   0  24 0.00  0.0    0  8.6 15 210   M    M   2        21 220
 7  99  77  88   M   0  23 0.00  0.0    0  9.0 14 220   M    M   2        20 220
 8 100  76  88   M   0  23 0.00    M    M  7.4 13 190   M    M   3 1      22 170
 9 100  74  87   M   0  22 0.00    M    M  5.4 10 180   M    M   1 1       M  M
10 103  76  90   M   0  25 0.00    M    M  4.5  9 100   M    M   2         M  M
11 104  72  88   M   0  23 0.19  0.0    0  3.0  7  40   M    M   1         M  M
12 101  74  88   M   0  23 0.00  0.0    0  1.1  6 360   M    M   1         M  M
13 101  77  89   M   0  24 0.00    M    0  4.4 12  70   M    M   1         9  50
14  99  77  88   M   0  23 0.00  0.0    0  3.3  8  90   M    M   3 1       M  M
15  99  76  88   M   0  23 0.00  0.0    0  2.6 12  60   M    M   3        17  60
16  98  71  85   M   0  20    T  0.0    0  2.2  9  90   M    M   2 3       M  M
17  95  69  82   M   0  17 0.00  0.0    0  2.3  8 170   M    M   2         M  M
18  97  74  86   M   0  21 0.00  0.0    0  8.0 15 220   M    M   3        21 190
19  96  77  87   M   0  22 0.00  0.0    0  6.5 14 190   M    M   3        20 130
20  81  71  76   M   0  11 1.24  0.0    0  3.4 10 120   M    M   4 1      16 120
21  89  72  81   M   0  16 0.12  0.0    0  4.3 10 150   M    M   5        16 150
22  96  75  86   M   0  21 0.00    M    M  5.9 12 180   M    M   5        18 210
23  97  77  87   M   0  22 0.00    M    M  5.4  9 140   M    M   5 1       M  M
24  98  76  87   M   0  22 0.00  0.0    0  2.3  6 150   M    M   1 1       M  M
25  96  73  85   M   0  20 0.00  0.0    0  3.4 22  80   M    M   0        28  80
26  93  70  82   M   0  17 0.00  0.0    0  2.8  8 100   M    M   2 1       M  M
================================================================================
SM 2529 1919         0 540  1.55     0.0 117.3          M       58
================================================================================
AV 97.3 73.8                               4.5 FASTST   M    M   2    MAX(MPH)
                                 MISC ---->    22   M               # 28   80
================================================================================
NOTES:
# LAST OF SEVERAL OCCURRENCES

COLUMN 17 PEAK WIND IN M.P.H.

PRELIMINARY LOCAL CLIMATOLOGICAL DATA (WS FORM: F-6) , PAGE 2

                                          STATION:  Giddings-Lee County Airport
                                          MONTH:    AUGUST
                                          YEAR:     2015
                                          LATITUDE:   30 10 N
                                          LONGITUDE:  96 59 W

[TEMPERATURE DATA]      [PRECIPITATION DATA]       SYMBOLS USED IN COLUMN 16

AVERAGE MONTHLY: 85.5   TOTAL FOR MONTH:   1.55    1 = FOG OR MIST
DPTR FM NORMAL:     M   DPTR FM NORMAL:       M    2 = FOG REDUCING VISIBILITY
HIGHEST:   104 ON 11    GRTST 24HR  1.24 ON 20-20      TO 1/4 MILE OR LESS
LOWEST:     68 ON  2                               3 = THUNDER
                        SNOW, ICE PELLETS, HAIL    4 = ICE PELLETS
                        TOTAL MONTH:   0.0 INCH    5 = HAIL
                        GRTST 24HR     0.0         6 = FREEZING RAIN OR DRIZZLE
                        GRTST DEPTH:   0           7 = DUSTSTORM OR SANDSTORM:
                                                       VSBY 1/2 MILE OR LESS
                                                   8 = SMOKE OR HAZE
[NO. OF DAYS WITH]      [WEATHER - DAYS WITH]      9 = BLOWING SNOW
                                                   X = TORNADO
MAX 32 OR BELOW:   0    0.01 INCH OR MORE:   3
MAX 90 OR ABOVE:  24    0.10 INCH OR MORE:   3
MIN 32 OR BELOW:   0    0.50 INCH OR MORE:   1
MIN  0 OR BELOW:   0    1.00 INCH OR MORE:   1

[HDD (BASE 65) ]
TOTAL THIS MO.     0    CLEAR  (SCALE 0-3)  20
DPTR FM NORMAL     M    PTCLDY (SCALE 4-7)   6
TOTAL FM JUL 1     0    CLOUDY (SCALE 8-10)  0
DPTR FM NORMAL     M

[CDD (BASE 65) ]
TOTAL THIS MO.   540
DPTR FM NORMAL     M    [PRESSURE DATA]
TOTAL FM JAN 1  2118    HIGHEST SLP M ON M
DPTR FM NORMAL     M    LOWEST  SLP M ON M

[REMARKS]
