000
CXUS54 KEWX 250910
CF6GYB
PRELIMINARY LOCAL CLIMATOLOGICAL DATA (WS FORM: F-6)

                                          STATION:   Giddings-Lee County Airport
                                          MONTH:     MAY
                                          YEAR:      2015
                                          LATITUDE:   30 10 N
                                          LONGITUDE:  96 59 W

  TEMPERATURE IN F:       :PCPN:    SNOW:  WIND      :SUNSHINE: SKY     :PK WND
================================================================================
1   2   3   4   5  6A  6B    7    8   9   10  11  12  13   14  15   16   17  18
                                     12Z  AVG MX 2MIN
DY MAX MIN AVG DEP HDD CDD  WTR  SNW DPTH SPD SPD DIR MIN PSBL S-S WX    SPD DR
================================================================================

 1  81  53  67   M   0   2 0.00    M    0  1.6  6 270   M    M   1         M  M
 2  80  54  67   M   0   2 0.00  0.0    0  3.0  8 170   M    M   2 1       M  M
 3  83  54  69   M   0   4 0.00  0.0    0  4.6 10 180   M    M   2        17 180
 4  82  64  73   M   0   8 0.00  0.0    0  7.0 12 140   M    M   4 1      16 170
 5  84  65  75   M   0  10 0.15  0.0    0  8.6 14 140   M    M   7        23 160
 6  86  71  79   M   0  14 0.06  0.0    0  8.3 16 170   M    M   7        27 170
 7  82  73  78   M   0  13 0.00    M    0  7.8 13 150   M    M   8        22 150
 8  84  73  79   M   0  14 0.01  0.0    0  7.7 12 140   M    M   7 18     24 140
 9  87  73  80   M   0  15 0.00  0.0    0  9.2 18 170   M    M   5 18     29 170
10  86  75  81   M   0  16 0.00    M    0 11.1 20 190   M    M   6 18     28 170
11  77  65  71   M   0   6 3.48  0.0    0  5.8 14 340   M    M   7 1      29 340
12  71  66  69   M   0   4 0.17  0.0    0  6.2  9  70   M    M  10         M  M
13  73  66  70   M   0   5 0.42  0.0    0  5.3 15 210   M    M   7        23 210
14  83  71  77   M   0  12 0.01    M    0  5.7  9 140   M    M   7 1      18 140
15  76  68  72   M   0   7 1.13  0.0    0  5.3 21 130   M    M   8        33 130
16  86  67  77   M   0  12 0.00    M    M  8.8 16 180   M    M   6 1      25 180
17  80  68  74   M   0   9 0.68  0.0    0  5.4 14 170   M    M   7        20 160
18  87  70  79   M   0  14 0.43  0.0    0  4.7  8 150   M    M   5        20 140
19  86  71  79   M   0  14 0.78  0.0    0  6.3 12 170   M    M   6 1      18 150
20  88  73  81   M   0  16 0.00  0.0    0  3.9 10 190   M    M   6 1       M  M
21  75  62  69   M   0   4 0.00  0.0    0  6.6 13  20   M    M   8 1      20  20
22  78  64  71   M   0   6 0.00  0.0    0  6.3 10 130   M    M  10 18      M  M
23  86  65  76   M   0  11 0.64  0.0    0  6.8 13 150   M    M   6 1      21 150
24  81  64  73   M   0   8 1.65  0.0    0  7.3 14 170   M    M   6        23 180
================================================================================
SM 1962 1595         0 226  9.61     0.0 153.3          M      148
================================================================================
AV 81.8 66.5                               6.4 FASTST   M    M   6    MAX(MPH)
                                 MISC ---->    21   M                 33    M
================================================================================
NOTES:
# LAST OF SEVERAL OCCURRENCES

COLUMN 17 PEAK WIND IN M.P.H.

PRELIMINARY LOCAL CLIMATOLOGICAL DATA (WS FORM: F-6) , PAGE 2

                                          STATION:  Giddings-Lee County Airport
                                          MONTH:    MAY
                                          YEAR:     2015
                                          LATITUDE:   30 10 N
                                          LONGITUDE:  96 59 W

[TEMPERATURE DATA]      [PRECIPITATION DATA]       SYMBOLS USED IN COLUMN 16

AVERAGE MONTHLY: 74.1   TOTAL FOR MONTH:   9.61    1 = FOG OR MIST
DPTR FM NORMAL:     M   DPTR FM NORMAL:       M    2 = FOG REDUCING VISIBILITY
HIGHEST:    88 ON 20    GRTST 24HR  3.48 ON 11-11      TO 1/4 MILE OR LESS
LOWEST:     53 ON  1                               3 = THUNDER
                        SNOW, ICE PELLETS, HAIL    4 = ICE PELLETS
                        TOTAL MONTH:   0.0 INCH    5 = HAIL
                        GRTST 24HR     0.0         6 = FREEZING RAIN OR DRIZZLE
                        GRTST DEPTH:   0           7 = DUSTSTORM OR SANDSTORM:
                                                       VSBY 1/2 MILE OR LESS
                                                   8 = SMOKE OR HAZE
[NO. OF DAYS WITH]      [WEATHER - DAYS WITH]      9 = BLOWING SNOW
                                                   X = TORNADO
MAX 32 OR BELOW:   0    0.01 INCH OR MORE:  13
MAX 90 OR ABOVE:   0    0.10 INCH OR MORE:  10
MIN 32 OR BELOW:   0    0.50 INCH OR MORE:   6
MIN  0 OR BELOW:   0    1.00 INCH OR MORE:   3

[HDD (BASE 65) ]
TOTAL THIS MO.     0    CLEAR  (SCALE 0-3)   3
DPTR FM NORMAL     M    PTCLDY (SCALE 4-7)  19
TOTAL FM JUL 1  1850    CLOUDY (SCALE 8-10)  2
DPTR FM NORMAL     M

[CDD (BASE 65) ]
TOTAL THIS MO.   226
DPTR FM NORMAL     M    [PRESSURE DATA]
TOTAL FM JAN 1   438    HIGHEST SLP M ON M
DPTR FM NORMAL     M    LOWEST  SLP M ON M

[REMARKS]
