000
CXUS54 KEWX 240910
CF6GYB
PRELIMINARY LOCAL CLIMATOLOGICAL DATA (WS FORM: F-6)

                                          STATION:   Giddings-Lee County Airport
                                          MONTH:     DECEMBER
                                          YEAR:      2014
                                          LATITUDE:   30 10 N
                                          LONGITUDE:  96 59 W

  TEMPERATURE IN F:       :PCPN:    SNOW:  WIND      :SUNSHINE: SKY     :PK WND
================================================================================
1   2   3   4   5  6A  6B    7    8   9   10  11  12  13   14  15   16   17  18
                                     12Z  AVG MX 2MIN
DY MAX MIN AVG DEP HDD CDD  WTR  SNW DPTH SPD SPD DIR MIN PSBL S-S WX    SPD DR
================================================================================

 1  64  42  53   M  12   0 0.00    M    M  7.7 15 350   M    M   9 12     23  10
 2  50  38  44   M  21   0 0.00    M    M  4.8 12 360   M    M  10 1      18  10
 3  68  48  58   M   7   0 0.00    M    M  3.0  7 170   M    M  10 12      M  M
 4  74  56  65   M   0   0 0.00    M    M  3.7  8 130   M    M   9 1       M  M
 5  79  60  70   M   0   5 0.00    M    M  4.7 14 240   M    M   7 1      20 240
 6  68  51  60   M   5   0 0.00    M    M  6.0 13 360   M    M   3 1      18 350
 7  58  52  55   M  10   0 0.00    M    M  4.0  8  10   M    M  10         M  M
 8  63  45  54   M  11   0 0.00    M    M  3.2  9 320   M    M   3 1       M  M
 9  68  43  56   M   9   0 0.00    M    M  1.6  8  80   M    M   0 18      M  M
10  65  41  53   M  12   0 0.00    M    M  2.3  7 130   M    M   6 1       M  M
11  67  56  62   M   3   0 0.10    M    M  4.2 10 150   M    M  10 1       M  M
12  71  58  65   M   0   0 0.01    M    M  4.9 10 190   M    M   8         M  M
13  74  49  62   M   3   0 0.00    M    M  3.4  8 150   M    M   4 1       M  M
14  74  60  67   M   0   2    M    M    M  8.6 13 190   M    M  10        24 190
15  74  53  64   M   1   0 0.00    M    M  6.3 12 190   M    M   4        21 190
16  60  45  53   M  12   0 0.00    M    M  6.5 13  10   M    M   2        18  10
17  60  47  54   M  11   0 0.00    M    M  5.3 10 120   M    M  10         M  M
18  58  48  53   M  12   0 0.01    M    M  4.7 10  20   M    M  10 12      M  M
19  60  48  54   M  11   0 1.24    M    M  9.8 14  70   M    M  10 1      24 360
20  54  48  51   M  14   0 0.00    M    M  4.9  9  30   M    M  10 1       M  M
21  56  49  53   M  12   0 0.00    M    M  2.7  8 190   M    M  10         M  M
22  68  55  62   M   3   0 0.00    M    M  7.3 15 220   M    M   4 1      22 220
23  57  42  50   M  15   0 0.00  0.0    0  9.8 22  10   M    M   5        35  10
================================================================================
SM 1490 1134       184   7  1.36     0.0 119.4          M      164
================================================================================
AV 64.8 49.3                               5.2 FASTST   M    M   7    MAX(MPH)
                                 MISC ---->    22   M               # 35   10
================================================================================
NOTES:
# LAST OF SEVERAL OCCURRENCES

COLUMN 17 PEAK WIND IN M.P.H.

PRELIMINARY LOCAL CLIMATOLOGICAL DATA (WS FORM: F-6) , PAGE 2

                                          STATION:  Giddings-Lee County Airport
                                          MONTH:    DECEMBER
                                          YEAR:     2014
                                          LATITUDE:   30 10 N
                                          LONGITUDE:  96 59 W

[TEMPERATURE DATA]      [PRECIPITATION DATA]       SYMBOLS USED IN COLUMN 16

AVERAGE MONTHLY: 57.0   TOTAL FOR MONTH:   1.36    1 = FOG OR MIST
DPTR FM NORMAL:     M   DPTR FM NORMAL:       M    2 = FOG REDUCING VISIBILITY
HIGHEST:    79 ON  5    GRTST 24HR  1.24 ON 19-19      TO 1/4 MILE OR LESS
LOWEST:     38 ON  2                               3 = THUNDER
                        SNOW, ICE PELLETS, HAIL    4 = ICE PELLETS
                        TOTAL MONTH:   0.0 INCH    5 = HAIL
                        GRTST 24HR     0.0         6 = FREEZING RAIN OR DRIZZLE
                        GRTST DEPTH:   0           7 = DUSTSTORM OR SANDSTORM:
                                                       VSBY 1/2 MILE OR LESS
                                                   8 = SMOKE OR HAZE
[NO. OF DAYS WITH]      [WEATHER - DAYS WITH]      9 = BLOWING SNOW
                                                   X = TORNADO
MAX 32 OR BELOW:   0    0.01 INCH OR MORE:   4
MAX 90 OR ABOVE:   0    0.10 INCH OR MORE:   2
MIN 32 OR BELOW:   0    0.50 INCH OR MORE:   1
MIN  0 OR BELOW:   0    1.00 INCH OR MORE:   1

[HDD (BASE 65) ]
TOTAL THIS MO.   184    CLEAR  (SCALE 0-3)   2
DPTR FM NORMAL     M    PTCLDY (SCALE 4-7)   9
TOTAL FM JUL 1   498    CLOUDY (SCALE 8-10) 12
DPTR FM NORMAL     M

[CDD (BASE 65) ]
TOTAL THIS MO.     7
DPTR FM NORMAL     M    [PRESSURE DATA]
TOTAL FM JAN 1  2825    HIGHEST SLP M ON M
DPTR FM NORMAL     M    LOWEST  SLP M ON M

[REMARKS]
