000
CXUS51 KGYX 231000
CF6GYX
PRELIMINARY LOCAL CLIMATOLOGICAL DATA (WS FORM: F-6)

                                          STATION:   GRAY ME
                                          MONTH:     APRIL
                                          YEAR:      2014
                                          LATITUDE:   43 53 N
                                          LONGITUDE:  70 15 W

  TEMPERATURE IN F:       :PCPN:    SNOW:  WIND      :SUNSHINE: SKY     :PK WND
================================================================================
1   2   3   4   5  6A  6B    7    8   9   10  11  12  13   14  15   16   17  18
                                     12Z  AVG MX 2MIN
DY MAX MIN AVG DEP HDD CDD  WTR  SNW DPTH SPD SPD DIR MIN PSBL S-S WX    SPD DR
================================================================================

 1  48  32  40   2  25   0 0.00  0.0    7   M   M   M   M    M   M         M  M
 2  43  29  36  -3  29   0 0.00  0.0    7   M   M   M   M    M   M         M  M
 3  47  27  37  -2  28   0 0.00  0.0    7   M   M   M   M    M   M         M  M
 4  44  27  36  -3  29   0 0.40    T    7   M   M   M   M    M   M         M  M
 5  45  33  39  -1  26   0 0.25    T    7   M   M   M   M    M   M         M  M
 6  47  32  40   0  25   0 0.00  0.0    5   M   M   M   M    M   M         M  M
 7  51  33  42   1  23   0 0.11  0.0    3   M   M   M   M    M   M         M  M
 8  50  35  43   2  22   0 0.86  0.0    T   M   M   M   M    M   M         M  M
 9  48  32  40  -2  25   0 0.00  0.0    T   M   M   M   M    M   M         M  M
10  55  30  43   1  22   0 0.00  0.0    T   M   M   M   M    M   M         M  M
11  67  41  54  12  11   0 0.02  0.0    0   M   M   M   M    M   M         M  M
12  64  44  54  11  11   0 0.00  0.0    0   M   M   M   M    M   M         M  M
13  48  37  43   0  22   0 0.18  0.0    0   M   M   M   M    M   M         M  M
14  69  34  52   8  13   0 0.00  0.0    0   M   M   M   M    M   M         M  M
15  59  36  48   4  17   0 0.32  0.0    0   M   M   M   M    M   M         M  M
16  37  24  31 -13  34   0 0.26  1.1    1   M   M   M   M    M   M 4       M  M
17  43  22  33 -12  32   0 0.00  0.0    0   M   M   M   M    M   M         M  M
18  45  24  35 -10  30   0 0.00  0.0    0   M   M   M   M    M   M         M  M
19  55  28  42  -4  23   0 0.00  0.0    0   M   M   M   M    M   M         M  M
20  54  32  43  -3  22   0 0.00  0.0    0   M   M   M   M    M   M         M  M
21   M   M   M   M   M   M    M    M    M   M   M   M   M    M   M         M  M
22  63  39  51   4  14   0 0.16  0.0    0   M   M   M   M    M   M         M  M
================================================================================
SM 1082  671       483   0  2.56     1.1     M          M        M
================================================================================
AV 51.5 32.0                                 M FASTST   M    M   5    MAX(MPH)
                                 MISC ---->     M   M                  M    M
================================================================================
NOTES:
# LAST OF SEVERAL OCCURRENCES

COLUMN 17 PEAK WIND IN M.P.H.

PRELIMINARY LOCAL CLIMATOLOGICAL DATA (WS FORM: F-6) , PAGE 2

                                          STATION:  GRAY ME
                                          MONTH:    APRIL
                                          YEAR:     2014
                                          LATITUDE:   43 53 N
                                          LONGITUDE:  70 15 W

[TEMPERATURE DATA]      [PRECIPITATION DATA]       SYMBOLS USED IN COLUMN 16

AVERAGE MONTHLY: 41.7   TOTAL FOR MONTH:   2.56    1 = FOG OR MIST
DPTR FM NORMAL:  -0.9   DPTR FM NORMAL:   -0.66    2 = FOG REDUCING VISIBILITY
HIGHEST:    69 ON 14    GRTST 24HR  0.86 ON  8- 8      TO 1/4 MILE OR LESS
LOWEST:     22 ON 17                               3 = THUNDER
                        SNOW, ICE PELLETS, HAIL    4 = ICE PELLETS
                        TOTAL MONTH:   1.1 INCHES  5 = HAIL
                        GRTST 24HR   1.1 ON   M    6 = FREEZING RAIN OR DRIZZLE
                        GRTST DEPTH:   7 ON  5, 4  7 = DUSTSTORM OR SANDSTORM:
                                                       VSBY 1/2 MILE OR LESS
                                                   8 = SMOKE OR HAZE
[NO. OF DAYS WITH]      [WEATHER - DAYS WITH]      9 = BLOWING SNOW
                                                   X = TORNADO
MAX 32 OR BELOW:   0    0.01 INCH OR MORE:   9
MAX 90 OR ABOVE:   0    0.10 INCH OR MORE:   8
MIN 32 OR BELOW:  12    0.50 INCH OR MORE:   1
MIN  0 OR BELOW:   0    1.00 INCH OR MORE:   0

[HDD (BASE 65) ]
TOTAL THIS MO.   483    CLEAR  (SCALE 0-3)   0
DPTR FM NORMAL    -9    PTCLDY (SCALE 4-7)   0
TOTAL FM JUL 1  7119    CLOUDY (SCALE 8-10)  0
DPTR FM NORMAL   476

[CDD (BASE 65) ]
TOTAL THIS MO.     0
DPTR FM NORMAL     0    [PRESSURE DATA]
TOTAL FM JAN 1     0    HIGHEST SLP M ON M
DPTR FM NORMAL     0    LOWEST  SLP M ON M

[REMARKS]
