043
CXUS51 KGYX 280900
CF6GYX
PRELIMINARY LOCAL CLIMATOLOGICAL DATA (WS FORM: F-6)

                                          STATION:   GRAY ME
                                          MONTH:     JULY
                                          YEAR:      2016
                                          LATITUDE:   43 53 N
                                          LONGITUDE:  70 15 W

  TEMPERATURE IN F:       :PCPN:    SNOW:  WIND      :SUNSHINE: SKY     :PK WND
================================================================================
1   2   3   4   5  6A  6B    7    8   9   10  11  12  13   14  15   16   17  18
                                     12Z  AVG MX 2MIN
DY MAX MIN AVG DEP HDD CDD  WTR  SNW DPTH SPD SPD DIR MIN PSBL S-S WX    SPD DR
================================================================================

 1  81  60  71   3   0   6 1.42  0.0    0   M   M   M   M    M   M         M  M
 2  77  56  67  -1   0   2 0.01  0.0    0   M   M   M   M    M   M         M  M
 3  82  54  68   0   0   3 0.00  0.0    0   M   M   M   M    M   M         M  M
 4  86  60  73   4   0   8 0.00  0.0    0   M   M   M   M    M   M         M  M
 5  82  63  73   4   0   8 0.00  0.0    0   M   M   M   M    M   M         M  M
 6  89  63  76   7   0  11 0.00  0.0    0   M   M   M   M    M   M         M  M
 7  68  60  64  -5   1   0 0.01  0.0    0   M   M   M   M    M   M         M  M
 8  66  58  62  -7   3   0 0.02  0.0    0   M   M   M   M    M   M         M  M
 9  59  54  57 -12   8   0 0.16  0.0    0   M   M   M   M    M   M         M  M
10  63  54  59 -10   6   0 0.24  0.0    0   M   M   M   M    M   M         M  M
11  80  58  69   0   0   4 0.00  0.0    0   M   M   M   M    M   M         M  M
12  87  62  75   6   0  10 0.00  0.0    0   M   M   M   M    M   M         M  M
13  85  64  75   5   0  10 0.00  0.0    0   M   M   M   M    M   M         M  M
14  82  67  75   5   0  10 0.30  0.0    0   M   M   M   M    M   M         M  M
15  90  68  79   9   0  14 0.02  0.0    0   M   M   M   M    M   M         M  M
16  87  69  78   8   0  13 0.00  0.0    0   M   M   M   M    M   M         M  M
17  80  63  72   2   0   7 0.44  0.0    0   M   M   M   M    M   M         M  M
18  84  62  73   3   0   8 0.03  0.0    0   M   M   M   M    M   M         M  M
19  76  60  68  -2   0   3 0.00  0.0    M   M   M   M   M    M   M         M  M
20  79  57  68  -2   0   3 0.00  0.0    M   M   M   M   M    M   M         M  M
21  84  61  73   3   0   8 0.00  0.0    0   M   M   M   M    M   M         M  M
22  93  63  78   8   0  13 0.49  0.0    0   M   M   M   M    M   M         M  M
23  86  64  75   5   0  10 0.49  0.0    0   M   M   M   M    M   M         M  M
24  85  64  75   5   0  10 0.00  0.0    0   M   M   M   M    M   M         M  M
25  82  63  73   3   0   8 0.84  0.0    0   M   M   M   M    M   M         M  M
26  88  64  76   6   0  11 0.00  0.0    0   M   M   M   M    M   M         M  M
27  88  68  78   8   0  13 0.00  0.0    0   M   M   M   M    M   M         M  M
================================================================================
SM 2189 1659        18 193  4.47     0.0     M          M        M
================================================================================
AV 81.1 61.4                                 M FASTST   M    M   5    MAX(MPH)
                                 MISC ---->     M   M                  M    M
================================================================================
NOTES:
# LAST OF SEVERAL OCCURRENCES

COLUMN 17 PEAK WIND IN M.P.H.

PRELIMINARY LOCAL CLIMATOLOGICAL DATA (WS FORM: F-6) , PAGE 2

                                          STATION:  GRAY ME
                                          MONTH:    JULY
                                          YEAR:     2016
                                          LATITUDE:   43 53 N
                                          LONGITUDE:  70 15 W

[TEMPERATURE DATA]      [PRECIPITATION DATA]       SYMBOLS USED IN COLUMN 16

AVERAGE MONTHLY: 71.3   TOTAL FOR MONTH:   4.47    1 = FOG OR MIST
DPTR FM NORMAL:   1.8   DPTR FM NORMAL:    0.67    2 = FOG REDUCING VISIBILITY
HIGHEST:    93 ON 22    GRTST 24HR  1.42 ON  1- 1      TO 1/4 MILE OR LESS
LOWEST:     54 ON 10, 9                            3 = THUNDER
                        SNOW, ICE PELLETS, HAIL    4 = ICE PELLETS
                        TOTAL MONTH:   0.0 INCH    5 = HAIL
                        GRTST 24HR     0.0         6 = FREEZING RAIN OR DRIZZLE
                        GRTST DEPTH:   0           7 = DUSTSTORM OR SANDSTORM:
                                                       VSBY 1/2 MILE OR LESS
                                                   8 = SMOKE OR HAZE
[NO. OF DAYS WITH]      [WEATHER - DAYS WITH]      9 = BLOWING SNOW
                                                   X = TORNADO
MAX 32 OR BELOW:   0    0.01 INCH OR MORE:  13
MAX 90 OR ABOVE:   2    0.10 INCH OR MORE:   8
MIN 32 OR BELOW:   0    0.50 INCH OR MORE:   2
MIN  0 OR BELOW:   0    1.00 INCH OR MORE:   1

[HDD (BASE 65) ]
TOTAL THIS MO.    18    CLEAR  (SCALE 0-3)   0
DPTR FM NORMAL    11    PTCLDY (SCALE 4-7)   0
TOTAL FM JUL 1    18    CLOUDY (SCALE 8-10)  0
DPTR FM NORMAL    11

[CDD (BASE 65) ]
TOTAL THIS MO.   193
DPTR FM NORMAL    65    [PRESSURE DATA]
TOTAL FM JAN 1   267    HIGHEST SLP M ON M
DPTR FM NORMAL    63    LOWEST  SLP M ON M

[REMARKS]
