000
CXUS54 KJAN 211200
CF6HBG
PRELIMINARY LOCAL CLIMATOLOGICAL DATA (WS FORM: F-6)

                                          STATION:   HATTIESBURG
                                          MONTH:     FEBRUARY
                                          YEAR:      2018
                                          LATITUDE:   31 16 N
                                          LONGITUDE:  89 15 W

  TEMPERATURE IN F:       :PCPN:    SNOW:  WIND      :SUNSHINE: SKY     :PK WND
================================================================================
1   2   3   4   5  6A  6B    7    8   9   10  11  12  13   14  15   16   17  18
                                     12Z  AVG MX 2MIN
DY MAX MIN AVG DEP HDD CDD  WTR  SNW DPTH SPD SPD DIR MIN PSBL S-S WX    SPD DR
================================================================================

 1  70  43  57   8   8   0 0.02  0.0    0  4.9 15 320   M    M  10 12     19 190
 2  60  35  48  -1  17   0 0.11  0.0    0 10.0 22  20   M    M   4 1      28  20
 3  55  29  42  -7  23   0 0.18  0.0    0  5.7 16 140   M    M   5 1      21 140
 4  66  44  55   6  10   0 0.24  0.0    0  8.2 22 340   M    M   6 13     29 340
 5  64  36  50   0  15   0 0.00  0.0    0  2.8 10  50   M    M   4 1      14  30
 6  73  48  61  11   4   0 0.03  0.0    0  6.3 20 160   M    M   7 1      23 150
 7  71  44  58   8   7   0 1.29  0.0    0  8.8 17 320   M    M  10 13     25 220
 8  65  37  51   1  14   0 0.00  0.0    0  5.6 14 360   M    M   1        17  60
 9  69  39  54   4  11   0 0.00  0.0    0  3.7 13 140   M    M   8        16 150
10  72  62  67  16   0   2 0.61  0.0    0  6.2 13 160   M    M   9 1      17 160
11  73  51  62  11   3   0 0.37  0.0    0  5.1 16 330   M    M  10 13     22 320
12  51  42  47  -4  18   0 0.01  0.0    0  8.5 14 330   M    M  10 1      18 340
13  73  43  58   7   7   0 0.00  0.0    0  2.8  9  90   M    M   6 1      14  80
14  73  54  64  13   1   0    T  0.0    0  5.8 13 160   M    M   9 1      16 160
15  82  65  74  22   0   9    T  0.0    0  7.6 17 200   M    M   6        26 190
16  79  60  70  18   0   5 0.00  0.0    0  5.3 16 250   M    M   9        23 270
17  80  59  70  18   0   5 0.00  0.0    0  5.7 17 230   M    M   8 1      26 220
18  77  57  67  14   0   2    T  0.0    0  4.7 10 150   M    M   5        13 160
19  82  63  73  20   0   8    T  0.0    0 10.3 22 160   M    M   7        29 150
20  83  61  72  19   0   7 0.08  0.0    0  8.1 24 170   M    M   7 1      30 170
================================================================================
SM 1418  972       138  38  2.94     0.0 126.1          M      141
================================================================================
AV 70.9 48.6                               6.3 FASTST   M    M   7    MAX(MPH)
                                 MISC ---->  # 24 170               # 30  170
================================================================================
NOTES:
# LAST OF SEVERAL OCCURRENCES

COLUMN 17 PEAK WIND IN M.P.H.

PRELIMINARY LOCAL CLIMATOLOGICAL DATA (WS FORM: F-6) , PAGE 2

                                          STATION:  HATTIESBURG
                                          MONTH:    FEBRUARY
                                          YEAR:     2018
                                          LATITUDE:   31 16 N
                                          LONGITUDE:  89 15 W

[TEMPERATURE DATA]      [PRECIPITATION DATA]       SYMBOLS USED IN COLUMN 16

AVERAGE MONTHLY: 59.8   TOTAL FOR MONTH:   2.94    1 = FOG OR MIST
DPTR FM NORMAL:   9.0   DPTR FM NORMAL:   -0.88    2 = FOG REDUCING VISIBILITY
HIGHEST:    83 ON 20    GRTST 24HR  1.29 ON  7- 7      TO 1/4 MILE OR LESS
LOWEST:     29 ON  3                               3 = THUNDER
                        SNOW, ICE PELLETS, HAIL    4 = ICE PELLETS
                        TOTAL MONTH:   0.0 INCH    5 = HAIL
                        GRTST 24HR     0.0         6 = FREEZING RAIN OR DRIZZLE
                        GRTST DEPTH:   0           7 = DUSTSTORM OR SANDSTORM:
                                                       VSBY 1/2 MILE OR LESS
                                                   8 = SMOKE OR HAZE
[NO. OF DAYS WITH]      [WEATHER - DAYS WITH]      9 = BLOWING SNOW
                                                   X = TORNADO
MAX 32 OR BELOW:   0    0.01 INCH OR MORE:  10
MAX 90 OR ABOVE:   0    0.10 INCH OR MORE:   6
MIN 32 OR BELOW:   1    0.50 INCH OR MORE:   2
MIN  0 OR BELOW:   0    1.00 INCH OR MORE:   1

[HDD (BASE 65) ]
TOTAL THIS MO.   138    CLEAR  (SCALE 0-3)   1
DPTR FM NORMAL  -152    PTCLDY (SCALE 4-7)  12
TOTAL FM JUL 1  1571    CLOUDY (SCALE 8-10)  7
DPTR FM NORMAL   -18

[CDD (BASE 65) ]
TOTAL THIS MO.    38
DPTR FM NORMAL    38    [PRESSURE DATA]
TOTAL FM JAN 1    38    HIGHEST SLP M ON M
DPTR FM NORMAL    32    LOWEST  SLP 29.81 ON  4

[REMARKS]
