000
CXUS54 KOUN 310800
CF6HBR
PRELIMINARY LOCAL CLIMATOLOGICAL DATA (WS FORM: F-6)

                                          STATION:   HOBART
                                          MONTH:     AUGUST
                                          YEAR:      2014
                                          LATITUDE:   35  0 N
                                          LONGITUDE:  99  3 W

  TEMPERATURE IN F:       :PCPN:    SNOW:  WIND      :SUNSHINE: SKY     :PK WND
================================================================================
1   2   3   4   5  6A  6B    7    8   9   10  11  12  13   14  15   16   17  18
                                     12Z  AVG MX 2MIN
DY MAX MIN AVG DEP HDD CDD  WTR  SNW DPTH SPD SPD DIR MIN PSBL S-S WX    SPD DR
================================================================================

 1  87  61  74 -10   0   9 0.00  0.0    0  4.9 12 190   M    M   0 1      13 190
 2  90  64  77  -7   0  12 0.00  0.0    0  6.7 13 140   M    M   2 18     16 150
 3  91  66  79  -5   0  14 0.00  0.0    0  5.3 12 150   M    M   0        15 130
 4  91  65  78  -6   0  13 0.00  0.0    0  7.9 15 240   M    M   0 18     21 170
 5  95  65  80  -4   0  15 0.00  0.0    0 10.6 18 210   M    M   0 8      22 210
 6 100  74  87   3   0  22    T  0.0    0 15.0 22 180   M    M   2        27 220
 7 102  72  87   3   0  22 0.00  0.0    0 10.5 18 200   M    M   0        24 180
 8  96  72  84   1   0  19 0.00  0.0    0 11.5 24  80   M    M   1        28  80
 9  96  73  85   2   0  20    T  0.0    0  7.8 20 170   M    M   1        24 170
10  96  71  84   1   0  19 0.00  0.0    0  8.0 20  30   M    M   1        25  30
11  95  68  82  -1   0  17 0.01  0.0    0  8.1 23 350   M    M   2        34  20
12  94  60  77  -6   0  12 0.00  0.0    0  6.4 15  90   M    M   0        17  90
13  97  64  81  -2   0  16 0.00  0.0    0  9.9 17 170   M    M   1        23 160
14  99  69  84   1   0  19 0.00  0.0    0 13.5 20 170   M    M   1 8      25 170
15 102  70  86   3   0  21    T  0.0    0 13.4 24 210   M    M   1        30 220
16  99  76  88   5   0  23 0.00  0.0    0  8.2 17 310   M    M   0 8      23 300
17 101  69  85   3   0  20 0.00  0.0    0  7.3 17 170   M    M   0        22 110
18 101  70  86   4   0  21 0.00  0.0    0 12.3 21 210   M    M   0        28 200
19  96  68  82   0   0  17 0.00  0.0    0 13.9 23 160   M    M   1        29 210
20 101  74  88   6   0  23 0.00  0.0    0 16.6 31 190   M    M   1        38 210
21 102  76  89   7   0  24 0.00  0.0    0 16.7 26 190   M    M   0        36 200
22 103  74  89   7   0  24 0.00  0.0    0 15.5 26 190   M    M   0 8      33 210
23 103  69  86   5   0  21 0.00  0.0    0 14.5 31 210   M    M   0        38 210
24 103  74  89   8   0  24 0.00  0.0    0 15.4 26 200   M    M   0        33 220
25 103  78  91  10   0  26 0.00  0.0    0 12.3 20 270   M    M   0        24 190
26 102  76  89   8   0  24 0.00  0.0    0 12.3 20 120   M    M   1        27 310
27  99  74  87   7   0  22 0.00  0.0    0 11.2 18 160   M    M   1        26 150
28  93  67  80   0   0  15 0.48  0.0    0 12.0 32 270   M    M   4 13     39 270
29  86  66  76  -4   0  11 0.00  0.0    0  9.7 21 210   M    M   3        26 220
30  96  68  82   2   0  17 0.00  0.0    0  6.8 13 170   M    M   0 1      16 170
================================================================================
SM 2919 2093         0 562  0.49     0.0 324.2          M       23
================================================================================
AV 97.3 69.8                              10.8 FASTST   M    M   1    MAX(MPH)
                                 MISC ---->  # 32 270               # 39  270
================================================================================
NOTES:
# LAST OF SEVERAL OCCURRENCES

COLUMN 17 PEAK WIND IN M.P.H.

PRELIMINARY LOCAL CLIMATOLOGICAL DATA (WS FORM: F-6) , PAGE 2

                                          STATION:  HOBART
                                          MONTH:    AUGUST
                                          YEAR:     2014
                                          LATITUDE:   35  0 N
                                          LONGITUDE:  99  3 W

[TEMPERATURE DATA]      [PRECIPITATION DATA]       SYMBOLS USED IN COLUMN 16

AVERAGE MONTHLY: 83.5   TOTAL FOR MONTH:   0.49    1 = FOG OR MIST
DPTR FM NORMAL:   1.2   DPTR FM NORMAL:   -2.20    2 = FOG REDUCING VISIBILITY
HIGHEST:   103 ON 25,24 GRTST 24HR  0.48 ON 28-28      TO 1/4 MILE OR LESS
LOWEST:     60 ON 12                               3 = THUNDER
                        SNOW, ICE PELLETS, HAIL    4 = ICE PELLETS
                        TOTAL MONTH:   0.0 INCH    5 = HAIL
                        GRTST 24HR     0.0         6 = FREEZING RAIN OR DRIZZLE
                        GRTST DEPTH:   0           7 = DUSTSTORM OR SANDSTORM:
                                                       VSBY 1/2 MILE OR LESS
                                                   8 = SMOKE OR HAZE
[NO. OF DAYS WITH]      [WEATHER - DAYS WITH]      9 = BLOWING SNOW
                                                   X = TORNADO
MAX 32 OR BELOW:   0    0.01 INCH OR MORE:   2
MAX 90 OR ABOVE:  28    0.10 INCH OR MORE:   1
MIN 32 OR BELOW:   0    0.50 INCH OR MORE:   0
MIN  0 OR BELOW:   0    1.00 INCH OR MORE:   0

[HDD (BASE 65) ]
TOTAL THIS MO.     0    CLEAR  (SCALE 0-3)  29
DPTR FM NORMAL     0    PTCLDY (SCALE 4-7)   1
TOTAL FM JUL 1     1    CLOUDY (SCALE 8-10)  0
DPTR FM NORMAL     1

[CDD (BASE 65) ]
TOTAL THIS MO.   562
DPTR FM NORMAL    41    [PRESSURE DATA]
TOTAL FM JAN 1  1760    HIGHEST SLP M ON M
DPTR FM NORMAL    54    LOWEST  SLP 28.62 ON 14

[REMARKS]
