000
CXUS53 KGID 170730
CF6HDE
PRELIMINARY LOCAL CLIMATOLOGICAL DATA (WS FORM: F-6)

                                          STATION:   HOLDREGE
                                          MONTH:     APRIL
                                          YEAR:      2014
                                          LATITUDE:   40 27 N
                                          LONGITUDE:  99 20 W

  TEMPERATURE IN F:       :PCPN:    SNOW:  WIND      :SUNSHINE: SKY     :PK WND
================================================================================
1   2   3   4   5  6A  6B    7    8   9   10  11  12  13   14  15   16   17  18
                                     12Z  AVG MX 2MIN
DY MAX MIN AVG DEP HDD CDD  WTR  SNW DPTH SPD SPD DIR MIN PSBL S-S WX    SPD DR
================================================================================

 1  47  22  35  -9  30   0 0.00    M    M  9.1 14  80   M    M   3        18 100
 2  42  29  36  -8  29   0 0.00    M    M 14.2 17  50   M    M   9 1      24 100
 3  37  33  35 -10  30   0    M    M    M 15.3 24 360   M    M  10 1      29  10
 4  51  28  40  -5  25   0 0.00    M    M  8.6 17 340   M    M   3        24 340
 5  66  32  49   3  16   0 0.00    M    M 15.3 30 200   M    M   1        38 200
 6  65  40  53   7  12   0 0.19    M    M 11.1 18  30   M    M   2 3      23 210
 7  55  37  46   0  19   0 0.17    M    M 14.5 24 350   M    M   4        32 360
 8  60  35  48   1  17   0 0.00    M    M  8.3 14 350   M    M   3        21 350
 9  85  39  62  15   3   0 0.00    M    M 10.5 20 270   M    M   0        29 270
10  65  45  55   8  10   0    T    M    M 10.7 24  20   M    M   1        31  20
11  76  42  59  11   6   0 0.00    M    M 11.2 21 200   M    M   0        25 200
12  76  53  65  17   0   0 0.00    M    M 10.7 18  20   M    M   0        22 190
13  58  30  44  -4  21   0    M    M    M 25.7 39  10   M    M   8 3      48  10
14  44  27  36 -13  29   0 0.00    M    M 12.9 24 350   M    M   4        30 350
15  64  24  44  -5  21   0 0.00    M    M 11.8 25 200   M    M   0        31 190
16  57  33  45  -5  20   0 0.00    M    M 17.5 24 310   M    M   2        36 310
================================================================================
SM  948  549       288   0  0.36    M    207.4          M       50
================================================================================
AV 59.2 34.3                              13.0 FASTST   M    M   3    MAX(MPH)
                                 MISC ---->    39   M                 48    M
================================================================================
NOTES:
# LAST OF SEVERAL OCCURRENCES

COLUMN 17 PEAK WIND IN M.P.H.

PRELIMINARY LOCAL CLIMATOLOGICAL DATA (WS FORM: F-6) , PAGE 2

                                          STATION:  HOLDREGE
                                          MONTH:    APRIL
                                          YEAR:     2014
                                          LATITUDE:   40 27 N
                                          LONGITUDE:  99 20 W

[TEMPERATURE DATA]      [PRECIPITATION DATA]       SYMBOLS USED IN COLUMN 16

AVERAGE MONTHLY: 46.8   TOTAL FOR MONTH:   0.36    1 = FOG OR MIST
DPTR FM NORMAL:  -0.0   DPTR FM NORMAL:   -0.66    2 = FOG REDUCING VISIBILITY
HIGHEST:    85 ON  9    GRTST 24HR  0.19 ON  6- 6      TO 1/4 MILE OR LESS
LOWEST:     22 ON  1                               3 = THUNDER
                        SNOW, ICE PELLETS, HAIL    4 = ICE PELLETS
                        TOTAL MONTH:    M          5 = HAIL
                        GRTST 24HR    M  ON   M    6 = FREEZING RAIN OR DRIZZLE
                        GRTST DEPTH:  M  ON   M    7 = DUSTSTORM OR SANDSTORM:
                                                       VSBY 1/2 MILE OR LESS
                                                   8 = SMOKE OR HAZE
[NO. OF DAYS WITH]      [WEATHER - DAYS WITH]      9 = BLOWING SNOW
                                                   X = TORNADO
MAX 32 OR BELOW:   0    0.01 INCH OR MORE:   2
MAX 90 OR ABOVE:   0    0.10 INCH OR MORE:   2
MIN 32 OR BELOW:   7    0.50 INCH OR MORE:   0
MIN  0 OR BELOW:   0    1.00 INCH OR MORE:   0

[HDD (BASE 65) ]
TOTAL THIS MO.   288    CLEAR  (SCALE 0-3)  11
DPTR FM NORMAL    -4    PTCLDY (SCALE 4-7)   2
TOTAL FM JUL 1  5894    CLOUDY (SCALE 8-10)  3
DPTR FM NORMAL    42

[CDD (BASE 65) ]
TOTAL THIS MO.     0
DPTR FM NORMAL     0    [PRESSURE DATA]
TOTAL FM JAN 1     0    HIGHEST SLP M ON M
DPTR FM NORMAL     0    LOWEST  SLP M ON M

[REMARKS]
