000
CXUS54 KJAN 011200
CF6HEZ
PRELIMINARY LOCAL CLIMATOLOGICAL DATA (WS FORM: F-6)

                                          STATION:   NATCHEZ
                                          MONTH:     JANUARY
                                          YEAR:      2015
                                          LATITUDE:   31 37 N
                                          LONGITUDE:  91 15 W

  TEMPERATURE IN F:       :PCPN:    SNOW:  WIND      :SUNSHINE: SKY     :PK WND
================================================================================
1   2   3   4   5  6A  6B    7    8   9   10  11  12  13   14  15   16   17  18
                                     12Z  AVG MX 2MIN
DY MAX MIN AVG DEP HDD CDD  WTR  SNW DPTH SPD SPD DIR MIN PSBL S-S WX    SPD DR
================================================================================

 1  46  36  41   M  24   0 0.29    M    0  5.7 10  60   M    M   9        16 100
 2  64  45  55   M  10   0 0.02    M    0  5.1 10 160   M    M  10         M  M
 3  70  57  64   M   1   0 2.23  0.0    0  9.9 16 140   M    M  10 3      23 160
 4  57  36  47   M  18   0 0.00  0.0    0  7.7 15 360   M    M   6        22 360
 5  46  28  37   M  28   0 0.00  0.0    0  7.0 14 360   M    M   0        20 360
 6  61  25  43   M  22   0 0.00  0.0    0  1.9  7 340   M    M   0         M  M
 7  46  23  35   M  30   0 0.00  0.0    0 12.4 24 360   M    M   1        35 360
 8  37  16  27   M  38   0 0.00  0.0    0  5.5 13  30   M    M   1        20  20
 9  37  32  35   M  30   0 0.06    M    0  3.4 12  10   M    M   9         M  M
10  48  28  38   M  27   0 0.00  0.0    0  6.2 10  50   M    M   5        16  40
11  57  39  48   M  17   0 0.58    M    0  8.3 18 130   M    M   9        23 140
12  59  41  50   M  15   0 0.22    M    0  9.1 16 360   M    M  10        20 360
13  39  34  37   M  28   0 0.00  0.0    0  9.9 15  10   M    M  10        20  10
14  36  32  34   M  31   0 0.00  0.0    0  6.1 10  10   M    M  10         M  M
15  46  30  38   M  27   0 0.25  0.0    0  4.1  9 350   M    M   6         M  M
16  57  27  42   M  23   0 0.00  0.0    0  1.0  7 260   M    M   0         M  M
17  63  28  46   M  19   0 0.00  0.0    0  5.1 14 190   M    M   0        17 180
18  64  36  50   M  15   0 0.00  0.0    0  4.2 10 350   M    M   0         M  M
19  68  34  51   M  14   0 0.00  0.0    0  5.5 14 210   M    M   0        17 210
20  68  39  54   M  11   0 0.00  0.0    0  3.4  8 230   M    M   3         M  M
21  66  43  55   M  10   0 0.00  0.0    0  5.9 12  10   M    M   2        16  10
22  54  41  48   M  17   0 1.29    M    0 11.1 21  50   M    M  10        31  50
23  43  37  40   M  25   0 0.28    M    0 10.6 16 340   M    M  10        23 340
24  55  32  44   M  21   0 0.00  0.0    0  4.9 10 250   M    M   2        17 240
25  66  37  52   M  13   0 0.00  0.0    0 10.6 18 250   M    M   0        28 280
26  55  39  47   M  18   0 0.00  0.0    0  7.3 14 290   M    M   0        20 340
27  70  37  54   M  11   0 0.00  0.0    0  4.3 12 330   M    M   0        17 330
28  73  41  57   M   8   0 0.00  0.0    0  7.2 13 170   M    M   0         M  M
29  73  48  61   M   4   0 0.00  0.0    0  9.5 24 360   M    M   3        30 360
30  55  36  46   M  19   0 0.00  0.0    0  8.8 20  10   M    M   0        27  10
31  63  36  50   M  15   0 0.00  0.0    0  8.2 15 110   M    M   1        20 140
================================================================================
SM 1742 1093       589   0  5.22     0.0 209.9          M      127
================================================================================
AV 56.2 35.3                               6.8 FASTST   M    M   4    MAX(MPH)
                                 MISC ---->    24   M               # 35  360
================================================================================
NOTES:
# LAST OF SEVERAL OCCURRENCES

COLUMN 17 PEAK WIND IN M.P.H.

PRELIMINARY LOCAL CLIMATOLOGICAL DATA (WS FORM: F-6) , PAGE 2

                                          STATION:  NATCHEZ
                                          MONTH:    JANUARY
                                          YEAR:     2015
                                          LATITUDE:   31 37 N
                                          LONGITUDE:  91 15 W

[TEMPERATURE DATA]      [PRECIPITATION DATA]       SYMBOLS USED IN COLUMN 16

AVERAGE MONTHLY: 45.7   TOTAL FOR MONTH:   5.22    1 = FOG OR MIST
DPTR FM NORMAL:     M   DPTR FM NORMAL:       M    2 = FOG REDUCING VISIBILITY
HIGHEST:    73 ON 29,28 GRTST 24HR  2.23 ON  3- 3      TO 1/4 MILE OR LESS
LOWEST:     16 ON  8                               3 = THUNDER
                        SNOW, ICE PELLETS, HAIL    4 = ICE PELLETS
                        TOTAL MONTH:   0.0 INCH    5 = HAIL
                        GRTST 24HR     0.0         6 = FREEZING RAIN OR DRIZZLE
                        GRTST DEPTH:   0           7 = DUSTSTORM OR SANDSTORM:
                                                       VSBY 1/2 MILE OR LESS
                                                   8 = SMOKE OR HAZE
[NO. OF DAYS WITH]      [WEATHER - DAYS WITH]      9 = BLOWING SNOW
                                                   X = TORNADO
MAX 32 OR BELOW:   0    0.01 INCH OR MORE:   9
MAX 90 OR ABOVE:   0    0.10 INCH OR MORE:   7
MIN 32 OR BELOW:  11    0.50 INCH OR MORE:   3
MIN  0 OR BELOW:   0    1.00 INCH OR MORE:   2

[HDD (BASE 65) ]
TOTAL THIS MO.   589    CLEAR  (SCALE 0-3)  18
DPTR FM NORMAL     M    PTCLDY (SCALE 4-7)   3
TOTAL FM JUL 1  1470    CLOUDY (SCALE 8-10) 10
DPTR FM NORMAL     M

[CDD (BASE 65) ]
TOTAL THIS MO.     0
DPTR FM NORMAL     M    [PRESSURE DATA]
TOTAL FM JAN 1     0    HIGHEST SLP M ON M
DPTR FM NORMAL     M    LOWEST  SLP M ON M

[REMARKS]
#FINAL-01-15#
