000
CXUS51 KLWX 270620
CF6HGR
PRELIMINARY LOCAL CLIMATOLOGICAL DATA (WS FORM: F-6)

                                          STATION:   HAGERSTOWN MD
                                          MONTH:     JULY
                                          YEAR:      2017
                                          LATITUDE:   39 42 N
                                          LONGITUDE:  77 43 W

  TEMPERATURE IN F:       :PCPN:    SNOW:  WIND      :SUNSHINE: SKY     :PK WND
================================================================================
1   2   3   4   5  6A  6B    7    8   9   10  11  12  13   14  15   16   17  18
                                     12Z  AVG MX 2MIN
DY MAX MIN AVG DEP HDD CDD  WTR  SNW DPTH SPD SPD DIR MIN PSBL S-S WX    SPD DR
================================================================================

 1  89  74  82   7   0  17 0.65    M    M  8.7 29 220   M    M   4 138    38 250
 2  90  73  82   7   0  17 0.00    M    M  7.0 15 290   M    M   1        19 280
 3  88  69  79   4   0  14 0.00    M    M  4.8 13 300   M    M   1        15 280
 4  89  71  80   5   0  15 0.90    M    M  4.3 33 310   M    M   4 138    40 310
 5  81  70  76   1   0  11 0.11    M    M  4.5 13 200   M    M   8 138    17 180
 6  77  70  74  -1   0   9 0.95    M    M  4.5 10 130   M    M  10 1      12 130
 7  89  72  81   5   0  16 0.05    M    M  8.0 23 290   M    M   6 12     28 290
 8  86  67  77   1   0  12 0.18    M    M  8.2 32 320   M    M   4        42 320
 9  82  63  73  -3   0   8 0.00    M    M  4.1 13 290   M    M   0        17 290
10  88  63  76   0   0  11 0.00    M    M  4.6 14 180   M    M   4        19 180
11  90  71  81   5   0  16 0.04    M    M  5.5 16 300   M    M   2 13     25 220
12  90  72  81   5   0  16 0.02    M    M  6.2 14 220   M    M   3        21 230
13  90  73  82   6   0  17    T    M    M  6.3 15 230   M    M   2        21 230
14  90  74  82   6   0  17 0.01    M    M  5.0 15 270   M    M   5 13     20 270
15  86  69  78   2   0  13 0.06    M    M  7.7 17 310   M    M   4 1      22 310
16  86  63  75  -1   0  10 0.00    M    M  3.1  9 320   M    M   2        13 300
17  91  71  81   5   0  16 0.00    M    M  4.8 20 130   M    M   2 138    25 130
18  93  71  82   6   0  17    T    M    M  5.3 21 360   M    M   3 138    28 350
19  93  69  81   5   0  16 0.00    M    M  3.5 10 250   M    M   1        14 260
20  95  74  85   9   0  20 0.00    M    M  5.9 15 280   M    M   1 18     19 290
21  93  77  85  10   0  20    T    M    M  3.9 10 270   M    M   2 18     14 280
22  87  73  80   5   0  15 0.26    M    M  5.6 15 190   M    M   4 138    19 220
23  90  72  81   6   0  16 0.73    M    M  7.0 30 280   M    M   4 13     37 280
24  90  71  81   6   0  16    T    M    M  7.6 16 260   M    M   4 13     20 230
25  77  64  71  -4   0   6 0.00    M    M  7.0 16 330   M    M   6        20 310
26  82  61  72  -3   0   7 0.00    M    M  4.0 10 170   M    M   3        13 150
================================================================================
SM 2282 1817         0 368  3.96    M    147.1          M       90
================================================================================
AV 87.8 69.9                               5.7 FASTST   M    M   3    MAX(MPH)
                                 MISC ---->  # 33 310               # 42  320
================================================================================
NOTES:
# LAST OF SEVERAL OCCURRENCES

COLUMN 17 PEAK WIND IN M.P.H.

PRELIMINARY LOCAL CLIMATOLOGICAL DATA (WS FORM: F-6) , PAGE 2

                                          STATION:  HAGERSTOWN MD
                                          MONTH:    JULY
                                          YEAR:     2017
                                          LATITUDE:   39 42 N
                                          LONGITUDE:  77 43 W

[TEMPERATURE DATA]      [PRECIPITATION DATA]       SYMBOLS USED IN COLUMN 16

AVERAGE MONTHLY: 78.8   TOTAL FOR MONTH:   3.96    1 = FOG OR MIST
DPTR FM NORMAL:   3.3   DPTR FM NORMAL:    1.14    2 = FOG REDUCING VISIBILITY
HIGHEST:    95 ON 20    GRTST 24HR  0.95 ON  6- 6      TO 1/4 MILE OR LESS
LOWEST:     61 ON 26                               3 = THUNDER
                        SNOW, ICE PELLETS, HAIL    4 = ICE PELLETS
                        TOTAL MONTH:    M          5 = HAIL
                        GRTST 24HR    M  ON   M    6 = FREEZING RAIN OR DRIZZLE
                        GRTST DEPTH:  M  ON   M    7 = DUSTSTORM OR SANDSTORM:
                                                       VSBY 1/2 MILE OR LESS
                                                   8 = SMOKE OR HAZE
[NO. OF DAYS WITH]      [WEATHER - DAYS WITH]      9 = BLOWING SNOW
                                                   X = TORNADO
MAX 32 OR BELOW:   0    0.01 INCH OR MORE:  12
MAX 90 OR ABOVE:  12    0.10 INCH OR MORE:   7
MIN 32 OR BELOW:   0    0.50 INCH OR MORE:   4
MIN  0 OR BELOW:   0    1.00 INCH OR MORE:   0

[HDD (BASE 65) ]
TOTAL THIS MO.     0    CLEAR  (SCALE 0-3)  12
DPTR FM NORMAL     0    PTCLDY (SCALE 4-7)  12
TOTAL FM JUL 1     0    CLOUDY (SCALE 8-10)  2
DPTR FM NORMAL     0

[CDD (BASE 65) ]
TOTAL THIS MO.   368
DPTR FM NORMAL    96    [PRESSURE DATA]
TOTAL FM JAN 1   792    HIGHEST SLP M ON M
DPTR FM NORMAL   235    LOWEST  SLP 29.71 ON 24

[REMARKS]
