000
CXUS51 KLWX 280620
CF6HGR
PRELIMINARY LOCAL CLIMATOLOGICAL DATA (WS FORM: F-6)

                                          STATION:   HAGERSTOWN MD
                                          MONTH:     FEBRUARY
                                          YEAR:      2015
                                          LATITUDE:   39 42 N
                                          LONGITUDE:  77 43 W

  TEMPERATURE IN F:       :PCPN:    SNOW:  WIND      :SUNSHINE: SKY     :PK WND
================================================================================
1   2   3   4   5  6A  6B    7    8   9   10  11  12  13   14  15   16   17  18
                                     12Z  AVG MX 2MIN
DY MAX MIN AVG DEP HDD CDD  WTR  SNW DPTH SPD SPD DIR MIN PSBL S-S WX    SPD DR
================================================================================

 1  39  20  30  -2  35   0 0.04    M    M  4.9 14 150   M    M   9 16     18 160
 2  44  19  32   0  33   0 0.05    M    M 15.2 37 280   M    M   6 168    45 310
 3  32  16  24  -8  41   0 0.00    M    M  8.2 22 300   M    M   M        26 300
 4  47  19  33   1  32   0 0.00    M    M  3.8 12 160   M    M   4        15 210
 5  45  13  29  -3  36   0 0.00    M    M 15.8 29 320   M    M   4        37 320
 6  39  12  26  -6  39   0 0.00    M    M  8.1 18 270   M    M   3        25 290
 7  46  28  37   5  28   0 0.00    M    M  6.0 15 170   M    M   4        21 160
 8  41  30  36   4  29   0 0.00    M    M  4.3 13 330   M    M   2 8      17 340
 9  38  31  35   2  30   0 0.02    M    M  6.6 14 330   M    M  10 18     16 330
10  40  27  34   1  31   0 0.00    M    M 10.1 16 340   M    M   6        23  20
11  41  21  31  -2  34   0 0.00    M    M  2.9  8 240   M    M   3 18     11 240
12  39  12  26  -7  39   0    T    M    M 15.2 36 300   M    M   7 8      43 300
13  26   9  18 -15  47   0 0.00    M    M 11.1 26 300   M    M   0 8      34 300
14  35  10  23 -10  42   0 0.02    M    M 13.4 37 320   M    M   9 189    50 300
15  16   4  10 -24  55   0 0.00    M    M 21.8 39 310   M    M   1        53 320
16  15   1   8 -26  57   0 0.07    M    M  5.8 18 300   M    M   4 18     22 320
17  30   9  20 -14  45   0 0.02    M    M  4.7 14 310   M    M   5 18     16 310
18  30  10  20 -14  45   0    T    M    M  9.5 31 290   M    M   3 18     38 290
19  16   3  10 -24  55   0    T    M    M 18.4 29 300   M    M   5        35 300
20  19   1  10 -24  55   0 0.00    M    M  9.6 21 290   M    M   1        26 310
21  28  14  21 -14  44   0 0.16    M    M 12.2 24 170   M    M   8 18     29 170
22  46  26  36   1  29   0    T    M    M  5.8 16 330   M    M   7 18     21 310
23  35   8  22 -13  43   0 0.00    M    M 13.1 25 330   M    M   5        32 330
24  26   4  15 -20  50   0 0.00    M    M  7.6 20 160   M    M   0        25 160
25  40  18  29  -7  36   0 0.00    M    M  5.4 20 270   M    M   2        24 280
26  34  25  30  -6  35   0    T    M    M  6.3 15 350   M    M   8 8      18 350
27  30  17  24 -12  41   0 0.00    M    M 10.6 20 310   M    M   2 18     23 310
================================================================================
SM  917  407      1086   0  0.38    M    256.4          M      118
================================================================================
AV 34.0 15.1                               9.5 FASTST   M    M   5    MAX(MPH)
                                 MISC ---->  # 39 310               # 53  320
================================================================================
NOTES:
# LAST OF SEVERAL OCCURRENCES

COLUMN 17 PEAK WIND IN M.P.H.

PRELIMINARY LOCAL CLIMATOLOGICAL DATA (WS FORM: F-6) , PAGE 2

                                          STATION:  HAGERSTOWN MD
                                          MONTH:    FEBRUARY
                                          YEAR:     2015
                                          LATITUDE:   39 42 N
                                          LONGITUDE:  77 43 W

[TEMPERATURE DATA]      [PRECIPITATION DATA]       SYMBOLS USED IN COLUMN 16

AVERAGE MONTHLY: 24.5   TOTAL FOR MONTH:   0.38    1 = FOG OR MIST
DPTR FM NORMAL:  -9.0   DPTR FM NORMAL:   -2.08    2 = FOG REDUCING VISIBILITY
HIGHEST:    47 ON  4    GRTST 24HR  0.16 ON 20-21      TO 1/4 MILE OR LESS
LOWEST:      1 ON 20,16                            3 = THUNDER
                        SNOW, ICE PELLETS, HAIL    4 = ICE PELLETS
                        TOTAL MONTH:    M          5 = HAIL
                        GRTST 24HR    M  ON   M    6 = FREEZING RAIN OR DRIZZLE
                        GRTST DEPTH:  M  ON   M    7 = DUSTSTORM OR SANDSTORM:
                                                       VSBY 1/2 MILE OR LESS
                                                   8 = SMOKE OR HAZE
[NO. OF DAYS WITH]      [WEATHER - DAYS WITH]      9 = BLOWING SNOW
                                                   X = TORNADO
MAX 32 OR BELOW:  11    0.01 INCH OR MORE:   7
MAX 90 OR ABOVE:   0    0.10 INCH OR MORE:   1
MIN 32 OR BELOW:  27    0.50 INCH OR MORE:   0
MIN  0 OR BELOW:   0    1.00 INCH OR MORE:   0

[HDD (BASE 65) ]
TOTAL THIS MO.  1086    CLEAR  (SCALE 0-3)   8
DPTR FM NORMAL   235    PTCLDY (SCALE 4-7)  15
TOTAL FM JUL 1  3962    CLOUDY (SCALE 8-10)  3
DPTR FM NORMAL    87

[CDD (BASE 65) ]
TOTAL THIS MO.     0
DPTR FM NORMAL     0    [PRESSURE DATA]
TOTAL FM JAN 1     0    HIGHEST SLP M ON M
DPTR FM NORMAL     0    LOWEST  SLP 29.42 ON  2

[REMARKS]
