000
CXUS53 KGID 240730
CF6HJH
PRELIMINARY LOCAL CLIMATOLOGICAL DATA (WS FORM: F-6)

                                          STATION:   HEBRON
                                          MONTH:     JANUARY
                                          YEAR:      2018
                                          LATITUDE:   40  9 N
                                          LONGITUDE:  97 35 W

  TEMPERATURE IN F:       :PCPN:    SNOW:  WIND      :SUNSHINE: SKY     :PK WND
================================================================================
1   2   3   4   5  6A  6B    7    8   9   10  11  12  13   14  15   16   17  18
                                     12Z  AVG MX 2MIN
DY MAX MIN AVG DEP HDD CDD  WTR  SNW DPTH SPD SPD DIR MIN PSBL S-S WX    SPD DR
================================================================================

 1   5 -15  -5 -31  70   0 0.00    M    M  0.1  4  80   M    M   2         M  M
 2  25 -10   8 -18  57   0 0.00    M    M  6.1 13 240   M    M   1        18 240
 3  27   8  18  -8  47   0 0.00    M    M  7.2 14 360   M    M   6        24 360
 4  37   2  20  -6  45   0 0.00    M    M  2.5  9 210   M    M   1         M  M
 5  20   8  14 -12  51   0 0.00    M    M  5.8 12  60   M    M   0         M  M
 6  29   4  17  -9  48   0 0.00    M    M  5.2 12 140   M    M   1         M  M
 7  43  24  34   8  31   0 0.00    M    M  3.0 10 320   M    M   5         M  M
 8  53  22  38  12  27   0 0.00    M    M  4.7 10 190   M    M   0         M  M
 9  56  37  47  21  18   0 0.00    M    M  9.5 18 180   M    M   0        24 180
10  60  34  47  21  18   0    T    M    M  9.7 21 350   M    M   5 18     29 350
11  37   8  23  -3  42   0    M    M    M 19.4 28 350   M    M   5        43 350
12  15   3   9 -17  56   0 0.00    M    M  9.2 14  50   M    M   5        17  50
13  18  10  14 -12  51   0    M    M    M  5.2  9 160   M    M  10         M  M
14  39  16  28   3  37   0    M    M    M  6.6 15 360   M    M   9        20 360
15  33  -1  16  -9  49   0    T    M    M 13.8 20 330   M    M   5        29 330
16  15  -6   5 -20  60   0    T    M    M  5.7 12 360   M    M   2         M  M
17  32  -5  14 -11  51   0 0.00    M    M  6.5 10 210   M    M   0        16 210
18  41  10  26   1  39   0 0.00    M    M  6.5 10 200   M    M   0         M  M
19  51  28  40  15  25   0 0.00    M    M  6.7 13 210   M    M   0        21 210
20  46  20  33   8  32   0 0.00    M    M  2.0  6  80   M    M   6 12      M  M
21  41  35  38  13  27   0    T    M    M 10.0 17  50   M    M  10 12     17  50
22  37  25  31   5  34   0    M    M    M 17.9 28 340   M    M   9 1      40 340
23  38  14  26   0  39   0 0.00    M    M  6.2 16 330   M    M   4        22 320
================================================================================
SM  798  271       954   0    T     M    169.5          M       86
================================================================================
AV 34.7 11.8                               7.4 FASTST   M    M   4    MAX(MPH)
                                 MISC ---->  # 28 350               # 43  350
================================================================================
NOTES:
# LAST OF SEVERAL OCCURRENCES

COLUMN 17 PEAK WIND IN M.P.H.

PRELIMINARY LOCAL CLIMATOLOGICAL DATA (WS FORM: F-6) , PAGE 2

                                          STATION:  HEBRON
                                          MONTH:    JANUARY
                                          YEAR:     2018
                                          LATITUDE:   40  9 N
                                          LONGITUDE:  97 35 W

[TEMPERATURE DATA]      [PRECIPITATION DATA]       SYMBOLS USED IN COLUMN 16

AVERAGE MONTHLY: 23.2   TOTAL FOR MONTH:      T    1 = FOG OR MIST
DPTR FM NORMAL:  -2.4   DPTR FM NORMAL:   -0.50    2 = FOG REDUCING VISIBILITY
HIGHEST:    60 ON 10    GRTST 24HR    T  ON 21-21      TO 1/4 MILE OR LESS
LOWEST:    -15 ON  1                               3 = THUNDER
                        SNOW, ICE PELLETS, HAIL    4 = ICE PELLETS
                        TOTAL MONTH:    M          5 = HAIL
                        GRTST 24HR    M  ON   M    6 = FREEZING RAIN OR DRIZZLE
                        GRTST DEPTH:  M  ON   M    7 = DUSTSTORM OR SANDSTORM:
                                                       VSBY 1/2 MILE OR LESS
                                                   8 = SMOKE OR HAZE
[NO. OF DAYS WITH]      [WEATHER - DAYS WITH]      9 = BLOWING SNOW
                                                   X = TORNADO
MAX 32 OR BELOW:   9    0.01 INCH OR MORE:   0
MAX 90 OR ABOVE:   0    0.10 INCH OR MORE:   0
MIN 32 OR BELOW:  20    0.50 INCH OR MORE:   0
MIN  0 OR BELOW:   5    1.00 INCH OR MORE:   0

[HDD (BASE 65) ]
TOTAL THIS MO.   954    CLEAR  (SCALE 0-3)  11
DPTR FM NORMAL    45    PTCLDY (SCALE 4-7)   8
TOTAL FM JUL 1  3058    CLOUDY (SCALE 8-10)  4
DPTR FM NORMAL  -249

[CDD (BASE 65) ]
TOTAL THIS MO.     0
DPTR FM NORMAL     0    [PRESSURE DATA]
TOTAL FM JAN 1     0    HIGHEST SLP M ON M
DPTR FM NORMAL     0    LOWEST  SLP M ON M

[REMARKS]
