000
CXUS52 KGSP 300817
CF6HKY
PRELIMINARY LOCAL CLIMATOLOGICAL DATA (WS FORM: F-6)

                                          STATION:   HICKORY NC
                                          MONTH:     AUGUST
                                          YEAR:      2014
                                          LATITUDE:   35 45 N
                                          LONGITUDE:  81 23 W

  TEMPERATURE IN F:       :PCPN:    SNOW:  WIND      :SUNSHINE: SKY     :PK WND
================================================================================
1   2   3   4   5  6A  6B    7    8   9   10  11  12  13   14  15   16   17  18
                                     12Z  AVG MX 2MIN
DY MAX MIN AVG DEP HDD CDD  WTR  SNW DPTH SPD SPD DIR MIN PSBL S-S WX    SPD DR
================================================================================

 1  66  62  64 -13   1   0 0.97    M    M  6.8 16  30   M    M  10 1      23  10
 2  75  64  70  -7   0   5 0.00    M    M  3.3  8  70   M    M   9 1       M  M
 3  87  63  75  -2   0  10 0.00    M    M  1.2  8  20   M    M   5 12     12  20
 4  86  65  76  -1   0  11    T    M    M  2.5 13 310   M    M   6 1      15 310
 5  85  69  77   0   0  12    T    M    M  1.4  9  20   M    M   3 13     13  10
 6  87  65  76  -1   0  11    T    M    M  4.6 12 230   M    M   4        16 250
 7  87  67  77   0   0  12 0.00    M    M  2.7  8  80   M    M   2 1      11  70
 8  77  66  72  -5   0   7 0.07    M    M  1.4  7 180   M    M   7 18     12 210
 9  81  64  73  -4   0   8 0.13    M    M  4.7 14  50   M    M  10 18     20  50
10  69  64  67 -10   0   2 1.21    M    M  4.0 10  50   M    M  10 1      13  50
11  82  67  75  -2   0  10 0.71    M    M  3.2 14  60   M    M  10 1      17  50
12  85  70  78   1   0  13 0.99    M    M  2.9  7 200   M    M   7 123     M  M
13  81  62  72  -5   0   7 0.00    M    M  4.8 13 200   M    M   2 1      20 300
14  81  56  69  -8   0   4 0.00    M    M  3.6 12 210   M    M   1        14 230
15  83  62  73  -4   0   8 0.00    M    M  3.9  8 290   M    M   1        12 310
16  85  65  75  -2   0  10 0.00    M    M  3.2 10 240   M    M   2 1      14 220
17  87  67  77   0   0  12 0.00    M    M  1.6 10 300   M    M   0        13 310
18  90  71  81   5   0  16    T    M    M  3.8 16 240   M    M   4 18     19 270
19  89  68  79   3   0  14 1.37    M    M  2.9 16 360   M    M   3 13     22  70
20  87  69  78   2   0  13 0.00    M    M  4.3 13 320   M    M   1        18 320
21  91  67  79   3   0  14 0.00    M    M  3.2  8  20   M    M   1 3      11 360
22  92  72  82   6   0  17    T    M    M  3.3 13 310   M    M   3        19 320
23  91  72  82   6   0  17 0.36    M    M  3.2 13  60   M    M   3 13     17  70
24  76  70  73  -3   0   8 0.01    M    M  6.8 13  60   M    M  10 1      20  50
25  80  62  71  -5   0   6 0.00    M    M  5.3 13  50   M    M   4        18  50
26  81  59  70  -6   0   5 0.00    M    M  3.2 12  50   M    M   1        15  50
27  86  59  73  -2   0   8 0.00    M    M  2.3  9 360   M    M   0        12  10
28  91  64  78   3   0  13 0.00    M    M  2.6  9 200   M    M   1        12 240
29  86  70  78   3   0  13 0.00    M    M  4.7 13  60   M    M   3 1      18  50
================================================================================
SM 2424 1901         1 286  5.82    M    101.4          M      123
================================================================================
AV 83.6 65.6                               3.5 FASTST   M    M   4    MAX(MPH)
                                 MISC ---->  # 16  30               # 23   10
================================================================================
NOTES:
# LAST OF SEVERAL OCCURRENCES

COLUMN 17 PEAK WIND IN M.P.H.

PRELIMINARY LOCAL CLIMATOLOGICAL DATA (WS FORM: F-6) , PAGE 2

                                          STATION:  HICKORY NC
                                          MONTH:    AUGUST
                                          YEAR:     2014
                                          LATITUDE:   35 45 N
                                          LONGITUDE:  81 23 W

[TEMPERATURE DATA]      [PRECIPITATION DATA]       SYMBOLS USED IN COLUMN 16

AVERAGE MONTHLY: 74.6   TOTAL FOR MONTH:   5.82    1 = FOG OR MIST
DPTR FM NORMAL:  -1.9   DPTR FM NORMAL:    1.97    2 = FOG REDUCING VISIBILITY
HIGHEST:    92 ON 22    GRTST 24HR  1.49 ON 10-11      TO 1/4 MILE OR LESS
LOWEST:     56 ON 14                               3 = THUNDER
                        SNOW, ICE PELLETS, HAIL    4 = ICE PELLETS
                        TOTAL MONTH:    M          5 = HAIL
                        GRTST 24HR    M  ON   M    6 = FREEZING RAIN OR DRIZZLE
                        GRTST DEPTH:  M  ON   M    7 = DUSTSTORM OR SANDSTORM:
                                                       VSBY 1/2 MILE OR LESS
                                                   8 = SMOKE OR HAZE
[NO. OF DAYS WITH]      [WEATHER - DAYS WITH]      9 = BLOWING SNOW
                                                   X = TORNADO
MAX 32 OR BELOW:   0    0.01 INCH OR MORE:   9
MAX 90 OR ABOVE:   5    0.10 INCH OR MORE:   7
MIN 32 OR BELOW:   0    0.50 INCH OR MORE:   5
MIN  0 OR BELOW:   0    1.00 INCH OR MORE:   2

[HDD (BASE 65) ]
TOTAL THIS MO.     1    CLEAR  (SCALE 0-3)  15
DPTR FM NORMAL     1    PTCLDY (SCALE 4-7)   8
TOTAL FM JUL 1     1    CLOUDY (SCALE 8-10)  6
DPTR FM NORMAL     1

[CDD (BASE 65) ]
TOTAL THIS MO.   286
DPTR FM NORMAL   -48    [PRESSURE DATA]
TOTAL FM JAN 1  1130    HIGHEST SLP M ON M
DPTR FM NORMAL   -14    LOWEST  SLP 29.76 ON 12

[REMARKS]
