000
CXUS51 KPBZ 290804
CF6HLG
PRELIMINARY LOCAL CLIMATOLOGICAL DATA (WS FORM: F-6)

                                          STATION:   WHEELING
                                          MONTH:     JULY
                                          YEAR:      2016
                                          LATITUDE:   40 10 N
                                          LONGITUDE:  80 39 W

  TEMPERATURE IN F:       :PCPN:    SNOW:  WIND      :SUNSHINE: SKY     :PK WND
================================================================================
1   2   3   4   5  6A  6B    7    8   9   10  11  12  13   14  15   16   17  18
                                     12Z  AVG MX 2MIN
DY MAX MIN AVG DEP HDD CDD  WTR  SNW DPTH SPD SPD DIR MIN PSBL S-S WX    SPD DR
================================================================================

 1  80  59  70  -2   0   5 0.04    M    M  8.2 21 330   M    M   3 3      31 340
 2  73  53  63  -9   2   0 0.00    M    M  3.5 10  20   M    M   1 12     14  10
 3  74  55  65  -7   0   0 0.00    M    M  3.8  9 210   M    M   2        12  30
 4  71  59  65  -7   0   0 0.19    M    M  4.9 10  70   M    M   9 1      13  80
 5  83  70  77   5   0  12 0.30    M    M  5.0 12 220   M    M   8 1      14 220
 6  87  68  78   6   0  13 0.72    M    M  7.3 26 260   M    M   3 13     45 250
 7  84  68  76   4   0  11 0.10    M    M  7.1 16  30   M    M   7 138    25  20
 8  84  71  78   6   0  13    T    M    M  9.1 16 240   M    M   7 1      21 210
 9  81  66  74   2   0   9 0.00    M    M  9.1 18 280   M    M   8        25 250
10  83  61  72   0   0   7 0.00    M    M  4.0 14 350   M    M   2        17 340
11  86  60  73   1   0   8 0.00    M    M  3.4  8 100   M    M   1        14 230
12  90  61  76   4   0  11 0.00    M    M  5.9 17 200   M    M   1        23 190
13  90  73  82  10   0  17 0.00    M    M  8.2 15 200   M    M   6 3      19 190
14  89  70  80   8   0  15 0.19    M    M 10.1 21 200   M    M   4 3      30 280
15  86  69  78   6   0  13 0.25    M    M  8.4 18 250   M    M   6 1      25 230
16  84  66  75   3   0  10 0.00    M    M  4.5 13 300   M    M   4 18     17 250
17  87  63  75   3   0  10 0.00    M    M  6.1 16 230   M    M   1 128    21 220
18  88  73  81   9   0  16 0.01    M    M  7.8 17 250   M    M   2 3      24 250
19  89  68  79   7   0  14    T    M    M  5.6 16 310   M    M   1 18     22 340
20  86  61  74   2   0   9 0.00    M    M  3.5 10 310   M    M   0        17  10
21  91  59  75   3   0  10 0.00    M    M  4.9 13 220   M    M   1        18 220
22  90  72  81   9   0  16 0.00    M    M  7.2 16  90   M    M   1        21  90
23  96  71  84  12   0  19 0.01    M    M  5.3 17 360   M    M   4 3      22 360
24  94  70  82  10   0  17 0.00    M    M  6.4 25 220   M    M   2 3      33 250
25  95  73  84  12   0  19 0.00    M    M  7.4 18 230   M    M   2 8      26 230
26  92  71  82  10   0  17 0.00    M    M  3.5  9  30   M    M   1 18     14 330
27  93  69  81   9   0  16 0.04    M    M  4.0 10 250   M    M   6        14 270
28  75  68  72   0   0   7 0.42    M    M  4.1 16 200   M    M   5 1238   21 200
================================================================================
SM 2401 1847         2 314  2.27    M    168.3          M       98
================================================================================
AV 85.8 66.0                               6.0 FASTST   M    M   4    MAX(MPH)
                                 MISC ---->  # 26 260               # 45  250
================================================================================
NOTES:
# LAST OF SEVERAL OCCURRENCES

COLUMN 17 PEAK WIND IN M.P.H.

PRELIMINARY LOCAL CLIMATOLOGICAL DATA (WS FORM: F-6) , PAGE 2

                                          STATION:  WHEELING
                                          MONTH:    JULY
                                          YEAR:     2016
                                          LATITUDE:   40 10 N
                                          LONGITUDE:  80 39 W

[TEMPERATURE DATA]      [PRECIPITATION DATA]       SYMBOLS USED IN COLUMN 16

AVERAGE MONTHLY: 75.9   TOTAL FOR MONTH:   2.27    1 = FOG OR MIST
DPTR FM NORMAL:   3.9   DPTR FM NORMAL:   -1.41    2 = FOG REDUCING VISIBILITY
HIGHEST:    96 ON 23    GRTST 24HR  0.72 ON  6- 6      TO 1/4 MILE OR LESS
LOWEST:     53 ON  2                               3 = THUNDER
                        SNOW, ICE PELLETS, HAIL    4 = ICE PELLETS
                        TOTAL MONTH:    M          5 = HAIL
                        GRTST 24HR    M  ON   M    6 = FREEZING RAIN OR DRIZZLE
                        GRTST DEPTH:  M  ON   M    7 = DUSTSTORM OR SANDSTORM:
                                                       VSBY 1/2 MILE OR LESS
                                                   8 = SMOKE OR HAZE
[NO. OF DAYS WITH]      [WEATHER - DAYS WITH]      9 = BLOWING SNOW
                                                   X = TORNADO
MAX 32 OR BELOW:   0    0.01 INCH OR MORE:  11
MAX 90 OR ABOVE:   9    0.10 INCH OR MORE:   7
MIN 32 OR BELOW:   0    0.50 INCH OR MORE:   1
MIN  0 OR BELOW:   0    1.00 INCH OR MORE:   0

[HDD (BASE 65) ]
TOTAL THIS MO.     2    CLEAR  (SCALE 0-3)  15
DPTR FM NORMAL     2    PTCLDY (SCALE 4-7)  12
TOTAL FM JUL 1     2    CLOUDY (SCALE 8-10)  1
DPTR FM NORMAL     2

[CDD (BASE 65) ]
TOTAL THIS MO.   314
DPTR FM NORMAL   106    [PRESSURE DATA]
TOTAL FM JAN 1   585    HIGHEST SLP  0.00 ON 27
DPTR FM NORMAL   195    LOWEST  SLP  0.00 ON 27

[REMARKS]
