083
CXUS54 KMAF 261100
CF6HOB
PRELIMINARY LOCAL CLIMATOLOGICAL DATA (WS FORM: F-6)

                                          STATION:   Lea Airport, Hobbs
                                          MONTH:     JULY
                                          YEAR:      2016
                                          LATITUDE:   32 40 N
                                          LONGITUDE: 103-12 E

  TEMPERATURE IN F:       :PCPN:    SNOW:  WIND      :SUNSHINE: SKY     :PK WND
================================================================================
1   2   3   4   5  6A  6B    7    8   9   10  11  12  13   14  15   16   17  18
                                     12Z  AVG MX 2MIN
DY MAX MIN AVG DEP HDD CDD  WTR  SNW DPTH SPD SPD DIR MIN PSBL S-S WX    SPD DR
================================================================================

 1  93  66  80   M   0  15 0.00  0.0    0 11.4 20 120   M    M   2        29 120
 2  95  73  84   M   0  19 0.00  0.0    0 11.5 17 300   M    M   2        25 170
 3 100  68  84   M   0  19 0.00  0.0    0 10.2 21 300   M    M   1        27 300
 4 102  70  86   M   0  21 0.00  0.0    0  7.9 14  10   M    M   0        17  10
 5 106  72  89   M   0  24 0.00  0.0    0 11.3 31 120   M    M   0        44 120
 6 104  73  89   M   0  24 0.00  0.0    0 13.0 24 140   M    M   1        36 140
 7 104  75  90   M   0  25 0.00  0.0    0 13.0 22 240   M    M   1        36 240
 8  97  73  85   M   0  20 0.00  0.0    0  8.2 20 220   M    M   1 8      29 220
 9  97  68  83   M   0  18 0.00  0.0    0 10.0 15 120   M    M   1 8      21 140
10 102  73  88   M   0  23 0.00  0.0    0 13.4 22 140   M    M   0        30 140
11 104  75  90   M   0  25 0.00  0.0    0 14.0 24 150   M    M   0 8      31 150
12 104  75  90   M   0  25 0.00  0.0    0 12.7 22 170   M    M   0        28 170
13 106  75  91   M   0  26 0.00  0.0    M 14.7 22 170   M    M   1        30 170
14 106  75  91   M   0  26 0.00  0.0    0 14.6 21  80   M    M   1 3      36  80
15  95  70  83   M   0  18 0.00  0.0    0 10.6 21 110   M    M   1 3      35 110
16  97  68  83   M   0  18 0.00  0.0    0 12.5 17 130   M    M   0 8      23 150
17  99  72  86   M   0  21 0.00  0.0    0 12.6 18 150   M    M   0        25 130
18  95  70  83   M   0  18 0.00  0.0    0 11.7 17 120   M    M   0        24 130
19  93  66  80   M   0  15 0.00  0.0    0 10.3 17 120   M    M   1        27 120
20  95  72  84   M   0  19 0.00  0.0    0 12.4 17 140   M    M   0        24 150
21  97  68  83   M   0  18 0.00  0.0    0 10.1 16 140   M    M   0        22 140
22  97  68  83   M   0  18 0.00  0.0    0  9.4 16 140   M    M   0        24 140
23  97  70  84   M   0  19 0.00  0.0    0 10.5 18 130   M    M   0 8      23 130
24  99  70  85   M   0  20 0.00  0.0    0  9.9 16  90   M    M   0        25 120
25  97  73  85   M   0  20 0.00  0.0    0  7.6 16 110   M    M   2        22  70
================================================================================
SM 2481 1778         0 514  0.00     0.0 283.5          M       15
================================================================================
AV 99.2 71.1                              11.3 FASTST   M    M   1    MAX(MPH)
                                 MISC ---->    31   M                 44    M
================================================================================
NOTES:
# LAST OF SEVERAL OCCURRENCES

COLUMN 17 PEAK WIND IN M.P.H.

PRELIMINARY LOCAL CLIMATOLOGICAL DATA (WS FORM: F-6) , PAGE 2

                                          STATION:  Lea Airport, Hobbs
                                          MONTH:    JULY
                                          YEAR:     2016
                                          LATITUDE:   32 40 N
                                          LONGITUDE: 103-12 E

[TEMPERATURE DATA]      [PRECIPITATION DATA]       SYMBOLS USED IN COLUMN 16

AVERAGE MONTHLY: 85.2   TOTAL FOR MONTH:   0.00    1 = FOG OR MIST
DPTR FM NORMAL:     M   DPTR FM NORMAL:       M    2 = FOG REDUCING VISIBILITY
HIGHEST:   106 ON 14,13 GRTST 24HR  0.00 ON 25-25      TO 1/4 MILE OR LESS
LOWEST:     66 ON 19, 1                            3 = THUNDER
                        SNOW, ICE PELLETS, HAIL    4 = ICE PELLETS
                        TOTAL MONTH:   0.0 INCH    5 = HAIL
                        GRTST 24HR     0.0         6 = FREEZING RAIN OR DRIZZLE
                        GRTST DEPTH:   0           7 = DUSTSTORM OR SANDSTORM:
                                                       VSBY 1/2 MILE OR LESS
                                                   8 = SMOKE OR HAZE
[NO. OF DAYS WITH]      [WEATHER - DAYS WITH]      9 = BLOWING SNOW
                                                   X = TORNADO
MAX 32 OR BELOW:   0    0.01 INCH OR MORE:   0
MAX 90 OR ABOVE:  25    0.10 INCH OR MORE:   0
MIN 32 OR BELOW:   0    0.50 INCH OR MORE:   0
MIN  0 OR BELOW:   0    1.00 INCH OR MORE:   0

[HDD (BASE 65) ]
TOTAL THIS MO.     0    CLEAR  (SCALE 0-3)  25
DPTR FM NORMAL     M    PTCLDY (SCALE 4-7)   0
TOTAL FM JUL 1     0    CLOUDY (SCALE 8-10)  0
DPTR FM NORMAL     M

[CDD (BASE 65) ]
TOTAL THIS MO.   514
DPTR FM NORMAL     M    [PRESSURE DATA]
TOTAL FM JAN 1   962    HIGHEST SLP M ON M
DPTR FM NORMAL     M    LOWEST  SLP M ON M

[REMARKS]
