000
CXUS55 KSEW 270930
CF6HQM
PRELIMINARY LOCAL CLIMATOLOGICAL DATA (WS FORM: F-6)

                                          STATION:   HOQUIAM WA AIRPORT
                                          MONTH:     JULY
                                          YEAR:      2015
                                          LATITUDE:   46 58 N
                                          LONGITUDE: 123 56 W

  TEMPERATURE IN F:       :PCPN:    SNOW:  WIND      :SUNSHINE: SKY     :PK WND
================================================================================
1   2   3   4   5  6A  6B    7    8   9   10  11  12  13   14  15   16   17  18
                                     12Z  AVG MX 2MIN
DY MAX MIN AVG DEP HDD CDD  WTR  SNW DPTH SPD SPD DIR MIN PSBL S-S WX    SPD DR
================================================================================

 1  81  50  66   7   0   1 0.00  0.0    0  7.1 18 220   M    M   2 1      21 220
 2  73  56  65   6   0   0 0.00  0.0    0  8.8 21 230   M    M   1 1      23 240
 3  68  57  63   4   2   0 0.00  0.0    0  8.4 18 230   M    M   5 1      21 240
 4  71  55  63   4   2   0 0.00  0.0    0  7.2 16 230   M    M   4 1      17 230
 5  69  56  63   4   2   0 0.00  0.0    0  8.8 18 240   M    M   5 12     21 260
 6  67  58  63   4   2   0 0.00  0.0    0  9.2 18 230   M    M   8 1      22 230
 7  69  59  64   5   1   0 0.00  0.0    0  6.3 16 240   M    M   5        19 250
 8  68  56  62   3   3   0 0.00  0.0    0  8.9 17 240   M    M   5 1      22 230
 9  64  59  62   2   3   0    T  0.0    0  7.5 16 210   M    M  10 1      18 210
10  67  60  64   4   1   0 0.00  0.0    0  8.4 20 190   M    M   9 1      23 190
11  63  59  61   1   4   0 0.06  0.0    0  7.5 16 160   M    M  10 1      20 160
12  70  60  65   5   0   0 0.02  0.0    0  7.9 16 240   M    M   9 1      19 240
13  71  57  64   4   1   0 0.00  0.0    0  8.3 20 260   M    M   4 1      24 260
14  71  54  63   3   2   0 0.00  0.0    0  8.1 21 270   M    M   0 1      24 270
15  70  59  65   5   0   0 0.00  0.0    0 12.6 21 260   M    M   2 1      27 270
16  68  56  62   2   3   0 0.00  0.0    0 11.1 21 260   M    M   2 1      26 260
17  77  51  64   4   1   0 0.00  0.0    0  6.3 18 270   M    M   0 1      23 270
18  87  54  71  11   0   6 0.00  0.0    0  8.5 18 200   M    M   0 1      20 190
19  70  59  65   5   0   0 0.00  0.0    0  9.4 20 220   M    M   6 1      22 220
20  68  60  64   4   1   0 0.00  0.0    0 11.5 17 230   M    M   8 1      20 270
21  69  59  64   4   1   0 0.00  0.0    0 12.9 21 250   M    M   4 1      26 260
22  69  59  64   4   1   0 0.00  0.0    0 10.7 20 260   M    M   5        25 240
23  70  59  65   5   0   0 0.00  0.0    0  9.4 17 250   M    M   1 1      22 260
24  65  56  61   1   4   0 0.10  0.0    0  7.1 18 190   M    M   9 1      23 200
25  69  58  64   4   1   0 0.00  0.0    0  7.9 16 220   M    M   8 1      22 230
26  69  58  64   3   1   0 0.20  0.0    0  8.1 18 260   M    M   6 1      23 260
================================================================================
SM 1823 1484        36   7  0.38     0.0 227.9          M      128
================================================================================
AV 70.1 57.1                               8.8 FASTST   M    M   5    MAX(MPH)
                                 MISC ---->  # 21 230               # 27  270
================================================================================
NOTES:
# LAST OF SEVERAL OCCURRENCES

COLUMN 17 PEAK WIND IN M.P.H.

PRELIMINARY LOCAL CLIMATOLOGICAL DATA (WS FORM: F-6) , PAGE 2

                                          STATION:  HOQUIAM WA AIRPORT
                                          MONTH:    JULY
                                          YEAR:     2015
                                          LATITUDE:   46 58 N
                                          LONGITUDE: 123 56 W

[TEMPERATURE DATA]      [PRECIPITATION DATA]       SYMBOLS USED IN COLUMN 16

AVERAGE MONTHLY: 63.6   TOTAL FOR MONTH:   0.38    1 = FOG OR MIST
DPTR FM NORMAL:   3.9   DPTR FM NORMAL:   -0.63    2 = FOG REDUCING VISIBILITY
HIGHEST:    87 ON 18    GRTST 24HR  0.20 ON 26-26      TO 1/4 MILE OR LESS
LOWEST:     50 ON  1                               3 = THUNDER
                        SNOW, ICE PELLETS, HAIL    4 = ICE PELLETS
                        TOTAL MONTH:   0.0 INCH    5 = HAIL
                        GRTST 24HR     0.0         6 = FREEZING RAIN OR DRIZZLE
                        GRTST DEPTH:   0           7 = DUSTSTORM OR SANDSTORM:
                                                       VSBY 1/2 MILE OR LESS
                                                   8 = SMOKE OR HAZE
[NO. OF DAYS WITH]      [WEATHER - DAYS WITH]      9 = BLOWING SNOW
                                                   X = TORNADO
MAX 32 OR BELOW:   0    0.01 INCH OR MORE:   4
MAX 90 OR ABOVE:   0    0.10 INCH OR MORE:   2
MIN 32 OR BELOW:   0    0.50 INCH OR MORE:   0
MIN  0 OR BELOW:   0    1.00 INCH OR MORE:   0

[HDD (BASE 65) ]
TOTAL THIS MO.    36    CLEAR  (SCALE 0-3)   8
DPTR FM NORMAL  -101    PTCLDY (SCALE 4-7)  12
TOTAL FM JUL 1    36    CLOUDY (SCALE 8-10)  6
DPTR FM NORMAL  -101

[CDD (BASE 65) ]
TOTAL THIS MO.     7
DPTR FM NORMAL     7    [PRESSURE DATA]
TOTAL FM JAN 1    10    HIGHEST SLP M ON M
DPTR FM NORMAL     7    LOWEST  SLP 29.75 ON  9

[REMARKS]
